| Back to Multiple platform build/check report for BioC 3.17 |
|
This page was generated on 2023-02-08 10:55:38 -0500 (Wed, 08 Feb 2023).
| Hostname | OS | Arch (*) | R version | Installed pkgs |
|---|---|---|---|---|
| nebbiolo1 | Linux (Ubuntu 22.04.1 LTS) | x86_64 | R Under development (unstable) (2023-01-10 r83596) -- "Unsuffered Consequences" | 4484 |
| nebbiolo2 | Linux (Ubuntu 20.04.5 LTS) | x86_64 | R Under development (unstable) (2022-12-12 r83438) -- "Unsuffered Consequences" | 4253 |
| Click on any hostname to see more info about the system (e.g. compilers) (*) as reported by 'uname -p', except on Windows and Mac OS X | ||||
|
To the developers/maintainers of the ensemblVEP package: - Please allow up to 24 hours (and sometimes 48 hours) for your latest push to git@git.bioconductor.org:packages/ensemblVEP.git to reflect on this report. See How and When does the builder pull? When will my changes propagate? for more information. - Make sure to use the following settings in order to reproduce any error or warning you see on this page. |
| Package 606/2164 | Hostname | OS / Arch | INSTALL | BUILD | CHECK | BUILD BIN | ||||||||
| ensemblVEP 1.41.1 (landing page) Bioconductor Package Maintainer
| nebbiolo1 | Linux (Ubuntu 22.04.1 LTS) / x86_64 | OK | OK | OK | |||||||||
| nebbiolo2 | Linux (Ubuntu 20.04.5 LTS) / x86_64 | OK | OK | ERROR | ||||||||||
| Package: ensemblVEP |
| Version: 1.41.1 |
| Command: /home/biocbuild/bbs-3.17-bioc/R/bin/R CMD check --install=check:ensemblVEP.install-out.txt --library=/home/biocbuild/bbs-3.17-bioc/R/library --timings ensemblVEP_1.41.1.tar.gz |
| StartedAt: 2023-02-08 05:20:20 -0500 (Wed, 08 Feb 2023) |
| EndedAt: 2023-02-08 05:24:37 -0500 (Wed, 08 Feb 2023) |
| EllapsedTime: 256.9 seconds |
| RetCode: 1 |
| Status: ERROR |
| CheckDir: ensemblVEP.Rcheck |
| Warnings: NA |
##############################################################################
##############################################################################
###
### Running command:
###
### /home/biocbuild/bbs-3.17-bioc/R/bin/R CMD check --install=check:ensemblVEP.install-out.txt --library=/home/biocbuild/bbs-3.17-bioc/R/library --timings ensemblVEP_1.41.1.tar.gz
###
##############################################################################
##############################################################################
* using log directory ‘/home/biocbuild/bbs-3.17-bioc/meat/ensemblVEP.Rcheck’
* using R Under development (unstable) (2022-12-12 r83438)
* using platform: x86_64-pc-linux-gnu (64-bit)
* using session charset: UTF-8
* checking for file ‘ensemblVEP/DESCRIPTION’ ... OK
* this is package ‘ensemblVEP’ version ‘1.41.1’
* checking package namespace information ... OK
* checking package dependencies ... OK
* checking if this is a source package ... OK
* checking if there is a namespace ... OK
* checking for hidden files and directories ... NOTE
Found the following hidden files and directories:
.BBSoptions
These were most likely included in error. See section ‘Package
structure’ in the ‘Writing R Extensions’ manual.
* checking for portable file names ... OK
* checking for sufficient/correct file permissions ... OK
* checking whether package ‘ensemblVEP’ can be installed ... OK
* checking package directory ... OK
* checking ‘build’ directory ... OK
* checking DESCRIPTION meta-information ... OK
* checking top-level files ... OK
* checking for left-over files ... OK
* checking index information ... OK
* checking package subdirectories ... NOTE
Problems with news in ‘NEWS’:
Cannot process chunk/lines:
NOTE: As of Ensembl release 88 the name of the script was changed
from variant_effect_predictor.pl to vep.
* checking R files for non-ASCII characters ... OK
* checking R files for syntax errors ... OK
* checking whether the package can be loaded ... OK
* checking whether the package can be loaded with stated dependencies ... OK
* checking whether the package can be unloaded cleanly ... OK
* checking whether the namespace can be loaded with stated dependencies ... OK
* checking whether the namespace can be unloaded cleanly ... OK
* checking loading without being on the library search path ... WARNING
Error in library(ensemblVEP, lib.loc = "/home/biocbuild/bbs-3.17-bioc/R/library") :
there is no package called ‘ensemblVEP’
Execution halted
It looks like this package has a loading problem when not on .libPaths:
see the messages for details.
* checking dependencies in R code ... NOTE
Unexported objects imported by ':::' calls:
‘BiocGenerics:::testPackage’ ‘S4Vectors:::selectSome’
See the note in ?`:::` about the use of this operator.
* checking S3 generic/method consistency ... OK
* checking replacement functions ... OK
* checking foreign function calls ... OK
* checking R code for possible problems ... OK
* checking Rd files ... OK
* checking Rd metadata ... OK
* checking Rd cross-references ... OK
* checking for missing documentation entries ... OK
* checking for code/documentation mismatches ... OK
* checking Rd \usage sections ... OK
* checking Rd contents ... OK
* checking for unstated dependencies in examples ... OK
* checking files in ‘vignettes’ ... OK
* checking examples ... SKIPPED
* checking for unstated dependencies in ‘tests’ ... OK
* checking tests ...
Running ‘runTests.R’
ERROR
Running the tests in ‘tests/runTests.R’ failed.
Complete output:
> BiocGenerics:::testPackage("ensemblVEP")
Error in library(pkgname, character.only = TRUE, quietly = TRUE) :
there is no package called 'ensemblVEP'
Calls: <Anonymous> -> library
Execution halted
* checking for unstated dependencies in vignettes ... OK
* checking package vignettes in ‘inst/doc’ ... OK
* checking running R code from vignettes ...
‘ensemblVEP.Rnw’... failed
WARNING
Errors in running code in vignettes:
when running code in ‘ensemblVEP.Rnw’
...
> library(ensemblVEP)
When sourcing ‘ensemblVEP.R’:
Error: there is no package called ‘ensemblVEP’
Execution halted
* checking re-building of vignette outputs ... NOTE
Error(s) in re-building vignettes:
...
--- re-building ‘ensemblVEP.Rnw’ using Sweave
Error: processing vignette 'ensemblVEP.Rnw' failed with diagnostics:
chunk 1 (label = setup)
Error in library(ensemblVEP) : there is no package called ‘ensemblVEP’
--- failed re-building ‘ensemblVEP.Rnw’
SUMMARY: processing the following file failed:
‘ensemblVEP.Rnw’
Error: Vignette re-building failed.
Execution halted
* checking PDF version of manual ... OK
* DONE
Status: 1 ERROR, 2 WARNINGs, 4 NOTEs
See
‘/home/biocbuild/bbs-3.17-bioc/meat/ensemblVEP.Rcheck/00check.log’
for details.
ensemblVEP.Rcheck/00install.out
############################################################################## ############################################################################## ### ### Running command: ### ### /home/biocbuild/bbs-3.17-bioc/R/bin/R CMD INSTALL ensemblVEP ### ############################################################################## ############################################################################## * installing to library ‘/home/biocbuild/bbs-3.17-bioc/R/site-library’ * installing *source* package ‘ensemblVEP’ ... ** using staged installation ** R ** inst ** byte-compile and prepare package for lazy loading ** help *** installing help indices ** building package indices ** installing vignettes ** testing if installed package can be loaded from temporary location ** testing if installed package can be loaded from final location ** testing if installed package keeps a record of temporary installation path * DONE (ensemblVEP)
ensemblVEP.Rcheck/tests/runTests.Rout.fail
R Under development (unstable) (2022-12-12 r83438) -- "Unsuffered Consequences"
Copyright (C) 2022 The R Foundation for Statistical Computing
Platform: x86_64-pc-linux-gnu (64-bit)
R is free software and comes with ABSOLUTELY NO WARRANTY.
You are welcome to redistribute it under certain conditions.
Type 'license()' or 'licence()' for distribution details.
R is a collaborative project with many contributors.
Type 'contributors()' for more information and
'citation()' on how to cite R or R packages in publications.
Type 'demo()' for some demos, 'help()' for on-line help, or
'help.start()' for an HTML browser interface to help.
Type 'q()' to quit R.
> BiocGenerics:::testPackage("ensemblVEP")
Error in library(pkgname, character.only = TRUE, quietly = TRUE) :
there is no package called 'ensemblVEP'
Calls: <Anonymous> -> library
Execution halted