| Back to Multiple platform build/check report for BioC 3.17 |
|
This page was generated on 2023-04-12 10:55:35 -0400 (Wed, 12 Apr 2023).
| Hostname | OS | Arch (*) | R version | Installed pkgs |
|---|---|---|---|---|
| nebbiolo1 | Linux (Ubuntu 22.04.1 LTS) | x86_64 | 4.3.0 alpha (2023-04-03 r84154) | 4547 |
| nebbiolo2 | Linux (Ubuntu 20.04.5 LTS) | x86_64 | R Under development (unstable) (2023-02-14 r83833) -- "Unsuffered Consequences" | 4333 |
| Click on any hostname to see more info about the system (e.g. compilers) (*) as reported by 'uname -p', except on Windows and Mac OS X | ||||
|
To the developers/maintainers of the contiBAIT package: - Allow up to 24 hours (and sometimes 48 hours) for your latest push to git@git.bioconductor.org:packages/contiBAIT.git to reflect on this report. See Troubleshooting Build Report for more information. - Use the following Renviron settings to reproduce errors and warnings. Note: If "R CMD check" recently failed on the Linux builder over a missing dependency, add the missing dependency to "Suggests" in your DESCRIPTION file. See the Renviron.bioc for details. |
| Package 419/2207 | Hostname | OS / Arch | INSTALL | BUILD | CHECK | BUILD BIN | ||||||||
| contiBAIT 1.27.0 (landing page) Kieran O'Neill
| nebbiolo1 | Linux (Ubuntu 22.04.1 LTS) / x86_64 | OK | OK | WARNINGS | |||||||||
| nebbiolo2 | Linux (Ubuntu 20.04.5 LTS) / x86_64 | OK | OK | WARNINGS | ||||||||||
| Package: contiBAIT |
| Version: 1.27.0 |
| Command: /home/biocbuild/bbs-3.17-bioc/R/bin/R CMD check --install=check:contiBAIT.install-out.txt --library=/home/biocbuild/bbs-3.17-bioc/R/site-library --timings contiBAIT_1.27.0.tar.gz |
| StartedAt: 2023-04-12 05:32:31 -0400 (Wed, 12 Apr 2023) |
| EndedAt: 2023-04-12 05:39:10 -0400 (Wed, 12 Apr 2023) |
| EllapsedTime: 399.0 seconds |
| RetCode: 0 |
| Status: WARNINGS |
| CheckDir: contiBAIT.Rcheck |
| Warnings: 1 |
##############################################################################
##############################################################################
###
### Running command:
###
### /home/biocbuild/bbs-3.17-bioc/R/bin/R CMD check --install=check:contiBAIT.install-out.txt --library=/home/biocbuild/bbs-3.17-bioc/R/site-library --timings contiBAIT_1.27.0.tar.gz
###
##############################################################################
##############################################################################
* using log directory ‘/home/biocbuild/bbs-3.17-bioc/meat/contiBAIT.Rcheck’
* using R Under development (unstable) (2023-02-14 r83833)
* using platform: x86_64-pc-linux-gnu (64-bit)
* R was compiled by
gcc (Ubuntu 9.4.0-1ubuntu1~20.04.1) 9.4.0
GNU Fortran (Ubuntu 9.4.0-1ubuntu1~20.04.1) 9.4.0
* running under: Ubuntu 20.04.6 LTS
* using session charset: UTF-8
* checking for file ‘contiBAIT/DESCRIPTION’ ... OK
* checking extension type ... Package
* this is package ‘contiBAIT’ version ‘1.27.0’
* checking package namespace information ... OK
* checking package dependencies ... OK
* checking if this is a source package ... OK
* checking if there is a namespace ... OK
* checking for hidden files and directories ... OK
* checking for portable file names ... OK
* checking for sufficient/correct file permissions ... OK
* checking whether package ‘contiBAIT’ can be installed ... OK
* used C++ compiler: ‘g++ (Ubuntu 9.4.0-1ubuntu1~20.04.1) 9.4.0’
* checking installed package size ... NOTE
installed size is 6.4Mb
sub-directories of 1Mb or more:
extdata 3.4Mb
libs 1.8Mb
* checking package directory ... OK
* checking ‘build’ directory ... OK
* checking DESCRIPTION meta-information ... OK
* checking top-level files ... OK
* checking for left-over files ... OK
* checking index information ... OK
* checking package subdirectories ... OK
* checking R files for non-ASCII characters ... OK
* checking R files for syntax errors ... OK
* checking whether the package can be loaded ... OK
* checking whether the package can be loaded with stated dependencies ... OK
* checking whether the package can be unloaded cleanly ... OK
* checking whether the namespace can be loaded with stated dependencies ... OK
* checking whether the namespace can be unloaded cleanly ... OK
* checking loading without being on the library search path ... OK
* checking dependencies in R code ... OK
* checking S3 generic/method consistency ... OK
* checking replacement functions ... OK
* checking foreign function calls ... OK
* checking R code for possible problems ... NOTE
ideogramPlot.func: no visible binding for global variable ‘w’
ideogramPlot.func: no visible binding for global variable ‘w2’
makeChrTable: no visible global function definition for ‘queryHits’
makeChrTable: no visible global function definition for ‘subjectHits’
orderContigsGreedy: no visible global function definition for
‘makeCluster’
orderContigsGreedy: no visible global function definition for
‘clusterCall’
orderContigsGreedy: no visible global function definition for
‘stopCluster’
strandSeqFreqTable: no visible global function definition for
‘queryHits’
strandSeqFreqTable: no visible global function definition for
‘subjectHits’
ideogramPlot,StrandReadMatrix-StrandReadMatrix-ChrTable: no visible
binding for global variable ‘w’
ideogramPlot,StrandReadMatrix-StrandReadMatrix-ChrTable: no visible
binding for global variable ‘w2’
Undefined global functions or variables:
clusterCall makeCluster queryHits stopCluster subjectHits w w2
* checking Rd files ... OK
* checking Rd metadata ... OK
* checking Rd cross-references ... OK
* checking for missing documentation entries ... OK
* checking for code/documentation mismatches ... OK
* checking Rd \usage sections ... WARNING
Documented arguments not in \usage in documentation object 'plotLGDistances,LinkageGroupList,StrandStateMatrix-method':
‘...’
Functions with \usage entries need to have the appropriate \alias
entries, and all their arguments documented.
The \usage entries must correspond to syntactically valid R code.
See chapter ‘Writing R documentation files’ in the ‘Writing R
Extensions’ manual.
* checking Rd contents ... OK
* checking for unstated dependencies in examples ... OK
* checking contents of ‘data’ directory ... OK
* checking data for non-ASCII characters ... OK
* checking data for ASCII and uncompressed saves ... OK
* checking line endings in C/C++/Fortran sources/headers ... OK
* checking line endings in Makefiles ... OK
* checking compilation flags in Makevars ... OK
* checking for GNU extensions in Makefiles ... OK
* checking for portable use of $(BLAS_LIBS) and $(LAPACK_LIBS) ... OK
* checking use of PKG_*FLAGS in Makefiles ... OK
* checking compiled code ... NOTE
Note: information on .o files is not available
* checking files in ‘vignettes’ ... OK
* checking examples ... OK
Examples with CPU (user + system) or elapsed time > 5s
user system elapsed
findSimilarLibraries 10.410 1.856 11.899
contiBAIT 6.566 1.023 7.324
* checking for unstated dependencies in vignettes ... OK
* checking package vignettes in ‘inst/doc’ ... OK
* checking running R code from vignettes ...
‘contiBAIT.Rnw’... OK
OK
* checking re-building of vignette outputs ... OK
* checking PDF version of manual ... OK
* DONE
Status: 1 WARNING, 3 NOTEs
See
‘/home/biocbuild/bbs-3.17-bioc/meat/contiBAIT.Rcheck/00check.log’
for details.
contiBAIT.Rcheck/00install.out
############################################################################## ############################################################################## ### ### Running command: ### ### /home/biocbuild/bbs-3.17-bioc/R/bin/R CMD INSTALL contiBAIT ### ############################################################################## ############################################################################## * installing to library ‘/home/biocbuild/bbs-3.17-bioc/R/site-library’ * installing *source* package ‘contiBAIT’ ... ** using staged installation ** libs using C++ compiler: ‘g++ (Ubuntu 9.4.0-1ubuntu1~20.04.1) 9.4.0’ g++ -std=gnu++17 -I"/home/biocbuild/bbs-3.17-bioc/R/include" -DNDEBUG -I'/home/biocbuild/bbs-3.17-bioc/R/site-library/Rcpp/include' -I'/home/biocbuild/bbs-3.17-bioc/R/site-library/BH/include' -I/usr/local/include -fpic -g -O2 -Wall -c buildLinkageGroups.cpp -o buildLinkageGroups.o g++ -std=gnu++17 -I"/home/biocbuild/bbs-3.17-bioc/R/include" -DNDEBUG -I'/home/biocbuild/bbs-3.17-bioc/R/site-library/Rcpp/include' -I'/home/biocbuild/bbs-3.17-bioc/R/site-library/BH/include' -I/usr/local/include -fpic -g -O2 -Wall -c computeSim.cpp -o computeSim.o g++ -std=gnu++17 -I"/home/biocbuild/bbs-3.17-bioc/R/include" -DNDEBUG -I'/home/biocbuild/bbs-3.17-bioc/R/site-library/Rcpp/include' -I'/home/biocbuild/bbs-3.17-bioc/R/site-library/BH/include' -I/usr/local/include -fpic -g -O2 -Wall -c orderContigsGreedy.cpp -o orderContigsGreedy.o g++ -std=gnu++17 -shared -L/home/biocbuild/bbs-3.17-bioc/R/lib -L/usr/local/lib -o contiBAIT.so buildLinkageGroups.o computeSim.o orderContigsGreedy.o -lm -L/home/biocbuild/bbs-3.17-bioc/R/lib -lR installing to /home/biocbuild/bbs-3.17-bioc/R/site-library/00LOCK-contiBAIT/00new/contiBAIT/libs ** R ** data ** inst ** byte-compile and prepare package for lazy loading ** help *** installing help indices ** building package indices ** installing vignettes ** testing if installed package can be loaded from temporary location ** checking absolute paths in shared objects and dynamic libraries ** testing if installed package can be loaded from final location ** testing if installed package keeps a record of temporary installation path * DONE (contiBAIT)
contiBAIT.Rcheck/contiBAIT-Ex.timings
| name | user | system | elapsed | |
| BAIT | 0 | 0 | 0 | |
| ContigOrdering | 0.001 | 0.000 | 0.001 | |
| LibraryGroupList | 0.008 | 0.000 | 0.009 | |
| LinkageGroupList | 0.001 | 0.000 | 0.001 | |
| StrandFreqMatrix | 0.025 | 0.000 | 0.025 | |
| StrandReadMatrix | 0.12 | 0.00 | 0.12 | |
| StrandStateMatrix | 0.002 | 0.000 | 0.002 | |
| barplotLinkageGroupCalls-LinkageGroupList-ChrTable-method | 0.448 | 0.000 | 0.449 | |
| clusterContigs-StrandStateMatrix-method | 0.022 | 0.000 | 0.023 | |
| contiBAIT | 6.566 | 1.023 | 7.324 | |
| findSimilarLibraries | 10.410 | 1.856 | 11.899 | |
| ideogramPlot-StrandReadMatrix-StrandReadMatrix-ChrTable-method | 1.859 | 0.317 | 2.067 | |
| makeBoxPlot | 0.025 | 0.004 | 0.028 | |
| makeChrTable | 0.618 | 0.064 | 0.682 | |
| orderAllLinkageGroups | 0.351 | 0.048 | 0.399 | |
| plotContigOrder | 0.292 | 0.044 | 0.337 | |
| plotLGDistances-LinkageGroupList-StrandStateMatrix-method | 0.095 | 0.012 | 0.107 | |
| plotWCdistribution-StrandFreqMatrix-method | 0.052 | 0.012 | 0.064 | |
| preprocessStrandTable-StrandFreqMatrix-method | 0.138 | 0.024 | 0.162 | |
| reorientAndMergeLGs | 0.124 | 0.008 | 0.132 | |
| strandSeqFreqTable | 3.764 | 0.312 | 4.076 | |
| thoroughBed | 0.033 | 0.004 | 0.038 | |
| writeBed | 0 | 0 | 0 | |