| Back to Multiple platform build/check report for BioC 3.17 |
|
This page was generated on 2023-04-12 10:55:34 -0400 (Wed, 12 Apr 2023).
| Hostname | OS | Arch (*) | R version | Installed pkgs |
|---|---|---|---|---|
| nebbiolo1 | Linux (Ubuntu 22.04.1 LTS) | x86_64 | 4.3.0 alpha (2023-04-03 r84154) | 4547 |
| nebbiolo2 | Linux (Ubuntu 20.04.5 LTS) | x86_64 | R Under development (unstable) (2023-02-14 r83833) -- "Unsuffered Consequences" | 4333 |
| Click on any hostname to see more info about the system (e.g. compilers) (*) as reported by 'uname -p', except on Windows and Mac OS X | ||||
|
To the developers/maintainers of the cfDNAPro package: - Allow up to 24 hours (and sometimes 48 hours) for your latest push to git@git.bioconductor.org:packages/cfDNAPro.git to reflect on this report. See Troubleshooting Build Report for more information. - Use the following Renviron settings to reproduce errors and warnings. Note: If "R CMD check" recently failed on the Linux builder over a missing dependency, add the missing dependency to "Suggests" in your DESCRIPTION file. See the Renviron.bioc for details. |
| Package 306/2207 | Hostname | OS / Arch | INSTALL | BUILD | CHECK | BUILD BIN | ||||||||
| cfDNAPro 1.5.4 (landing page) Haichao Wang
| nebbiolo1 | Linux (Ubuntu 22.04.1 LTS) / x86_64 | OK | OK | WARNINGS | |||||||||
| nebbiolo2 | Linux (Ubuntu 20.04.5 LTS) / x86_64 | OK | OK | WARNINGS | ||||||||||
| Package: cfDNAPro |
| Version: 1.5.4 |
| Command: /home/biocbuild/bbs-3.17-bioc/R/bin/R CMD check --install=check:cfDNAPro.install-out.txt --library=/home/biocbuild/bbs-3.17-bioc/R/site-library --timings cfDNAPro_1.5.4.tar.gz |
| StartedAt: 2023-04-12 05:15:03 -0400 (Wed, 12 Apr 2023) |
| EndedAt: 2023-04-12 05:19:25 -0400 (Wed, 12 Apr 2023) |
| EllapsedTime: 261.3 seconds |
| RetCode: 0 |
| Status: WARNINGS |
| CheckDir: cfDNAPro.Rcheck |
| Warnings: 1 |
##############################################################################
##############################################################################
###
### Running command:
###
### /home/biocbuild/bbs-3.17-bioc/R/bin/R CMD check --install=check:cfDNAPro.install-out.txt --library=/home/biocbuild/bbs-3.17-bioc/R/site-library --timings cfDNAPro_1.5.4.tar.gz
###
##############################################################################
##############################################################################
* using log directory ‘/home/biocbuild/bbs-3.17-bioc/meat/cfDNAPro.Rcheck’
* using R Under development (unstable) (2023-02-14 r83833)
* using platform: x86_64-pc-linux-gnu (64-bit)
* R was compiled by
gcc (Ubuntu 9.4.0-1ubuntu1~20.04.1) 9.4.0
GNU Fortran (Ubuntu 9.4.0-1ubuntu1~20.04.1) 9.4.0
* running under: Ubuntu 20.04.6 LTS
* using session charset: UTF-8
* checking for file ‘cfDNAPro/DESCRIPTION’ ... OK
* checking extension type ... Package
* this is package ‘cfDNAPro’ version ‘1.5.4’
* package encoding: UTF-8
* checking package namespace information ... OK
* checking package dependencies ... OK
* checking if this is a source package ... OK
* checking if there is a namespace ... OK
* checking for hidden files and directories ... OK
* checking for portable file names ... OK
* checking for sufficient/correct file permissions ... OK
* checking whether package ‘cfDNAPro’ can be installed ... OK
* checking installed package size ... OK
* checking package directory ... OK
* checking ‘build’ directory ... OK
* checking DESCRIPTION meta-information ... OK
* checking top-level files ... OK
* checking for left-over files ... OK
* checking index information ... OK
* checking package subdirectories ... OK
* checking R files for non-ASCII characters ... OK
* checking R files for syntax errors ... OK
* checking whether the package can be loaded ... OK
* checking whether the package can be loaded with stated dependencies ... OK
* checking whether the package can be unloaded cleanly ... OK
* checking whether the namespace can be loaded with stated dependencies ... OK
* checking whether the namespace can be unloaded cleanly ... OK
* checking loading without being on the library search path ... OK
* checking dependencies in R code ... WARNING
'::' or ':::' import not declared from: ‘QDNAseq’
* checking S3 generic/method consistency ... OK
* checking replacement functions ... OK
* checking foreign function calls ... OK
* checking R code for possible problems ... OK
* checking Rd files ... OK
* checking Rd metadata ... OK
* checking Rd cross-references ... OK
* checking for missing documentation entries ... OK
* checking for code/documentation mismatches ... OK
* checking Rd \usage sections ... OK
* checking Rd contents ... OK
* checking for unstated dependencies in examples ... OK
* checking files in ‘vignettes’ ... OK
* checking examples ... OK
* checking for unstated dependencies in ‘tests’ ... OK
* checking tests ...
Running ‘testthat.R’
OK
* checking for unstated dependencies in vignettes ... OK
* checking package vignettes in ‘inst/doc’ ... OK
* checking running R code from vignettes ...
‘cfDNAPro.Rmd’ using ‘UTF-8’... OK
NONE
* checking re-building of vignette outputs ... OK
* checking PDF version of manual ... OK
* DONE
Status: 1 WARNING
See
‘/home/biocbuild/bbs-3.17-bioc/meat/cfDNAPro.Rcheck/00check.log’
for details.
cfDNAPro.Rcheck/00install.out
############################################################################## ############################################################################## ### ### Running command: ### ### /home/biocbuild/bbs-3.17-bioc/R/bin/R CMD INSTALL cfDNAPro ### ############################################################################## ############################################################################## * installing to library ‘/home/biocbuild/bbs-3.17-bioc/R/site-library’ * installing *source* package ‘cfDNAPro’ ... ** using staged installation ** R ** inst ** byte-compile and prepare package for lazy loading ** help *** installing help indices ** building package indices ** installing vignettes ** testing if installed package can be loaded from temporary location ** testing if installed package can be loaded from final location ** testing if installed package keeps a record of temporary installation path * DONE (cfDNAPro)
cfDNAPro.Rcheck/tests/testthat.Rout
R Under development (unstable) (2023-02-14 r83833) -- "Unsuffered Consequences"
Copyright (C) 2023 The R Foundation for Statistical Computing
Platform: x86_64-pc-linux-gnu (64-bit)
R is free software and comes with ABSOLUTELY NO WARRANTY.
You are welcome to redistribute it under certain conditions.
Type 'license()' or 'licence()' for distribution details.
R is a collaborative project with many contributors.
Type 'contributors()' for more information and
'citation()' on how to cite R or R packages in publications.
Type 'demo()' for some demos, 'help()' for on-line help, or
'help.start()' for an HTML browser interface to help.
Type 'q()' to quit R.
> library(testthat)
> library(cfDNAPro)
Loading required package: magrittr
Attaching package: 'magrittr'
The following objects are masked from 'package:testthat':
equals, is_less_than, not
>
> test_check("cfDNAPro")
setting default input_type to picard.
setting default outfmt to df.
setting default input_type to picard.
setting default input_type to picard.
setting default limit to c(35,135).
setting default outfmt to df.
setting the mincount to 0.
setting default input_type to picard.
setting default limit to c(35,135).
setting default outfmt to df.
Setting default mincount to 0.
setting default input_type to picard.
setting default input_type to picard.
setting default outfmt to df.
setting default input_type to picard.
setting default input_type to picard.
setting default limit to c(35,135).
setting default outfmt to df.
setting the mincount to 0.
setting default input_type to picard.
setting default limit to c(35,135).
setting default outfmt to df.
Setting default mincount to 0.
setting default input_type to picard.
setting default mincount as 0.
setting default horizontal lines: y = 81, 112, 170.
setting the mincount to 0.
setting the xlim to c(7,13).
setting the mincount to 0.
setting the xlim to c(7,13).
[ FAIL 0 | WARN 1 | SKIP 0 | PASS 13 ]
[ FAIL 0 | WARN 1 | SKIP 0 | PASS 13 ]
>
> proc.time()
user system elapsed
16.088 1.198 17.270
cfDNAPro.Rcheck/cfDNAPro-Ex.timings
| name | user | system | elapsed | |
| callMetrics | 1.580 | 0.100 | 1.681 | |
| callMode | 0.160 | 0.024 | 0.184 | |
| callPeakDistance | 0.209 | 0.008 | 0.217 | |
| callSize | 0.176 | 0.004 | 0.180 | |
| callValleyDistance | 0.22 | 0.00 | 0.22 | |
| examplePath | 0.002 | 0.000 | 0.002 | |
| plotAllToOne | 0.265 | 0.004 | 0.269 | |
| plotMetrics | 0.825 | 0.020 | 0.845 | |
| plotMode | 0.261 | 0.000 | 0.261 | |
| plotModeSummary | 0.248 | 0.004 | 0.251 | |
| plotPeakDistance | 0.272 | 0.000 | 0.272 | |
| plotSingleGroup | 0.829 | 0.012 | 0.840 | |
| plotValleyDistance | 0.259 | 0.004 | 0.263 | |
| readBam | 0 | 0 | 0 | |
| read_bam_insert_metrics | 0 | 0 | 0 | |