| Back to Multiple platform build/check report for BioC 3.17 |
|
This page was generated on 2023-04-12 10:55:22 -0400 (Wed, 12 Apr 2023).
| Hostname | OS | Arch (*) | R version | Installed pkgs |
|---|---|---|---|---|
| nebbiolo1 | Linux (Ubuntu 22.04.1 LTS) | x86_64 | 4.3.0 alpha (2023-04-03 r84154) | 4547 |
| nebbiolo2 | Linux (Ubuntu 20.04.5 LTS) | x86_64 | R Under development (unstable) (2023-02-14 r83833) -- "Unsuffered Consequences" | 4333 |
| Click on any hostname to see more info about the system (e.g. compilers) (*) as reported by 'uname -p', except on Windows and Mac OS X | ||||
|
To the developers/maintainers of the biscuiteer package: - Allow up to 24 hours (and sometimes 48 hours) for your latest push to git@git.bioconductor.org:packages/biscuiteer.git to reflect on this report. See Troubleshooting Build Report for more information. - Use the following Renviron settings to reproduce errors and warnings. Note: If "R CMD check" recently failed on the Linux builder over a missing dependency, add the missing dependency to "Suggests" in your DESCRIPTION file. See the Renviron.bioc for details. |
| Package 220/2207 | Hostname | OS / Arch | INSTALL | BUILD | CHECK | BUILD BIN | ||||||||
| biscuiteer 1.13.1 (landing page) Jacob Morrison
| nebbiolo1 | Linux (Ubuntu 22.04.1 LTS) / x86_64 | OK | OK | WARNINGS | |||||||||
| nebbiolo2 | Linux (Ubuntu 20.04.5 LTS) / x86_64 | OK | OK | WARNINGS | ||||||||||
| Package: biscuiteer |
| Version: 1.13.1 |
| Command: /home/biocbuild/bbs-3.17-bioc/R/bin/R CMD check --install=check:biscuiteer.install-out.txt --library=/home/biocbuild/bbs-3.17-bioc/R/site-library --timings biscuiteer_1.13.1.tar.gz |
| StartedAt: 2023-04-11 18:55:28 -0400 (Tue, 11 Apr 2023) |
| EndedAt: 2023-04-11 19:04:42 -0400 (Tue, 11 Apr 2023) |
| EllapsedTime: 554.5 seconds |
| RetCode: 0 |
| Status: WARNINGS |
| CheckDir: biscuiteer.Rcheck |
| Warnings: 1 |
##############################################################################
##############################################################################
###
### Running command:
###
### /home/biocbuild/bbs-3.17-bioc/R/bin/R CMD check --install=check:biscuiteer.install-out.txt --library=/home/biocbuild/bbs-3.17-bioc/R/site-library --timings biscuiteer_1.13.1.tar.gz
###
##############################################################################
##############################################################################
* using log directory ‘/home/biocbuild/bbs-3.17-bioc/meat/biscuiteer.Rcheck’
* using R version 4.3.0 alpha (2023-04-03 r84154)
* using platform: x86_64-pc-linux-gnu (64-bit)
* R was compiled by
gcc (Ubuntu 11.3.0-1ubuntu1~22.04) 11.3.0
GNU Fortran (Ubuntu 11.3.0-1ubuntu1~22.04) 11.3.0
* running under: Ubuntu 22.04.2 LTS
* using session charset: UTF-8
* checking for file ‘biscuiteer/DESCRIPTION’ ... OK
* checking extension type ... Package
* this is package ‘biscuiteer’ version ‘1.13.1’
* package encoding: UTF-8
* checking package namespace information ... OK
* checking package dependencies ... OK
* checking if this is a source package ... OK
* checking if there is a namespace ... OK
* checking for hidden files and directories ... OK
* checking for portable file names ... OK
* checking for sufficient/correct file permissions ... OK
* checking whether package ‘biscuiteer’ can be installed ... WARNING
Found the following significant warnings:
Warning: replacing previous import ‘BiocParallel::bpstart’ by ‘QDNAseq::bpstart’ when loading ‘biscuiteer’
See ‘/home/biocbuild/bbs-3.17-bioc/meat/biscuiteer.Rcheck/00install.out’ for details.
* checking installed package size ... NOTE
installed size is 5.2Mb
sub-directories of 1Mb or more:
data 1.1Mb
extdata 3.5Mb
* checking package directory ... OK
* checking ‘build’ directory ... OK
* checking DESCRIPTION meta-information ... OK
* checking top-level files ... OK
* checking for left-over files ... OK
* checking index information ... OK
* checking package subdirectories ... NOTE
Problems with news in ‘NEWS.md’:
No news entries found.
* checking R files for non-ASCII characters ... OK
* checking R files for syntax errors ... OK
* checking whether the package can be loaded ... OK
* checking whether the package can be loaded with stated dependencies ... OK
* checking whether the package can be unloaded cleanly ... OK
* checking whether the namespace can be loaded with stated dependencies ... OK
* checking whether the namespace can be unloaded cleanly ... OK
* checking loading without being on the library search path ... OK
* checking startup messages can be suppressed ... OK
* checking dependencies in R code ... NOTE
Unexported object imported by a ':::' call: ‘QDNAseq:::expectedVariance’
See the note in ?`:::` about the use of this operator.
* checking S3 generic/method consistency ... OK
* checking replacement functions ... OK
* checking foreign function calls ... OK
* checking R code for possible problems ... OK
* checking Rd files ... OK
* checking Rd metadata ... OK
* checking Rd cross-references ... OK
* checking for missing documentation entries ... OK
* checking for code/documentation mismatches ... OK
* checking Rd \usage sections ... OK
* checking Rd contents ... OK
* checking for unstated dependencies in examples ... OK
* checking contents of ‘data’ directory ... OK
* checking data for non-ASCII characters ... OK
* checking data for ASCII and uncompressed saves ... OK
* checking installed files from ‘inst/doc’ ... OK
* checking files in ‘vignettes’ ... OK
* checking examples ... OK
Examples with CPU (user + system) or elapsed time > 5s
user system elapsed
RRBSeq 8.372 0.396 8.770
filterLoci 8.171 0.249 8.328
WGBSage 7.709 0.244 7.886
byExtremality 6.221 0.072 6.199
unionize 5.673 0.064 5.649
binCoverage 5.030 0.236 5.228
* checking for unstated dependencies in ‘tests’ ... OK
* checking tests ...
Running ‘testthat.R’
OK
* checking for unstated dependencies in vignettes ... OK
* checking package vignettes in ‘inst/doc’ ... OK
* checking running R code from vignettes ...
‘biscuiteer.Rmd’ using ‘UTF-8’... OK
NONE
* checking re-building of vignette outputs ... OK
* checking PDF version of manual ... OK
* DONE
Status: 1 WARNING, 3 NOTEs
See
‘/home/biocbuild/bbs-3.17-bioc/meat/biscuiteer.Rcheck/00check.log’
for details.
biscuiteer.Rcheck/00install.out
############################################################################## ############################################################################## ### ### Running command: ### ### /home/biocbuild/bbs-3.17-bioc/R/bin/R CMD INSTALL biscuiteer ### ############################################################################## ############################################################################## * installing to library ‘/home/biocbuild/bbs-3.17-bioc/R/site-library’ * installing *source* package ‘biscuiteer’ ... ** using staged installation ** R ** data ** inst ** byte-compile and prepare package for lazy loading Warning: replacing previous import ‘BiocParallel::bpstart’ by ‘QDNAseq::bpstart’ when loading ‘biscuiteer’ ** help *** installing help indices ** building package indices ** installing vignettes ** testing if installed package can be loaded from temporary location Warning: replacing previous import ‘BiocParallel::bpstart’ by ‘QDNAseq::bpstart’ when loading ‘biscuiteer’ ** testing if installed package can be loaded from final location Warning: replacing previous import ‘BiocParallel::bpstart’ by ‘QDNAseq::bpstart’ when loading ‘biscuiteer’ ** testing if installed package keeps a record of temporary installation path * DONE (biscuiteer)
biscuiteer.Rcheck/tests/testthat.Rout
R version 4.3.0 alpha (2023-04-03 r84154)
Copyright (C) 2023 The R Foundation for Statistical Computing
Platform: x86_64-pc-linux-gnu (64-bit)
R is free software and comes with ABSOLUTELY NO WARRANTY.
You are welcome to redistribute it under certain conditions.
Type 'license()' or 'licence()' for distribution details.
R is a collaborative project with many contributors.
Type 'contributors()' for more information and
'citation()' on how to cite R or R packages in publications.
Type 'demo()' for some demos, 'help()' for on-line help, or
'help.start()' for an HTML browser interface to help.
Type 'q()' to quit R.
> library(testthat)
> library(biscuiteer)
Loading required package: biscuiteerData
Loading required package: ExperimentHub
Loading required package: BiocGenerics
Attaching package: 'BiocGenerics'
The following objects are masked from 'package:stats':
IQR, mad, sd, var, xtabs
The following objects are masked from 'package:base':
Filter, Find, Map, Position, Reduce, anyDuplicated, aperm, append,
as.data.frame, basename, cbind, colnames, dirname, do.call,
duplicated, eval, evalq, get, grep, grepl, intersect, is.unsorted,
lapply, mapply, match, mget, order, paste, pmax, pmax.int, pmin,
pmin.int, rank, rbind, rownames, sapply, setdiff, sort, table,
tapply, union, unique, unsplit, which.max, which.min
Loading required package: AnnotationHub
Loading required package: BiocFileCache
Loading required package: dbplyr
Loading biscuiteerData.
Loading required package: bsseq
Loading required package: GenomicRanges
Loading required package: stats4
Loading required package: S4Vectors
Attaching package: 'S4Vectors'
The following objects are masked from 'package:base':
I, expand.grid, unname
Loading required package: IRanges
Loading required package: GenomeInfoDb
Loading required package: SummarizedExperiment
Loading required package: MatrixGenerics
Loading required package: matrixStats
Attaching package: 'MatrixGenerics'
The following objects are masked from 'package:matrixStats':
colAlls, colAnyNAs, colAnys, colAvgsPerRowSet, colCollapse,
colCounts, colCummaxs, colCummins, colCumprods, colCumsums,
colDiffs, colIQRDiffs, colIQRs, colLogSumExps, colMadDiffs,
colMads, colMaxs, colMeans2, colMedians, colMins, colOrderStats,
colProds, colQuantiles, colRanges, colRanks, colSdDiffs, colSds,
colSums2, colTabulates, colVarDiffs, colVars, colWeightedMads,
colWeightedMeans, colWeightedMedians, colWeightedSds,
colWeightedVars, rowAlls, rowAnyNAs, rowAnys, rowAvgsPerColSet,
rowCollapse, rowCounts, rowCummaxs, rowCummins, rowCumprods,
rowCumsums, rowDiffs, rowIQRDiffs, rowIQRs, rowLogSumExps,
rowMadDiffs, rowMads, rowMaxs, rowMeans2, rowMedians, rowMins,
rowOrderStats, rowProds, rowQuantiles, rowRanges, rowRanks,
rowSdDiffs, rowSds, rowSums2, rowTabulates, rowVarDiffs, rowVars,
rowWeightedMads, rowWeightedMeans, rowWeightedMedians,
rowWeightedSds, rowWeightedVars
Loading required package: Biobase
Welcome to Bioconductor
Vignettes contain introductory material; view with
'browseVignettes()'. To cite Bioconductor, see
'citation("Biobase")', and for packages 'citation("pkgname")'.
Attaching package: 'Biobase'
The following object is masked from 'package:MatrixGenerics':
rowMedians
The following objects are masked from 'package:matrixStats':
anyMissing, rowMedians
The following object is masked from 'package:ExperimentHub':
cache
The following object is masked from 'package:AnnotationHub':
cache
Warning message:
replacing previous import 'BiocParallel::bpstart' by 'QDNAseq::bpstart' when loading 'biscuiteer'
>
> test_check("biscuiteer")
[ FAIL 0 | WARN 0 | SKIP 0 | PASS 1 ]
>
> proc.time()
user system elapsed
25.928 2.089 28.522
biscuiteer.Rcheck/biscuiteer-Ex.timings
| name | user | system | elapsed | |
| RRBSeq | 8.372 | 0.396 | 8.770 | |
| WGBSage | 7.709 | 0.244 | 7.886 | |
| WGBSeq | 3.158 | 0.072 | 3.229 | |
| atRegions | 2.435 | 0.088 | 2.485 | |
| binCoverage | 5.030 | 0.236 | 5.228 | |
| biscuitMetadata | 2.217 | 0.052 | 2.224 | |
| biscuiteer-package | 2.106 | 0.060 | 2.119 | |
| byChromArm | 2.745 | 0.052 | 2.749 | |
| byExtremality | 6.221 | 0.072 | 6.199 | |
| checkBiscuitBED | 0.152 | 0.004 | 0.156 | |
| condenseSampleNames | 0.077 | 0.000 | 0.077 | |
| extremality | 0.001 | 0.000 | 0.001 | |
| fexpit | 0.004 | 0.000 | 0.004 | |
| filterLoci | 8.171 | 0.249 | 8.328 | |
| fixAge | 0.081 | 0.012 | 0.093 | |
| fixNAs | 0.003 | 0.000 | 0.003 | |
| flogit | 0.000 | 0.002 | 0.002 | |
| getClock | 0.045 | 0.001 | 0.046 | |
| getLogitFracMeth | 2.396 | 0.020 | 2.368 | |
| grToSeg | 0.053 | 0.000 | 0.052 | |
| makeBSseq | 2.620 | 0.032 | 2.606 | |
| readBiscuit | 2.865 | 0.016 | 2.845 | |
| readEpibed | 3.071 | 0.051 | 3.124 | |
| segToGr | 0.067 | 0.004 | 0.071 | |
| simplifySampleNames | 3.519 | 0.059 | 3.536 | |
| summarizeBsSeqOver | 2.544 | 0.043 | 2.545 | |
| unionize | 5.673 | 0.064 | 5.649 | |