| Back to Multiple platform build/check report for BioC 3.17 |
|
This page was generated on 2023-04-12 10:55:34 -0400 (Wed, 12 Apr 2023).
| Hostname | OS | Arch (*) | R version | Installed pkgs |
|---|---|---|---|---|
| nebbiolo1 | Linux (Ubuntu 22.04.1 LTS) | x86_64 | 4.3.0 alpha (2023-04-03 r84154) | 4547 |
| nebbiolo2 | Linux (Ubuntu 20.04.5 LTS) | x86_64 | R Under development (unstable) (2023-02-14 r83833) -- "Unsuffered Consequences" | 4333 |
| Click on any hostname to see more info about the system (e.g. compilers) (*) as reported by 'uname -p', except on Windows and Mac OS X | ||||
|
To the developers/maintainers of the bigPint package: - Allow up to 24 hours (and sometimes 48 hours) for your latest push to git@git.bioconductor.org:packages/bigPint.git to reflect on this report. See Troubleshooting Build Report for more information. - Use the following Renviron settings to reproduce errors and warnings. Note: If "R CMD check" recently failed on the Linux builder over a missing dependency, add the missing dependency to "Suggests" in your DESCRIPTION file. See the Renviron.bioc for details. |
| Package 164/2207 | Hostname | OS / Arch | INSTALL | BUILD | CHECK | BUILD BIN | ||||||||
| bigPint 1.15.0 (landing page) Lindsay Rutter
| nebbiolo1 | Linux (Ubuntu 22.04.1 LTS) / x86_64 | OK | OK | ERROR | |||||||||
| nebbiolo2 | Linux (Ubuntu 20.04.5 LTS) / x86_64 | OK | OK | ERROR | ||||||||||
| Package: bigPint |
| Version: 1.15.0 |
| Command: /home/biocbuild/bbs-3.17-bioc/R/bin/R CMD check --install=check:bigPint.install-out.txt --library=/home/biocbuild/bbs-3.17-bioc/R/site-library --timings bigPint_1.15.0.tar.gz |
| StartedAt: 2023-04-12 04:53:19 -0400 (Wed, 12 Apr 2023) |
| EndedAt: 2023-04-12 04:57:27 -0400 (Wed, 12 Apr 2023) |
| EllapsedTime: 248.7 seconds |
| RetCode: 1 |
| Status: ERROR |
| CheckDir: bigPint.Rcheck |
| Warnings: NA |
##############################################################################
##############################################################################
###
### Running command:
###
### /home/biocbuild/bbs-3.17-bioc/R/bin/R CMD check --install=check:bigPint.install-out.txt --library=/home/biocbuild/bbs-3.17-bioc/R/site-library --timings bigPint_1.15.0.tar.gz
###
##############################################################################
##############################################################################
* using log directory ‘/home/biocbuild/bbs-3.17-bioc/meat/bigPint.Rcheck’
* using R Under development (unstable) (2023-02-14 r83833)
* using platform: x86_64-pc-linux-gnu (64-bit)
* R was compiled by
gcc (Ubuntu 9.4.0-1ubuntu1~20.04.1) 9.4.0
GNU Fortran (Ubuntu 9.4.0-1ubuntu1~20.04.1) 9.4.0
* running under: Ubuntu 20.04.6 LTS
* using session charset: UTF-8
* checking for file ‘bigPint/DESCRIPTION’ ... OK
* this is package ‘bigPint’ version ‘1.15.0’
* package encoding: UTF-8
* checking package namespace information ... OK
* checking package dependencies ... OK
* checking if this is a source package ... OK
* checking if there is a namespace ... OK
* checking for hidden files and directories ... OK
* checking for portable file names ... OK
* checking for sufficient/correct file permissions ... OK
* checking whether package ‘bigPint’ can be installed ... OK
* checking installed package size ... NOTE
installed size is 22.7Mb
sub-directories of 1Mb or more:
data 11.0Mb
help 3.2Mb
shiny-dashboards 5.1Mb
shiny-examples 3.1Mb
* checking package directory ... OK
* checking ‘build’ directory ... OK
* checking DESCRIPTION meta-information ... OK
* checking top-level files ... OK
* checking for left-over files ... OK
* checking index information ... OK
* checking package subdirectories ... OK
* checking R files for non-ASCII characters ... OK
* checking R files for syntax errors ... OK
* checking whether the package can be loaded ... OK
* checking whether the package can be loaded with stated dependencies ... OK
* checking whether the package can be unloaded cleanly ... OK
* checking whether the namespace can be loaded with stated dependencies ... OK
* checking whether the namespace can be unloaded cleanly ... OK
* checking loading without being on the library search path ... OK
* checking dependencies in R code ... OK
* checking S3 generic/method consistency ... OK
* checking replacement functions ... OK
* checking foreign function calls ... OK
* checking R code for possible problems ... OK
* checking Rd files ... OK
* checking Rd metadata ... OK
* checking Rd cross-references ... OK
* checking for missing documentation entries ... OK
* checking for code/documentation mismatches ... OK
* checking Rd \usage sections ... OK
* checking Rd contents ... OK
* checking for unstated dependencies in examples ... OK
* checking contents of ‘data’ directory ... OK
* checking data for non-ASCII characters ... OK
* checking LazyData ... WARNING
LazyData DB of 11.0 MB without LazyDataCompression set
See §1.1.6 of 'Writing R Extensions'
* checking data for ASCII and uncompressed saves ... OK
* checking files in ‘vignettes’ ... OK
* checking examples ... OK
Examples with CPU (user + system) or elapsed time > 5s
user system elapsed
plotSM 51.702 0.631 52.334
plotClusters 12.754 0.856 13.610
plotLitre 5.399 0.079 5.594
* checking for unstated dependencies in ‘tests’ ... OK
* checking tests ...
Running ‘runTests.R’
OK
* checking for unstated dependencies in vignettes ... OK
* checking package vignettes in ‘inst/doc’ ... OK
* checking running R code from vignettes ...
‘bioconductor.Rmd’ using ‘UTF-8’... OK
‘manuscripts.Rmd’ using ‘UTF-8’... OK
‘summarizedExperiment.Rmd’ using ‘UTF-8’... OK
NONE
* checking re-building of vignette outputs ... ERROR
Error(s) in re-building vignettes:
...
--- re-building ‘bioconductor.Rmd’ using rmarkdown
Error: processing vignette 'bioconductor.Rmd' failed with diagnostics:
there is no package called ‘BiocStyle’
--- failed re-building ‘bioconductor.Rmd’
--- re-building ‘manuscripts.Rmd’ using rmarkdown
Error: processing vignette 'manuscripts.Rmd' failed with diagnostics:
there is no package called ‘BiocStyle’
--- failed re-building ‘manuscripts.Rmd’
--- re-building ‘summarizedExperiment.Rmd’ using rmarkdown
Error: processing vignette 'summarizedExperiment.Rmd' failed with diagnostics:
there is no package called ‘BiocStyle’
--- failed re-building ‘summarizedExperiment.Rmd’
SUMMARY: processing the following files failed:
‘bioconductor.Rmd’ ‘manuscripts.Rmd’ ‘summarizedExperiment.Rmd’
Error: Vignette re-building failed.
Execution halted
* checking PDF version of manual ... OK
* DONE
Status: 1 ERROR, 1 WARNING, 1 NOTE
See
‘/home/biocbuild/bbs-3.17-bioc/meat/bigPint.Rcheck/00check.log’
for details.
bigPint.Rcheck/00install.out
############################################################################## ############################################################################## ### ### Running command: ### ### /home/biocbuild/bbs-3.17-bioc/R/bin/R CMD INSTALL bigPint ### ############################################################################## ############################################################################## * installing to library ‘/home/biocbuild/bbs-3.17-bioc/R/site-library’ * installing *source* package ‘bigPint’ ... ** using staged installation ** R ** data *** moving datasets to lazyload DB ** inst ** byte-compile and prepare package for lazy loading ** help *** installing help indices *** copying figures ** building package indices ** installing vignettes ** testing if installed package can be loaded from temporary location ** testing if installed package can be loaded from final location ** testing if installed package keeps a record of temporary installation path * DONE (bigPint)
bigPint.Rcheck/tests/runTests.Rout
R Under development (unstable) (2023-02-14 r83833) -- "Unsuffered Consequences"
Copyright (C) 2023 The R Foundation for Statistical Computing
Platform: x86_64-pc-linux-gnu (64-bit)
R is free software and comes with ABSOLUTELY NO WARRANTY.
You are welcome to redistribute it under certain conditions.
Type 'license()' or 'licence()' for distribution details.
R is a collaborative project with many contributors.
Type 'contributors()' for more information and
'citation()' on how to cite R or R packages in publications.
Type 'demo()' for some demos, 'help()' for on-line help, or
'help.start()' for an HTML browser interface to help.
Type 'q()' to quit R.
> BiocGenerics:::testPackage("bigPint")
RUNIT TEST PROTOCOL -- Wed Apr 12 04:57:21 2023
***********************************************
Number of test functions: 5
Number of errors: 0
Number of failures: 0
1 Test Suite :
bigPint RUnit Tests - 5 test functions, 0 errors, 0 failures
Number of test functions: 5
Number of errors: 0
Number of failures: 0
Warning messages:
1: In xtfrm.data.frame(x) : cannot xtfrm data frames
2: In xtfrm.data.frame(x) : cannot xtfrm data frames
3: In xtfrm.data.frame(x) : cannot xtfrm data frames
4: In xtfrm.data.frame(x) : cannot xtfrm data frames
5: In xtfrm.data.frame(x) : cannot xtfrm data frames
6: In xtfrm.data.frame(x) : cannot xtfrm data frames
7: In xtfrm.data.frame(x) : cannot xtfrm data frames
8: In xtfrm.data.frame(x) : cannot xtfrm data frames
>
> proc.time()
user system elapsed
7.073 0.357 7.414
bigPint.Rcheck/bigPint-Ex.timings
| name | user | system | elapsed | |
| convertSEPair | 0.656 | 0.008 | 0.664 | |
| convertSESubsetGenes | 0.217 | 0.003 | 0.221 | |
| plotClusters | 12.754 | 0.856 | 13.610 | |
| plotLitre | 5.399 | 0.079 | 5.594 | |
| plotLitreApp | 0.035 | 0.001 | 0.035 | |
| plotPCP | 1.658 | 0.056 | 1.714 | |
| plotPCPApp | 0.835 | 0.008 | 0.843 | |
| plotSM | 51.702 | 0.631 | 52.334 | |
| plotSMApp | 0.011 | 0.001 | 0.011 | |
| plotVolcano | 1.246 | 0.019 | 1.266 | |
| plotVolcanoApp | 0.073 | 0.005 | 0.076 | |