| Back to Multiple platform build/check report for BioC 3.17 |
|
This page was generated on 2023-04-12 10:55:43 -0400 (Wed, 12 Apr 2023).
| Hostname | OS | Arch (*) | R version | Installed pkgs |
|---|---|---|---|---|
| nebbiolo1 | Linux (Ubuntu 22.04.1 LTS) | x86_64 | 4.3.0 alpha (2023-04-03 r84154) | 4547 |
| nebbiolo2 | Linux (Ubuntu 20.04.5 LTS) | x86_64 | R Under development (unstable) (2023-02-14 r83833) -- "Unsuffered Consequences" | 4333 |
| Click on any hostname to see more info about the system (e.g. compilers) (*) as reported by 'uname -p', except on Windows and Mac OS X | ||||
|
To the developers/maintainers of the YAPSA package: - Allow up to 24 hours (and sometimes 48 hours) for your latest push to git@git.bioconductor.org:packages/YAPSA.git to reflect on this report. See Troubleshooting Build Report for more information. - Use the following Renviron settings to reproduce errors and warnings. Note: If "R CMD check" recently failed on the Linux builder over a missing dependency, add the missing dependency to "Suggests" in your DESCRIPTION file. See the Renviron.bioc for details. |
| Package 2200/2207 | Hostname | OS / Arch | INSTALL | BUILD | CHECK | BUILD BIN | ||||||||
| YAPSA 1.25.0 (landing page) Daniel Huebschmann
| nebbiolo1 | Linux (Ubuntu 22.04.1 LTS) / x86_64 | OK | OK | ERROR | |||||||||
| nebbiolo2 | Linux (Ubuntu 20.04.5 LTS) / x86_64 | OK | OK | WARNINGS | ||||||||||
| Package: YAPSA |
| Version: 1.25.0 |
| Command: /home/biocbuild/bbs-3.17-bioc/R/bin/R CMD check --install=check:YAPSA.install-out.txt --library=/home/biocbuild/bbs-3.17-bioc/R/site-library --timings YAPSA_1.25.0.tar.gz |
| StartedAt: 2023-04-12 10:13:59 -0400 (Wed, 12 Apr 2023) |
| EndedAt: 2023-04-12 10:24:40 -0400 (Wed, 12 Apr 2023) |
| EllapsedTime: 641.3 seconds |
| RetCode: 0 |
| Status: WARNINGS |
| CheckDir: YAPSA.Rcheck |
| Warnings: 1 |
##############################################################################
##############################################################################
###
### Running command:
###
### /home/biocbuild/bbs-3.17-bioc/R/bin/R CMD check --install=check:YAPSA.install-out.txt --library=/home/biocbuild/bbs-3.17-bioc/R/site-library --timings YAPSA_1.25.0.tar.gz
###
##############################################################################
##############################################################################
* using log directory ‘/home/biocbuild/bbs-3.17-bioc/meat/YAPSA.Rcheck’
* using R Under development (unstable) (2023-02-14 r83833)
* using platform: x86_64-pc-linux-gnu (64-bit)
* R was compiled by
gcc (Ubuntu 9.4.0-1ubuntu1~20.04.1) 9.4.0
GNU Fortran (Ubuntu 9.4.0-1ubuntu1~20.04.1) 9.4.0
* running under: Ubuntu 20.04.6 LTS
* using session charset: UTF-8
* checking for file ‘YAPSA/DESCRIPTION’ ... OK
* checking extension type ... Package
* this is package ‘YAPSA’ version ‘1.25.0’
* package encoding: UTF-8
* checking package namespace information ... OK
* checking package dependencies ... OK
* checking if this is a source package ... OK
* checking if there is a namespace ... OK
* checking for hidden files and directories ... OK
* checking for portable file names ... OK
* checking for sufficient/correct file permissions ... OK
* checking whether package ‘YAPSA’ can be installed ... WARNING
Found the following significant warnings:
Warning: replacing previous import ‘GenomicRanges::subtract’ by ‘magrittr::subtract’ when loading ‘YAPSA’
See ‘/home/biocbuild/bbs-3.17-bioc/meat/YAPSA.Rcheck/00install.out’ for details.
* checking installed package size ... OK
* checking package directory ... OK
* checking ‘build’ directory ... OK
* checking DESCRIPTION meta-information ... OK
* checking top-level files ... OK
* checking for left-over files ... OK
* checking index information ... OK
* checking package subdirectories ... OK
* checking R files for non-ASCII characters ... OK
* checking R files for syntax errors ... OK
* checking whether the package can be loaded ... OK
* checking whether the package can be loaded with stated dependencies ... OK
* checking whether the package can be unloaded cleanly ... OK
* checking whether the namespace can be loaded with stated dependencies ... OK
* checking whether the namespace can be unloaded cleanly ... OK
* checking loading without being on the library search path ... OK
* checking dependencies in R code ... OK
* checking S3 generic/method consistency ... OK
* checking replacement functions ... OK
* checking foreign function calls ... OK
* checking R code for possible problems ... NOTE
read_list: no visible global function definition for 'detectCores'
read_list: no visible global function definition for 'makeCluster'
read_list: no visible global function definition for 'mclapply'
read_list: no visible global function definition for 'stopCluster'
Undefined global functions or variables:
detectCores makeCluster mclapply stopCluster
* checking Rd files ... OK
* checking Rd metadata ... OK
* checking Rd cross-references ... OK
* checking for missing documentation entries ... OK
* checking for code/documentation mismatches ... OK
* checking Rd \usage sections ... OK
* checking Rd contents ... OK
* checking for unstated dependencies in examples ... OK
* checking contents of ‘data’ directory ... OK
* checking data for non-ASCII characters ... OK
* checking data for ASCII and uncompressed saves ... OK
* checking installed files from ‘inst/doc’ ... OK
* checking files in ‘vignettes’ ... OK
* checking examples ... OK
Examples with CPU (user + system) or elapsed time > 5s
user system elapsed
confidence_indel_only_calulation 15.627 0.140 15.767
create_indel_mutation_catalogue_from_df 9.606 0.144 9.751
build_gene_list_for_pathway 5.207 0.128 24.920
* checking for unstated dependencies in ‘tests’ ... OK
* checking tests ...
Running ‘testthat.R’
OK
* checking for unstated dependencies in vignettes ... OK
* checking package vignettes in ‘inst/doc’ ... OK
* checking running R code from vignettes ...
‘YAPSA.Rmd’ using ‘UTF-8’... OK
‘vignette_confidenceIntervals.Rmd’ using ‘UTF-8’... OK
‘vignette_exomes.Rmd’ using ‘UTF-8’... OK
‘vignette_signature_specific_cutoffs.Rmd’ using ‘UTF-8’... OK
‘vignette_stratifiedAnalysis.Rmd’ using ‘UTF-8’... OK
‘vignettes_Indel.Rmd’ using ‘UTF-8’... OK
NONE
* checking re-building of vignette outputs ... OK
* checking PDF version of manual ... OK
* DONE
Status: 1 WARNING, 1 NOTE
See
‘/home/biocbuild/bbs-3.17-bioc/meat/YAPSA.Rcheck/00check.log’
for details.
YAPSA.Rcheck/00install.out
############################################################################## ############################################################################## ### ### Running command: ### ### /home/biocbuild/bbs-3.17-bioc/R/bin/R CMD INSTALL YAPSA ### ############################################################################## ############################################################################## * installing to library ‘/home/biocbuild/bbs-3.17-bioc/R/site-library’ * installing *source* package ‘YAPSA’ ... ** using staged installation ** R ** data ** inst ** byte-compile and prepare package for lazy loading Found more than one class "atomicVector" in cache; using the first, from namespace 'Matrix' Also defined by ‘Rmpfr’ Found more than one class "atomicVector" in cache; using the first, from namespace 'Matrix' Also defined by ‘Rmpfr’ Found more than one class "atomicVector" in cache; using the first, from namespace 'Matrix' Also defined by ‘Rmpfr’ Found more than one class "atomicVector" in cache; using the first, from namespace 'Matrix' Also defined by ‘Rmpfr’ Found more than one class "atomicVector" in cache; using the first, from namespace 'Matrix' Also defined by ‘Rmpfr’ Found more than one class "atomicVector" in cache; using the first, from namespace 'Matrix' Also defined by ‘Rmpfr’ Found more than one class "atomicVector" in cache; using the first, from namespace 'Matrix' Also defined by ‘Rmpfr’ Found more than one class "atomicVector" in cache; using the first, from namespace 'Matrix' Also defined by ‘Rmpfr’ Warning: replacing previous import ‘GenomicRanges::subtract’ by ‘magrittr::subtract’ when loading ‘YAPSA’ ** help *** installing help indices ** building package indices ** installing vignettes ** testing if installed package can be loaded from temporary location Found more than one class "atomicVector" in cache; using the first, from namespace 'Matrix' Also defined by ‘Rmpfr’ Found more than one class "atomicVector" in cache; using the first, from namespace 'Matrix' Also defined by ‘Rmpfr’ Found more than one class "atomicVector" in cache; using the first, from namespace 'Matrix' Also defined by ‘Rmpfr’ Found more than one class "atomicVector" in cache; using the first, from namespace 'Matrix' Also defined by ‘Rmpfr’ Found more than one class "atomicVector" in cache; using the first, from namespace 'Matrix' Also defined by ‘Rmpfr’ Found more than one class "atomicVector" in cache; using the first, from namespace 'Matrix' Also defined by ‘Rmpfr’ Found more than one class "atomicVector" in cache; using the first, from namespace 'Matrix' Also defined by ‘Rmpfr’ Found more than one class "atomicVector" in cache; using the first, from namespace 'Matrix' Also defined by ‘Rmpfr’ Warning: replacing previous import ‘GenomicRanges::subtract’ by ‘magrittr::subtract’ when loading ‘YAPSA’ ** testing if installed package can be loaded from final location Found more than one class "atomicVector" in cache; using the first, from namespace 'Matrix' Also defined by ‘Rmpfr’ Found more than one class "atomicVector" in cache; using the first, from namespace 'Matrix' Also defined by ‘Rmpfr’ Found more than one class "atomicVector" in cache; using the first, from namespace 'Matrix' Also defined by ‘Rmpfr’ Found more than one class "atomicVector" in cache; using the first, from namespace 'Matrix' Also defined by ‘Rmpfr’ Found more than one class "atomicVector" in cache; using the first, from namespace 'Matrix' Also defined by ‘Rmpfr’ Found more than one class "atomicVector" in cache; using the first, from namespace 'Matrix' Also defined by ‘Rmpfr’ Found more than one class "atomicVector" in cache; using the first, from namespace 'Matrix' Also defined by ‘Rmpfr’ Found more than one class "atomicVector" in cache; using the first, from namespace 'Matrix' Also defined by ‘Rmpfr’ Warning: replacing previous import ‘GenomicRanges::subtract’ by ‘magrittr::subtract’ when loading ‘YAPSA’ ** testing if installed package keeps a record of temporary installation path * DONE (YAPSA)
YAPSA.Rcheck/tests/testthat.Rout
R Under development (unstable) (2023-02-14 r83833) -- "Unsuffered Consequences"
Copyright (C) 2023 The R Foundation for Statistical Computing
Platform: x86_64-pc-linux-gnu (64-bit)
R is free software and comes with ABSOLUTELY NO WARRANTY.
You are welcome to redistribute it under certain conditions.
Type 'license()' or 'licence()' for distribution details.
R is a collaborative project with many contributors.
Type 'contributors()' for more information and
'citation()' on how to cite R or R packages in publications.
Type 'demo()' for some demos, 'help()' for on-line help, or
'help.start()' for an HTML browser interface to help.
Type 'q()' to quit R.
> Sys.setenv(R_TESTS=" ")
> library(testthat)
> library(YAPSA)
Loading required package: GenomicRanges
Loading required package: stats4
Loading required package: BiocGenerics
Attaching package: 'BiocGenerics'
The following objects are masked from 'package:stats':
IQR, mad, sd, var, xtabs
The following objects are masked from 'package:base':
Filter, Find, Map, Position, Reduce, anyDuplicated, aperm, append,
as.data.frame, basename, cbind, colnames, dirname, do.call,
duplicated, eval, evalq, get, grep, grepl, intersect, is.unsorted,
lapply, mapply, match, mget, order, paste, pmax, pmax.int, pmin,
pmin.int, rank, rbind, rownames, sapply, setdiff, sort, table,
tapply, union, unique, unsplit, which.max, which.min
Loading required package: S4Vectors
Attaching package: 'S4Vectors'
The following objects are masked from 'package:base':
I, expand.grid, unname
Loading required package: IRanges
Loading required package: GenomeInfoDb
Loading required package: ggplot2
Loading required package: grid
Found more than one class "atomicVector" in cache; using the first, from namespace 'Matrix'
Also defined by 'Rmpfr'
Found more than one class "atomicVector" in cache; using the first, from namespace 'Matrix'
Also defined by 'Rmpfr'
Found more than one class "atomicVector" in cache; using the first, from namespace 'Matrix'
Also defined by 'Rmpfr'
Found more than one class "atomicVector" in cache; using the first, from namespace 'Matrix'
Also defined by 'Rmpfr'
Found more than one class "atomicVector" in cache; using the first, from namespace 'Matrix'
Also defined by 'Rmpfr'
Found more than one class "atomicVector" in cache; using the first, from namespace 'Matrix'
Also defined by 'Rmpfr'
Found more than one class "atomicVector" in cache; using the first, from namespace 'Matrix'
Also defined by 'Rmpfr'
Found more than one class "atomicVector" in cache; using the first, from namespace 'Matrix'
Also defined by 'Rmpfr'
Warning message:
replacing previous import 'GenomicRanges::subtract' by 'magrittr::subtract' when loading 'YAPSA'
>
> test_check("YAPSA")
YAPSA:::shapiro_if_possible::error: Non-numeric inputYAPSA:::makeVRangesFromDataFrame::warning:strand information missing, set to "+".
YAPSA:::makeVRangesFromDataFrame::in_PID.field found. Retrieving PID information.
YAPSA:::makeVRangesFromDataFrame::in_subgroup.field found. Retrieving subgroup information.
[ FAIL 0 | WARN 1 | SKIP 0 | PASS 62 ]
[ FAIL 0 | WARN 1 | SKIP 0 | PASS 62 ]
>
> proc.time()
user system elapsed
13.417 0.802 14.201
YAPSA.Rcheck/YAPSA-Ex.timings
| name | user | system | elapsed | |
| GenomeOfNl_raw | 0.008 | 0.000 | 0.008 | |
| LCD | 0.007 | 0.000 | 0.006 | |
| LCD_complex_cutoff | 0 | 0 | 0 | |
| MutCat_indel_df | 0.003 | 0.001 | 0.002 | |
| SMC | 0 | 0 | 0 | |
| SMC_perPID | 0 | 0 | 0 | |
| add_annotation | 0 | 0 | 0 | |
| add_as_fist_to_list | 0 | 0 | 0 | |
| aggregate_exposures_by_category | 0 | 0 | 0 | |
| annotate_intermut_dist_PID | 0.016 | 0.000 | 0.015 | |
| annotate_intermut_dist_cohort | 0.017 | 0.001 | 0.018 | |
| annotation_exposures_barplot | 0 | 0 | 0 | |
| annotation_exposures_list_barplot | 0.000 | 0.001 | 0.000 | |
| annotation_heatmap_exposures | 0.000 | 0.000 | 0.001 | |
| attribute_nucleotide_exchanges | 0.001 | 0.002 | 0.002 | |
| attribute_sequence_contex_indel | 0.478 | 0.008 | 0.487 | |
| attribution_of_indels | 0.351 | 0.092 | 0.443 | |
| build_gene_list_for_pathway | 5.207 | 0.128 | 24.920 | |
| classify_indels | 0 | 0 | 0 | |
| compare_SMCs | 0.000 | 0.000 | 0.001 | |
| compare_exposures | 0 | 0 | 0 | |
| compare_expousre_sets | 0.003 | 0.000 | 0.003 | |
| compare_sets | 0.002 | 0.000 | 0.002 | |
| compare_to_catalogues | 0.000 | 0.000 | 0.001 | |
| complex_heatmap_exposures | 0.650 | 0.007 | 0.658 | |
| computeLogLik | 0 | 0 | 0 | |
| compute_comparison_stat_df | 0 | 0 | 0 | |
| confIntExp | 1.017 | 0.069 | 1.617 | |
| confidence_indel_calulation | 0.001 | 0.000 | 0.001 | |
| confidence_indel_only_calulation | 15.627 | 0.140 | 15.767 | |
| correct_rounded | 0 | 0 | 0 | |
| cosineDist | 0 | 0 | 0 | |
| cosineMatchDist | 0.001 | 0.000 | 0.001 | |
| create_indel_mut_cat_from_df | 0.346 | 0.004 | 0.350 | |
| create_indel_mutation_catalogue_from_df | 9.606 | 0.144 | 9.751 | |
| create_mutation_catalogue_from_VR | 0.876 | 0.016 | 0.893 | |
| create_mutation_catalogue_from_df | 0.635 | 0.016 | 0.651 | |
| cut_breaks_as_intervals | 0.105 | 0.004 | 0.108 | |
| deriveSigInd_df | 0 | 0 | 0 | |
| disambiguateVector | 0 | 0 | 0 | |
| enrichSigs | 0 | 0 | 0 | |
| exampleYAPSA | 0.071 | 0.000 | 0.071 | |
| exome_mutCatRaw_df | 0.007 | 0.000 | 0.007 | |
| exposures_barplot | 1.942 | 0.036 | 1.979 | |
| extract_names_from_gene_list | 0 | 0 | 0 | |
| find_affected_PIDs | 0 | 0 | 0 | |
| getSequenceContext | 0.081 | 0.008 | 0.089 | |
| get_extreme_PIDs | 0.021 | 0.000 | 0.021 | |
| hclust_exposures | 0.004 | 0.000 | 0.004 | |
| logLikelihood | 0.620 | 0.032 | 0.651 | |
| lymphomaNature2013_mutCat_df | 0.004 | 0.000 | 0.004 | |
| makeVRangesFromDataFrame | 0.085 | 0.000 | 0.085 | |
| make_catalogue_strata_df | 0 | 0 | 0 | |
| make_comparison_matrix | 0.061 | 0.000 | 0.061 | |
| make_strata_df | 0 | 0 | 0 | |
| make_subgroups_df | 0.026 | 0.000 | 0.026 | |
| melt_exposures | 0 | 0 | 0 | |
| merge_exposures | 0 | 0 | 0 | |
| normalizeMotifs_otherRownames | 0 | 0 | 0 | |
| normalize_df_per_dim | 0.006 | 0.000 | 0.006 | |
| plotExchangeSpectra | 0 | 0 | 0 | |
| plotExchangeSpectra_indel | 1.022 | 0.000 | 1.022 | |
| plotExposuresConfidence | 0 | 0 | 0 | |
| plotExposuresConfidence_indel | 0 | 0 | 0 | |
| plot_SMC | 0.001 | 0.000 | 0.000 | |
| plot_exposures | 0.406 | 0.000 | 0.406 | |
| plot_strata | 0 | 0 | 0 | |
| read_entry | 0 | 0 | 0 | |
| relateSigs | 0.000 | 0.000 | 0.001 | |
| repeat_df | 0.001 | 0.000 | 0.001 | |
| round_precision | 0 | 0 | 0 | |
| run_SMC | 3.304 | 0.092 | 3.396 | |
| run_annotate_vcf_pl | 0 | 0 | 0 | |
| run_comparison_catalogues | 0 | 0 | 0 | |
| run_comparison_general | 0 | 0 | 0 | |
| run_kmer_frequency_correction | 0 | 0 | 0 | |
| run_kmer_frequency_normalization | 0 | 0 | 0 | |
| run_plot_strata_general | 0 | 0 | 0 | |
| shapiro_if_possible | 0.000 | 0.000 | 0.001 | |
| split_exposures_by_subgroups | 0 | 0 | 0 | |
| stat_plot_subgroups | 0 | 0 | 0 | |
| stat_test_SMC | 0 | 0 | 0 | |
| stat_test_subgroups | 0 | 0 | 0 | |
| stderrmean | 0.000 | 0.000 | 0.001 | |
| sum_over_list_of_df | 0.001 | 0.000 | 0.001 | |
| temp_trellis_rainfall_plot | 1.276 | 0.008 | 1.284 | |
| testSigs | 0 | 0 | 0 | |
| test_exposureAffected | 0 | 0 | 0 | |
| test_gene_list_in_exposures | 0 | 0 | 0 | |
| transform_rownames_R_to_MATLAB | 0 | 0 | 0 | |
| translate_to_hg19 | 0.003 | 0.000 | 0.003 | |
| trellis_rainfall_plot | 1.299 | 0.000 | 1.299 | |
| trellis_rainfall_plot_old | 1.303 | 0.008 | 1.312 | |
| variateExp | 1.815 | 0.024 | 1.839 | |
| variateExpSingle | 0.629 | 0.020 | 0.648 | |