| Back to Multiple platform build/check report for BioC 3.17 |
|
This page was generated on 2023-04-12 10:55:43 -0400 (Wed, 12 Apr 2023).
| Hostname | OS | Arch (*) | R version | Installed pkgs |
|---|---|---|---|---|
| nebbiolo1 | Linux (Ubuntu 22.04.1 LTS) | x86_64 | 4.3.0 alpha (2023-04-03 r84154) | 4547 |
| nebbiolo2 | Linux (Ubuntu 20.04.5 LTS) | x86_64 | R Under development (unstable) (2023-02-14 r83833) -- "Unsuffered Consequences" | 4333 |
| Click on any hostname to see more info about the system (e.g. compilers) (*) as reported by 'uname -p', except on Windows and Mac OS X | ||||
|
To the developers/maintainers of the Ularcirc package: - Allow up to 24 hours (and sometimes 48 hours) for your latest push to git@git.bioconductor.org:packages/Ularcirc.git to reflect on this report. See Troubleshooting Build Report for more information. - Use the following Renviron settings to reproduce errors and warnings. Note: If "R CMD check" recently failed on the Linux builder over a missing dependency, add the missing dependency to "Suggests" in your DESCRIPTION file. See the Renviron.bioc for details. |
| Package 2143/2207 | Hostname | OS / Arch | INSTALL | BUILD | CHECK | BUILD BIN | ||||||||
| Ularcirc 1.17.0 (landing page) David Humphreys
| nebbiolo1 | Linux (Ubuntu 22.04.1 LTS) / x86_64 | OK | OK | WARNINGS | |||||||||
| nebbiolo2 | Linux (Ubuntu 20.04.5 LTS) / x86_64 | OK | OK | WARNINGS | ||||||||||
| Package: Ularcirc |
| Version: 1.17.0 |
| Command: /home/biocbuild/bbs-3.17-bioc/R/bin/R CMD check --install=check:Ularcirc.install-out.txt --library=/home/biocbuild/bbs-3.17-bioc/R/site-library --timings Ularcirc_1.17.0.tar.gz |
| StartedAt: 2023-04-12 10:05:29 -0400 (Wed, 12 Apr 2023) |
| EndedAt: 2023-04-12 10:07:06 -0400 (Wed, 12 Apr 2023) |
| EllapsedTime: 97.3 seconds |
| RetCode: 0 |
| Status: WARNINGS |
| CheckDir: Ularcirc.Rcheck |
| Warnings: 1 |
##############################################################################
##############################################################################
###
### Running command:
###
### /home/biocbuild/bbs-3.17-bioc/R/bin/R CMD check --install=check:Ularcirc.install-out.txt --library=/home/biocbuild/bbs-3.17-bioc/R/site-library --timings Ularcirc_1.17.0.tar.gz
###
##############################################################################
##############################################################################
* using log directory ‘/home/biocbuild/bbs-3.17-bioc/meat/Ularcirc.Rcheck’
* using R Under development (unstable) (2023-02-14 r83833)
* using platform: x86_64-pc-linux-gnu (64-bit)
* R was compiled by
gcc (Ubuntu 9.4.0-1ubuntu1~20.04.1) 9.4.0
GNU Fortran (Ubuntu 9.4.0-1ubuntu1~20.04.1) 9.4.0
* running under: Ubuntu 20.04.6 LTS
* using session charset: UTF-8
* checking for file ‘Ularcirc/DESCRIPTION’ ... OK
* checking extension type ... Package
* this is package ‘Ularcirc’ version ‘1.17.0’
* package encoding: UTF-8
* checking package namespace information ... OK
* checking package dependencies ... OK
* checking if this is a source package ... OK
* checking if there is a namespace ... OK
* checking for hidden files and directories ... OK
* checking for portable file names ... OK
* checking for sufficient/correct file permissions ... OK
* checking whether package ‘Ularcirc’ can be installed ... OK
* checking installed package size ... OK
* checking package directory ... OK
* checking ‘build’ directory ... OK
* checking DESCRIPTION meta-information ... OK
* checking top-level files ... OK
* checking for left-over files ... OK
* checking index information ... OK
* checking package subdirectories ... OK
* checking R files for non-ASCII characters ... OK
* checking R files for syntax errors ... OK
* checking whether the package can be loaded ... OK
* checking whether the package can be loaded with stated dependencies ... OK
* checking whether the package can be unloaded cleanly ... OK
* checking whether the namespace can be loaded with stated dependencies ... OK
* checking whether the namespace can be unloaded cleanly ... OK
* checking loading without being on the library search path ... OK
* checking dependencies in R code ... NOTE
Namespaces in Imports field not imported from:
‘DT’ ‘GenomeInfoDb’ ‘GenomeInfoDbData’ ‘Organism.dplyr’ ‘ggplot2’
‘ggrepel’ ‘mirbase.db’ ‘moments’ ‘shinyFiles’ ‘shinydashboard’
‘shinyjs’ ‘yaml’
All declared Imports should be used.
* checking S3 generic/method consistency ... OK
* checking replacement functions ... OK
* checking foreign function calls ... OK
* checking R code for possible problems ... NOTE
FilterChimericJuncs: no visible global function definition for
‘Filter_by_Data_Set’
FilterChimericJuncs: no visible binding for global variable
‘strandDonor’
FilterChimericJuncs: no visible binding for global variable
‘startDonor’
FilterChimericJuncs: no visible binding for global variable
‘startAcceptor’
Junction_Sequence_from_Genome: no visible global function definition
for ‘extractGenomeSequence’
SelectUniqueJunctions : filtersteps: no visible global function
definition for ‘.’
SelectUniqueJunctions: no visible binding for global variable
‘BSjuncName’
SelectUniqueJunctions: no visible binding for global variable
‘JuncType’
SelectUniqueJunctions: no visible binding for global variable
‘strandDonor’
loadSTAR_chimeric: no visible binding for global variable
‘..returnColIdx’
Undefined global functions or variables:
. ..returnColIdx BSjuncName Filter_by_Data_Set JuncType
extractGenomeSequence startAcceptor startDonor strandDonor
* checking Rd files ... OK
* checking Rd metadata ... OK
* checking Rd cross-references ... OK
* checking for missing documentation entries ... OK
* checking for code/documentation mismatches ... OK
* checking Rd \usage sections ... WARNING
Undocumented arguments in documentation object 'Junction_Sequence_from_Genome'
‘SelectUniqueJunct_Value’
Documented arguments not in \usage in documentation object 'Junction_Sequence_from_Genome':
‘SelectUniqueJunct_value’
Functions with \usage entries need to have the appropriate \alias
entries, and all their arguments documented.
The \usage entries must correspond to syntactically valid R code.
See chapter ‘Writing R documentation files’ in the ‘Writing R
Extensions’ manual.
* checking Rd contents ... OK
* checking for unstated dependencies in examples ... OK
* checking files in ‘vignettes’ ... OK
* checking examples ... OK
Examples with CPU (user + system) or elapsed time > 5s
user system elapsed
Compatible_Annotation_DBs 8.159 0.679 8.84
* checking for unstated dependencies in vignettes ... OK
* checking package vignettes in ‘inst/doc’ ... OK
* checking running R code from vignettes ...
‘Ularcirc.Rmd’ using ‘UTF-8’... OK
NONE
* checking re-building of vignette outputs ... OK
* checking PDF version of manual ... OK
* DONE
Status: 1 WARNING, 2 NOTEs
See
‘/home/biocbuild/bbs-3.17-bioc/meat/Ularcirc.Rcheck/00check.log’
for details.
Ularcirc.Rcheck/00install.out
############################################################################## ############################################################################## ### ### Running command: ### ### /home/biocbuild/bbs-3.17-bioc/R/bin/R CMD INSTALL Ularcirc ### ############################################################################## ############################################################################## * installing to library ‘/home/biocbuild/bbs-3.17-bioc/R/site-library’ * installing *source* package ‘Ularcirc’ ... ** using staged installation ** R ** inst ** byte-compile and prepare package for lazy loading ** help *** installing help indices ** building package indices ** installing vignettes ** testing if installed package can be loaded from temporary location ** testing if installed package can be loaded from final location ** testing if installed package keeps a record of temporary installation path * DONE (Ularcirc)
Ularcirc.Rcheck/Ularcirc-Ex.timings
| name | user | system | elapsed | |
| BSJ_details | 0.001 | 0.000 | 0.002 | |
| Compatible_Annotation_DBs | 8.159 | 0.679 | 8.840 | |
| FilterChimericJuncs | 0.228 | 0.000 | 0.228 | |
| Ularcirc | 0.001 | 0.000 | 0.000 | |
| bsj_fastq_generate | 0.044 | 0.000 | 0.044 | |
| bsj_to_circRNA_sequence | 2.814 | 0.067 | 2.886 | |
| chimericStats | 0.092 | 0.000 | 0.093 | |
| plot_AllJunctions | 1.348 | 0.056 | 1.408 | |