| Back to Multiple platform build/check report for BioC 3.17 |
|
This page was generated on 2023-01-12 10:57:13 -0500 (Thu, 12 Jan 2023).
| Hostname | OS | Arch (*) | R version | Installed pkgs |
|---|---|---|---|---|
| nebbiolo1 | Linux (Ubuntu 22.04.1 LTS) | x86_64 | R Under development (unstable) (2023-01-10 r83596) -- "Unsuffered Consequences" | 4226 |
| nebbiolo2 | Linux (Ubuntu 20.04.5 LTS) | x86_64 | R Under development (unstable) (2022-12-12 r83438) -- "Unsuffered Consequences" | 4243 |
| Click on any hostname to see more info about the system (e.g. compilers) (*) as reported by 'uname -p', except on Windows and Mac OS X | ||||
|
To the developers/maintainers of the TCseq package: - Please allow up to 24 hours (and sometimes 48 hours) for your latest push to git@git.bioconductor.org:packages/TCseq.git to reflect on this report. See How and When does the builder pull? When will my changes propagate? for more information. - Make sure to use the following settings in order to reproduce any error or warning you see on this page. |
| Package 2012/2160 | Hostname | OS / Arch | INSTALL | BUILD | CHECK | BUILD BIN | ||||||||
| TCseq 1.23.0 (landing page) Mengjun Wu
| nebbiolo1 | Linux (Ubuntu 22.04.1 LTS) / x86_64 | OK | OK | OK | |||||||||
| nebbiolo2 | Linux (Ubuntu 20.04.5 LTS) / x86_64 | OK | OK | ERROR | ||||||||||
| Package: TCseq |
| Version: 1.23.0 |
| Command: /home/biocbuild/bbs-3.17-bioc/R/bin/R CMD check --install=check:TCseq.install-out.txt --library=/home/biocbuild/bbs-3.17-bioc/R/library --timings TCseq_1.23.0.tar.gz |
| StartedAt: 2023-01-12 06:37:20 -0500 (Thu, 12 Jan 2023) |
| EndedAt: 2023-01-12 06:40:12 -0500 (Thu, 12 Jan 2023) |
| EllapsedTime: 171.8 seconds |
| RetCode: 1 |
| Status: ERROR |
| CheckDir: TCseq.Rcheck |
| Warnings: NA |
##############################################################################
##############################################################################
###
### Running command:
###
### /home/biocbuild/bbs-3.17-bioc/R/bin/R CMD check --install=check:TCseq.install-out.txt --library=/home/biocbuild/bbs-3.17-bioc/R/library --timings TCseq_1.23.0.tar.gz
###
##############################################################################
##############################################################################
* using log directory ‘/home/biocbuild/bbs-3.17-bioc/meat/TCseq.Rcheck’
* using R Under development (unstable) (2022-12-12 r83438)
* using platform: x86_64-pc-linux-gnu (64-bit)
* using session charset: UTF-8
* checking for file ‘TCseq/DESCRIPTION’ ... OK
* checking extension type ... Package
* this is package ‘TCseq’ version ‘1.23.0’
* checking package namespace information ... OK
* checking package dependencies ... OK
* checking if this is a source package ... OK
* checking if there is a namespace ... OK
* checking for hidden files and directories ... OK
* checking for portable file names ... OK
* checking for sufficient/correct file permissions ... OK
* checking whether package ‘TCseq’ can be installed ... OK
* checking package directory ... OK
* checking ‘build’ directory ... OK
* checking DESCRIPTION meta-information ... OK
* checking top-level files ... OK
* checking for left-over files ... OK
* checking index information ... OK
* checking package subdirectories ... OK
* checking R files for non-ASCII characters ... OK
* checking R files for syntax errors ... OK
* checking whether the package can be loaded ... OK
* checking whether the package can be loaded with stated dependencies ... OK
* checking whether the package can be unloaded cleanly ... OK
* checking whether the namespace can be loaded with stated dependencies ... OK
* checking whether the namespace can be unloaded cleanly ... OK
* checking loading without being on the library search path ... WARNING
Error in library(TCseq, lib.loc = "/home/biocbuild/bbs-3.17-bioc/R/library") :
there is no package called ‘TCseq’
Execution halted
It looks like this package has a loading problem when not on .libPaths:
see the messages for details.
* checking dependencies in R code ... OK
* checking S3 generic/method consistency ... OK
* checking replacement functions ... OK
* checking foreign function calls ... OK
* checking R code for possible problems ... NOTE
DBresult: no visible global function definition for ‘as’
DBresult.cluster: no visible global function definition for ‘as’
TCA: no visible global function definition for ‘is’
TCA: no visible global function definition for ‘as’
TCAFromSummarizedExperiment: no visible global function definition for
‘is’
TCAFromSummarizedExperiment: no visible global function definition for
‘as’
countReads: no visible global function definition for
‘createAnnotationFile’
countReads: no visible global function definition for ‘featureCounts’
timeclustplot: no visible binding for global variable ‘group’
timecourseTable: no visible global function definition for ‘as’
Undefined global functions or variables:
as createAnnotationFile featureCounts group is
Consider adding
importFrom("methods", "as", "is")
to your NAMESPACE file (and ensure that your DESCRIPTION Imports field
contains 'methods').
* checking Rd files ... OK
* checking Rd metadata ... OK
* checking Rd cross-references ... OK
* checking for missing documentation entries ... OK
* checking for code/documentation mismatches ... OK
* checking Rd \usage sections ... OK
* checking Rd contents ... OK
* checking for unstated dependencies in examples ... OK
* checking contents of ‘data’ directory ... OK
* checking data for non-ASCII characters ... WARNING
Error loading dataset 'tca_ATAC':
Error in .requirePackage(package) :
unable to find required package 'TCseq'
The dataset(s) may use package(s) not declared in Depends/Imports.
* checking LazyData ... OK
* checking data for ASCII and uncompressed saves ... OK
* checking files in ‘vignettes’ ... OK
* checking examples ... SKIPPED
* checking for unstated dependencies in ‘tests’ ... OK
* checking tests ...
Running ‘testthat.R’
ERROR
Running the tests in ‘tests/testthat.R’ failed.
Complete output:
> library(testthat)
> library(TCseq)
Error in library(TCseq) : there is no package called 'TCseq'
Execution halted
* checking for unstated dependencies in vignettes ... OK
* checking package vignettes in ‘inst/doc’ ... OK
* checking running R code from vignettes ...
‘TCseq.Rnw’ using ‘UTF-8’... failed
WARNING
Errors in running code in vignettes:
when running code in ‘TCseq.Rnw’
...
> library(TCseq)
When sourcing ‘TCseq.R’:
Error: there is no package called ‘TCseq’
Execution halted
* checking re-building of vignette outputs ... NOTE
Note: skipping ‘TCseq.Rnw’ due to unavailable dependencies: 'TCseq'
* checking PDF version of manual ... OK
* DONE
Status: 1 ERROR, 3 WARNINGs, 2 NOTEs
See
‘/home/biocbuild/bbs-3.17-bioc/meat/TCseq.Rcheck/00check.log’
for details.
TCseq.Rcheck/00install.out
############################################################################## ############################################################################## ### ### Running command: ### ### /home/biocbuild/bbs-3.17-bioc/R/bin/R CMD INSTALL TCseq ### ############################################################################## ############################################################################## * installing to library ‘/home/biocbuild/bbs-3.17-bioc/R/site-library’ * installing *source* package ‘TCseq’ ... ** using staged installation ** R ** data *** moving datasets to lazyload DB ** byte-compile and prepare package for lazy loading ** help *** installing help indices ** building package indices ** installing vignettes ** testing if installed package can be loaded from temporary location ** testing if installed package can be loaded from final location ** testing if installed package keeps a record of temporary installation path * DONE (TCseq)
TCseq.Rcheck/tests/testthat.Rout.fail
R Under development (unstable) (2022-12-12 r83438) -- "Unsuffered Consequences" Copyright (C) 2022 The R Foundation for Statistical Computing Platform: x86_64-pc-linux-gnu (64-bit) R is free software and comes with ABSOLUTELY NO WARRANTY. You are welcome to redistribute it under certain conditions. Type 'license()' or 'licence()' for distribution details. R is a collaborative project with many contributors. Type 'contributors()' for more information and 'citation()' on how to cite R or R packages in publications. Type 'demo()' for some demos, 'help()' for on-line help, or 'help.start()' for an HTML browser interface to help. Type 'q()' to quit R. > library(testthat) > library(TCseq) Error in library(TCseq) : there is no package called 'TCseq' Execution halted