| Back to Multiple platform build/check report for BioC 3.17 |
|
This page was generated on 2023-04-12 10:55:42 -0400 (Wed, 12 Apr 2023).
| Hostname | OS | Arch (*) | R version | Installed pkgs |
|---|---|---|---|---|
| nebbiolo1 | Linux (Ubuntu 22.04.1 LTS) | x86_64 | 4.3.0 alpha (2023-04-03 r84154) | 4547 |
| nebbiolo2 | Linux (Ubuntu 20.04.5 LTS) | x86_64 | R Under development (unstable) (2023-02-14 r83833) -- "Unsuffered Consequences" | 4333 |
| Click on any hostname to see more info about the system (e.g. compilers) (*) as reported by 'uname -p', except on Windows and Mac OS X | ||||
|
To the developers/maintainers of the TAPseq package: - Allow up to 24 hours (and sometimes 48 hours) for your latest push to git@git.bioconductor.org:packages/TAPseq.git to reflect on this report. See Troubleshooting Build Report for more information. - Use the following Renviron settings to reproduce errors and warnings. Note: If "R CMD check" recently failed on the Linux builder over a missing dependency, add the missing dependency to "Suggests" in your DESCRIPTION file. See the Renviron.bioc for details. |
| Package 2046/2207 | Hostname | OS / Arch | INSTALL | BUILD | CHECK | BUILD BIN | ||||||||
| TAPseq 1.11.0 (landing page) Andreas R. Gschwind
| nebbiolo1 | Linux (Ubuntu 22.04.1 LTS) / x86_64 | OK | OK | WARNINGS | |||||||||
| nebbiolo2 | Linux (Ubuntu 20.04.5 LTS) / x86_64 | OK | OK | WARNINGS | ||||||||||
| Package: TAPseq |
| Version: 1.11.0 |
| Command: /home/biocbuild/bbs-3.17-bioc/R/bin/R CMD check --install=check:TAPseq.install-out.txt --library=/home/biocbuild/bbs-3.17-bioc/R/site-library --timings TAPseq_1.11.0.tar.gz |
| StartedAt: 2023-04-12 09:50:30 -0400 (Wed, 12 Apr 2023) |
| EndedAt: 2023-04-12 09:59:36 -0400 (Wed, 12 Apr 2023) |
| EllapsedTime: 545.5 seconds |
| RetCode: 0 |
| Status: WARNINGS |
| CheckDir: TAPseq.Rcheck |
| Warnings: 1 |
##############################################################################
##############################################################################
###
### Running command:
###
### /home/biocbuild/bbs-3.17-bioc/R/bin/R CMD check --install=check:TAPseq.install-out.txt --library=/home/biocbuild/bbs-3.17-bioc/R/site-library --timings TAPseq_1.11.0.tar.gz
###
##############################################################################
##############################################################################
* using log directory ‘/home/biocbuild/bbs-3.17-bioc/meat/TAPseq.Rcheck’
* using R Under development (unstable) (2023-02-14 r83833)
* using platform: x86_64-pc-linux-gnu (64-bit)
* R was compiled by
gcc (Ubuntu 9.4.0-1ubuntu1~20.04.1) 9.4.0
GNU Fortran (Ubuntu 9.4.0-1ubuntu1~20.04.1) 9.4.0
* running under: Ubuntu 20.04.6 LTS
* using session charset: UTF-8
* checking for file ‘TAPseq/DESCRIPTION’ ... OK
* checking extension type ... Package
* this is package ‘TAPseq’ version ‘1.11.0’
* package encoding: UTF-8
* checking package namespace information ... OK
* checking package dependencies ... OK
* checking if this is a source package ... OK
* checking if there is a namespace ... OK
* checking for hidden files and directories ... OK
* checking for portable file names ... OK
* checking for sufficient/correct file permissions ... OK
* checking whether package ‘TAPseq’ can be installed ... WARNING
Found the following significant warnings:
Warning: Following software required by TAPseq is not installed or not in PATH:
See ‘/home/biocbuild/bbs-3.17-bioc/meat/TAPseq.Rcheck/00install.out’ for details.
* checking installed package size ... OK
* checking package directory ... OK
* checking ‘build’ directory ... OK
* checking DESCRIPTION meta-information ... OK
* checking top-level files ... OK
* checking for left-over files ... OK
* checking index information ... OK
* checking package subdirectories ... OK
* checking R files for non-ASCII characters ... OK
* checking R files for syntax errors ... OK
* checking whether the package can be loaded ... OK
* checking whether the package can be loaded with stated dependencies ... OK
* checking whether the package can be unloaded cleanly ... OK
* checking whether the namespace can be loaded with stated dependencies ... NOTE
Warning: Following software required by TAPseq is not installed or not in PATH:
primer3_core
makeblastdb
blastn
Please install these tools before trying to use this package!
A namespace must be able to be loaded with just the base namespace
loaded: otherwise if the namespace gets loaded by a saved object, the
session will be unable to start.
Probably some imports need to be declared in the NAMESPACE file.
* checking whether the namespace can be unloaded cleanly ... OK
* checking loading without being on the library search path ... OK
* checking dependencies in R code ... OK
* checking S3 generic/method consistency ... OK
* checking replacement functions ... OK
* checking foreign function calls ... OK
* checking R code for possible problems ... OK
* checking Rd files ... OK
* checking Rd metadata ... OK
* checking Rd cross-references ... OK
* checking for missing documentation entries ... OK
* checking for code/documentation mismatches ... OK
* checking Rd \usage sections ... OK
* checking Rd contents ... OK
* checking for unstated dependencies in examples ... OK
* checking contents of ‘data’ directory ... OK
* checking data for non-ASCII characters ... OK
* checking data for ASCII and uncompressed saves ... OK
* checking R/sysdata.rda ... OK
* checking files in ‘vignettes’ ... OK
* checking examples ... OK
Examples with CPU (user + system) or elapsed time > 5s
user system elapsed
selectTargetGenes 61.039 1.268 62.308
inferPolyASites 6.796 1.095 6.336
truncateTxsPolyA 7.103 0.072 7.175
TAPseqInput 5.732 0.324 6.056
pickPrimers 5.469 0.152 5.621
* checking for unstated dependencies in ‘tests’ ... OK
* checking tests ...
Running ‘testthat.R’
OK
* checking for unstated dependencies in vignettes ... OK
* checking package vignettes in ‘inst/doc’ ... OK
* checking running R code from vignettes ...
‘tapseq_primer_design.Rmd’ using ‘UTF-8’... OK
‘tapseq_target_genes.Rmd’ using ‘UTF-8’... OK
NONE
* checking re-building of vignette outputs ... OK
* checking PDF version of manual ... OK
* DONE
Status: 1 WARNING, 1 NOTE
See
‘/home/biocbuild/bbs-3.17-bioc/meat/TAPseq.Rcheck/00check.log’
for details.
TAPseq.Rcheck/00install.out
############################################################################## ############################################################################## ### ### Running command: ### ### /home/biocbuild/bbs-3.17-bioc/R/bin/R CMD INSTALL TAPseq ### ############################################################################## ############################################################################## * installing to library ‘/home/biocbuild/bbs-3.17-bioc/R/site-library’ * installing *source* package ‘TAPseq’ ... ** using staged installation ** R ** data ** inst ** byte-compile and prepare package for lazy loading ** help *** installing help indices ** building package indices ** installing vignettes ** testing if installed package can be loaded from temporary location Warning: Following software required by TAPseq is not installed or not in PATH: primer3_core makeblastdb blastn Please install these tools before trying to use this package! ** testing if installed package can be loaded from final location Warning: Following software required by TAPseq is not installed or not in PATH: primer3_core makeblastdb blastn Please install these tools before trying to use this package! ** testing if installed package keeps a record of temporary installation path * DONE (TAPseq)
TAPseq.Rcheck/tests/testthat.Rout
R Under development (unstable) (2023-02-14 r83833) -- "Unsuffered Consequences"
Copyright (C) 2023 The R Foundation for Statistical Computing
Platform: x86_64-pc-linux-gnu (64-bit)
R is free software and comes with ABSOLUTELY NO WARRANTY.
You are welcome to redistribute it under certain conditions.
Type 'license()' or 'licence()' for distribution details.
R is a collaborative project with many contributors.
Type 'contributors()' for more information and
'citation()' on how to cite R or R packages in publications.
Type 'demo()' for some demos, 'help()' for on-line help, or
'help.start()' for an HTML browser interface to help.
Type 'q()' to quit R.
> library(testthat)
> library(TAPseq)
TAPseq is using the following tools:
primer3_core: NA
makeblastdb: NA
blastn: NA
Warning message:
Following software required by TAPseq is not installed or not in PATH:
primer3_core
makeblastdb
blastn
Please install these tools before trying to use this package!
>
> test_check("TAPseq")
[ FAIL 0 | WARN 0 | SKIP 0 | PASS 209 ]
>
> proc.time()
user system elapsed
48.807 1.899 50.715
TAPseq.Rcheck/TAPseq-Ex.timings
| name | user | system | elapsed | |
| TAPseqInput | 5.732 | 0.324 | 6.056 | |
| TsIO-class | 0.058 | 0.004 | 0.062 | |
| TsIOList-class | 0.179 | 0.006 | 0.198 | |
| accessors | 0.334 | 0.000 | 0.334 | |
| checkPrimers | 2.209 | 0.012 | 2.222 | |
| createIORecord | 2.092 | 0.064 | 2.155 | |
| designPrimers | 0.066 | 0.000 | 0.065 | |
| estimateOffTargets | 0.001 | 0.000 | 0.000 | |
| exportPrimers | 4.360 | 0.088 | 4.449 | |
| getTxsSeq | 0.908 | 0.032 | 0.954 | |
| inferPolyASites | 6.796 | 1.095 | 6.336 | |
| parsePrimer3Output | 0 | 0 | 0 | |
| pickPrimers | 5.469 | 0.152 | 5.621 | |
| selectTargetGenes | 61.039 | 1.268 | 62.308 | |
| truncateTxsPolyA | 7.103 | 0.072 | 7.175 | |