| Back to Multiple platform build/check report for BioC 3.17 |
|
This page was generated on 2023-04-12 10:55:30 -0400 (Wed, 12 Apr 2023).
| Hostname | OS | Arch (*) | R version | Installed pkgs |
|---|---|---|---|---|
| nebbiolo1 | Linux (Ubuntu 22.04.1 LTS) | x86_64 | 4.3.0 alpha (2023-04-03 r84154) | 4547 |
| nebbiolo2 | Linux (Ubuntu 20.04.5 LTS) | x86_64 | R Under development (unstable) (2023-02-14 r83833) -- "Unsuffered Consequences" | 4333 |
| Click on any hostname to see more info about the system (e.g. compilers) (*) as reported by 'uname -p', except on Windows and Mac OS X | ||||
|
To the developers/maintainers of the RITAN package: - Allow up to 24 hours (and sometimes 48 hours) for your latest push to git@git.bioconductor.org:packages/RITAN.git to reflect on this report. See Troubleshooting Build Report for more information. - Use the following Renviron settings to reproduce errors and warnings. Note: If "R CMD check" recently failed on the Linux builder over a missing dependency, add the missing dependency to "Suggests" in your DESCRIPTION file. See the Renviron.bioc for details. |
| Package 1709/2207 | Hostname | OS / Arch | INSTALL | BUILD | CHECK | BUILD BIN | ||||||||
| RITAN 1.23.0 (landing page) Michael Zimmermann
| nebbiolo1 | Linux (Ubuntu 22.04.1 LTS) / x86_64 | OK | OK | WARNINGS | |||||||||
| nebbiolo2 | Linux (Ubuntu 20.04.5 LTS) / x86_64 | OK | OK | WARNINGS | ||||||||||
| Package: RITAN |
| Version: 1.23.0 |
| Command: /home/biocbuild/bbs-3.17-bioc/R/bin/R CMD check --install=check:RITAN.install-out.txt --library=/home/biocbuild/bbs-3.17-bioc/R/site-library --timings RITAN_1.23.0.tar.gz |
| StartedAt: 2023-04-11 23:01:29 -0400 (Tue, 11 Apr 2023) |
| EndedAt: 2023-04-11 23:08:27 -0400 (Tue, 11 Apr 2023) |
| EllapsedTime: 418.8 seconds |
| RetCode: 0 |
| Status: WARNINGS |
| CheckDir: RITAN.Rcheck |
| Warnings: 1 |
##############################################################################
##############################################################################
###
### Running command:
###
### /home/biocbuild/bbs-3.17-bioc/R/bin/R CMD check --install=check:RITAN.install-out.txt --library=/home/biocbuild/bbs-3.17-bioc/R/site-library --timings RITAN_1.23.0.tar.gz
###
##############################################################################
##############################################################################
* using log directory ‘/home/biocbuild/bbs-3.17-bioc/meat/RITAN.Rcheck’
* using R version 4.3.0 alpha (2023-04-03 r84154)
* using platform: x86_64-pc-linux-gnu (64-bit)
* R was compiled by
gcc (Ubuntu 11.3.0-1ubuntu1~22.04) 11.3.0
GNU Fortran (Ubuntu 11.3.0-1ubuntu1~22.04) 11.3.0
* running under: Ubuntu 22.04.2 LTS
* using session charset: UTF-8
* checking for file ‘RITAN/DESCRIPTION’ ... OK
* checking extension type ... Package
* this is package ‘RITAN’ version ‘1.23.0’
* checking package namespace information ... OK
* checking package dependencies ... OK
* checking if this is a source package ... OK
* checking if there is a namespace ... OK
* checking for hidden files and directories ... OK
* checking for portable file names ... OK
* checking for sufficient/correct file permissions ... OK
* checking whether package ‘RITAN’ can be installed ... WARNING
Found the following significant warnings:
Warning: replacing previous import 'ensembldb::keys' by 'hash::keys' when loading 'RITAN'
Warning: replacing previous import 'ensembldb::filter' by 'stats::filter' when loading 'RITAN'
See ‘/home/biocbuild/bbs-3.17-bioc/meat/RITAN.Rcheck/00install.out’ for details.
* checking installed package size ... OK
* checking package directory ... OK
* checking ‘build’ directory ... OK
* checking DESCRIPTION meta-information ... NOTE
Package listed in more than one of Depends, Imports, Suggests, Enhances:
‘BgeeDB’
A package should be listed in only one of these fields.
* checking top-level files ... OK
* checking for left-over files ... OK
* checking index information ... OK
* checking package subdirectories ... OK
* checking R files for non-ASCII characters ... OK
* checking R files for syntax errors ... OK
* checking whether the package can be loaded ... OK
* checking whether the package can be loaded with stated dependencies ... OK
* checking whether the package can be unloaded cleanly ... OK
* checking whether the namespace can be loaded with stated dependencies ... OK
* checking whether the namespace can be unloaded cleanly ... OK
* checking loading without being on the library search path ... OK
* checking dependencies in R code ... NOTE
Namespaces in Imports field not imported from:
'BgeeDB' 'knitr'
All declared Imports should be used.
* checking S3 generic/method consistency ... OK
* checking replacement functions ... OK
* checking foreign function calls ... OK
* checking R code for possible problems ... NOTE
enrichment_symbols: no visible binding for global variable
'active_genesets'
icon_dual_between: no visible binding for global variable 'all_symbols'
icon_single_within: no visible binding for global variable
'all_symbols'
load_geneset_symbols: no visible binding for global variable
'geneset_list'
load_geneset_symbols: no visible binding for global variable
'active_genesets'
plot.term_enrichment_by_subset: no visible binding for global variable
'Var2'
plot.term_enrichment_by_subset: no visible binding for global variable
'Var1'
show_active_genesets_hist: no visible binding for global variable
'active_genesets'
term_enrichment : process_source: no visible binding for global
variable 'active_genesets'
Undefined global functions or variables:
Var1 Var2 active_genesets all_symbols geneset_list
* checking Rd files ... OK
* checking Rd metadata ... OK
* checking Rd cross-references ... OK
* checking for missing documentation entries ... OK
* checking for code/documentation mismatches ... OK
* checking Rd \usage sections ... OK
* checking Rd contents ... OK
* checking for unstated dependencies in examples ... OK
* checking contents of ‘data’ directory ... OK
* checking data for non-ASCII characters ... OK
* checking LazyData ... OK
* checking data for ASCII and uncompressed saves ... OK
* checking files in ‘vignettes’ ... OK
* checking examples ... OK
* checking for unstated dependencies in vignettes ... OK
* checking package vignettes in ‘inst/doc’ ... OK
* checking running R code from vignettes ...
‘choosing_resources.Rmd’ using ‘UTF-8’... OK
‘enrichment.Rmd’ using ‘UTF-8’... OK
‘multi_tissue_analysis.Rmd’ using ‘UTF-8’... OK
‘resource_relationships.Rmd’ using ‘UTF-8’... OK
‘subnetworks.Rmd’ using ‘UTF-8’... OK
NONE
* checking re-building of vignette outputs ... OK
* checking PDF version of manual ... OK
* DONE
Status: 1 WARNING, 3 NOTEs
See
‘/home/biocbuild/bbs-3.17-bioc/meat/RITAN.Rcheck/00check.log’
for details.
RITAN.Rcheck/00install.out
############################################################################## ############################################################################## ### ### Running command: ### ### /home/biocbuild/bbs-3.17-bioc/R/bin/R CMD INSTALL RITAN ### ############################################################################## ############################################################################## * installing to library ‘/home/biocbuild/bbs-3.17-bioc/R/site-library’ * installing *source* package ‘RITAN’ ... ** using staged installation ** R ** data *** moving datasets to lazyload DB ** inst ** byte-compile and prepare package for lazy loading Warning: replacing previous import 'ensembldb::keys' by 'hash::keys' when loading 'RITAN' Warning: replacing previous import 'ensembldb::filter' by 'stats::filter' when loading 'RITAN' ** help *** installing help indices ** building package indices ** installing vignettes ** testing if installed package can be loaded from temporary location Warning: replacing previous import 'ensembldb::keys' by 'hash::keys' when loading 'RITAN' Warning: replacing previous import 'ensembldb::filter' by 'stats::filter' when loading 'RITAN' ** testing if installed package can be loaded from final location Warning: replacing previous import 'ensembldb::keys' by 'hash::keys' when loading 'RITAN' Warning: replacing previous import 'ensembldb::filter' by 'stats::filter' when loading 'RITAN' ** testing if installed package keeps a record of temporary installation path * DONE (RITAN)
RITAN.Rcheck/RITAN-Ex.timings
| name | user | system | elapsed | |
| as.graph | 0 | 0 | 0 | |
| check_any_net_input | 2.021 | 0.104 | 2.127 | |
| check_net_input | 0.054 | 0.000 | 0.053 | |
| enrichment_symbols | 0.587 | 0.055 | 0.644 | |
| geneset_overlap | 0.103 | 0.004 | 0.107 | |
| icon_test | 0.000 | 0.001 | 0.001 | |
| load_geneset_symbols | 0.011 | 0.003 | 0.013 | |
| network_overlap | 0.019 | 0.000 | 0.019 | |
| plot.term_enrichment | 1.782 | 0.239 | 2.023 | |
| plot.term_enrichment_by_subset | 0.013 | 0.004 | 0.017 | |
| readGMT | 0 | 0 | 0 | |
| readSIF | 0.001 | 0.000 | 0.000 | |
| resource_reduce | 1.985 | 0.136 | 2.121 | |
| show_active_genesets_hist | 0.016 | 0.000 | 0.016 | |
| summary.term_enrichment | 0.612 | 0.196 | 0.809 | |
| summary.term_enrichment_by_subset | 1.086 | 0.340 | 1.426 | |
| term_enrichment | 0.563 | 0.196 | 0.758 | |
| term_enrichment_by_subset | 0.012 | 0.000 | 0.012 | |
| vac1.day0vs31.de.genes | 0 | 0 | 0 | |
| vac1.day0vs56.de.genes | 0.001 | 0.000 | 0.000 | |
| vac2.day0vs31.de.genes | 0.000 | 0.000 | 0.001 | |
| vac2.day0vs56.de.genes | 0 | 0 | 0 | |
| writeGMT | 0 | 0 | 0 | |
| write_simple_table | 0 | 0 | 0 | |