| Back to Multiple platform build/check report for BioC 3.17 |
|
This page was generated on 2023-04-12 10:55:40 -0400 (Wed, 12 Apr 2023).
| Hostname | OS | Arch (*) | R version | Installed pkgs |
|---|---|---|---|---|
| nebbiolo1 | Linux (Ubuntu 22.04.1 LTS) | x86_64 | 4.3.0 alpha (2023-04-03 r84154) | 4547 |
| nebbiolo2 | Linux (Ubuntu 20.04.5 LTS) | x86_64 | R Under development (unstable) (2023-02-14 r83833) -- "Unsuffered Consequences" | 4333 |
| Click on any hostname to see more info about the system (e.g. compilers) (*) as reported by 'uname -p', except on Windows and Mac OS X | ||||
|
To the developers/maintainers of the RGMQL package: - Allow up to 24 hours (and sometimes 48 hours) for your latest push to git@git.bioconductor.org:packages/RGMQL.git to reflect on this report. See Troubleshooting Build Report for more information. - Use the following Renviron settings to reproduce errors and warnings. Note: If "R CMD check" recently failed on the Linux builder over a missing dependency, add the missing dependency to "Suggests" in your DESCRIPTION file. See the Renviron.bioc for details. |
| Package 1683/2207 | Hostname | OS / Arch | INSTALL | BUILD | CHECK | BUILD BIN | ||||||||
| RGMQL 1.19.0 (landing page) Simone Pallotta
| nebbiolo1 | Linux (Ubuntu 22.04.1 LTS) / x86_64 | OK | OK | WARNINGS | |||||||||
| nebbiolo2 | Linux (Ubuntu 20.04.5 LTS) / x86_64 | OK | OK | WARNINGS | ||||||||||
| Package: RGMQL |
| Version: 1.19.0 |
| Command: /home/biocbuild/bbs-3.17-bioc/R/bin/R CMD check --install=check:RGMQL.install-out.txt --library=/home/biocbuild/bbs-3.17-bioc/R/site-library --timings RGMQL_1.19.0.tar.gz |
| StartedAt: 2023-04-12 08:49:08 -0400 (Wed, 12 Apr 2023) |
| EndedAt: 2023-04-12 08:54:49 -0400 (Wed, 12 Apr 2023) |
| EllapsedTime: 341.1 seconds |
| RetCode: 0 |
| Status: WARNINGS |
| CheckDir: RGMQL.Rcheck |
| Warnings: 1 |
##############################################################################
##############################################################################
###
### Running command:
###
### /home/biocbuild/bbs-3.17-bioc/R/bin/R CMD check --install=check:RGMQL.install-out.txt --library=/home/biocbuild/bbs-3.17-bioc/R/site-library --timings RGMQL_1.19.0.tar.gz
###
##############################################################################
##############################################################################
* using log directory ‘/home/biocbuild/bbs-3.17-bioc/meat/RGMQL.Rcheck’
* using R Under development (unstable) (2023-02-14 r83833)
* using platform: x86_64-pc-linux-gnu (64-bit)
* R was compiled by
gcc (Ubuntu 9.4.0-1ubuntu1~20.04.1) 9.4.0
GNU Fortran (Ubuntu 9.4.0-1ubuntu1~20.04.1) 9.4.0
* running under: Ubuntu 20.04.6 LTS
* using session charset: UTF-8
* checking for file ‘RGMQL/DESCRIPTION’ ... OK
* checking extension type ... Package
* this is package ‘RGMQL’ version ‘1.19.0’
* package encoding: UTF-8
* checking package namespace information ... OK
* checking package dependencies ... OK
* checking if this is a source package ... OK
* checking if there is a namespace ... OK
* checking for hidden files and directories ... NOTE
Found the following hidden files and directories:
.BBSoptions
These were most likely included in error. See section ‘Package
structure’ in the ‘Writing R Extensions’ manual.
* checking for portable file names ... WARNING
Found the following files with non-portable file names:
Example of workflows/use_case_1 - GITHUB.Rmd
Example of workflows/use_case_1 - GITHUB.html
Example of workflows/use_case_3 - GITHUB.Rmd
Example of workflows/use_case_3 - GITHUB.html
Example of workflows
These are not fully portable file names.
See section ‘Package structure’ in the ‘Writing R Extensions’ manual.
* checking for sufficient/correct file permissions ... OK
* checking whether package ‘RGMQL’ can be installed ... OK
* checking installed package size ... NOTE
installed size is 90.0Mb
sub-directories of 1Mb or more:
example 89.3Mb
* checking package directory ... OK
* checking ‘build’ directory ... OK
* checking DESCRIPTION meta-information ... OK
* checking top-level files ... OK
* checking for left-over files ... OK
* checking index information ... OK
* checking package subdirectories ... OK
* checking R files for non-ASCII characters ... OK
* checking R files for syntax errors ... OK
* checking whether the package can be loaded ... OK
* checking whether the package can be loaded with stated dependencies ... OK
* checking whether the package can be unloaded cleanly ... OK
* checking whether the namespace can be loaded with stated dependencies ... OK
* checking whether the namespace can be unloaded cleanly ... OK
* checking loading without being on the library search path ... OK
* checking dependencies in R code ... OK
* checking S3 generic/method consistency ... OK
* checking replacement functions ... OK
* checking foreign function calls ... OK
* checking R code for possible problems ... OK
* checking Rd files ... OK
* checking Rd metadata ... OK
* checking Rd cross-references ... OK
* checking for missing documentation entries ... OK
* checking for code/documentation mismatches ... OK
* checking Rd \usage sections ... OK
* checking Rd contents ... OK
* checking for unstated dependencies in examples ... OK
* checking files in ‘vignettes’ ... OK
* checking examples ... OK
Examples with CPU (user + system) or elapsed time > 5s
user system elapsed
aggr-class 7.653 0.408 2.873
take 6.668 0.389 2.040
show_dataset 0.311 0.013 6.325
* checking for unstated dependencies in vignettes ... OK
* checking package vignettes in ‘inst/doc’ ... OK
* checking running R code from vignettes ...
‘RGMQL-vignette.Rmd’ using ‘UTF-8’... OK
NONE
* checking re-building of vignette outputs ... OK
* checking PDF version of manual ... OK
* DONE
Status: 1 WARNING, 2 NOTEs
See
‘/home/biocbuild/bbs-3.17-bioc/meat/RGMQL.Rcheck/00check.log’
for details.
RGMQL.Rcheck/00install.out
############################################################################## ############################################################################## ### ### Running command: ### ### /home/biocbuild/bbs-3.17-bioc/R/bin/R CMD INSTALL RGMQL ### ############################################################################## ############################################################################## * installing to library ‘/home/biocbuild/bbs-3.17-bioc/R/site-library’ * installing *source* package ‘RGMQL’ ... ** using staged installation ** R ** inst ** byte-compile and prepare package for lazy loading ** help *** installing help indices ** building package indices ** installing vignettes ** testing if installed package can be loaded from temporary location ** testing if installed package can be loaded from final location ** testing if installed package keeps a record of temporary installation path * DONE (RGMQL)
RGMQL.Rcheck/RGMQL-Ex.timings
| name | user | system | elapsed | |
| aggr-class | 7.653 | 0.408 | 2.873 | |
| aggregate | 0.066 | 0.004 | 0.036 | |
| arrange | 0.054 | 0.004 | 0.045 | |
| collect | 0.049 | 0.000 | 0.039 | |
| compile_query | 0.132 | 0.012 | 2.443 | |
| cover-param-class | 0.097 | 0.005 | 0.069 | |
| cover | 0.077 | 0.005 | 0.052 | |
| delete_dataset | 0.001 | 0.000 | 0.000 | |
| distal-class | 0.097 | 0.008 | 0.084 | |
| download_dataset | 0 | 0 | 0 | |
| execute | 0.049 | 0.000 | 0.033 | |
| export_gmql | 0.481 | 0.077 | 0.555 | |
| extend | 0.045 | 0.004 | 0.034 | |
| filter | 0.111 | 0.010 | 0.080 | |
| filter_and_extract | 2.537 | 0.056 | 2.585 | |
| group_by | 0.057 | 0.000 | 0.044 | |
| import_gmql | 0.133 | 0.003 | 0.137 | |
| init_gmql | 0.025 | 0.000 | 0.172 | |
| log_job | 0.025 | 0.000 | 0.343 | |
| login_gmql | 0.014 | 0.001 | 0.161 | |
| logout_gmql | 0.031 | 0.004 | 0.392 | |
| map | 0.077 | 0.012 | 0.074 | |
| merge | 0.075 | 0.000 | 0.047 | |
| operator-class | 0.145 | 0.012 | 0.092 | |
| ordering-class | 0.056 | 0.004 | 0.026 | |
| read-function | 0.106 | 0.001 | 0.387 | |
| register_gmql | 0 | 0 | 0 | |
| remote_processing | 0.007 | 0.000 | 0.006 | |
| run_query | 0 | 0 | 0 | |
| sample_metadata | 0.034 | 0.000 | 0.492 | |
| sample_region | 0 | 0 | 0 | |
| save_query | 0.063 | 0.003 | 1.555 | |
| select | 0.068 | 0.000 | 0.052 | |
| semijoin | 0.088 | 0.003 | 0.056 | |
| setdiff | 0.084 | 0.000 | 0.058 | |
| show_all_metadata | 0.059 | 0.012 | 0.628 | |
| show_dataset | 0.311 | 0.013 | 6.325 | |
| show_jobs_list | 0.027 | 0.003 | 0.350 | |
| show_queries_list | 0.027 | 0.004 | 0.352 | |
| show_samples_list | 0.023 | 0.000 | 0.379 | |
| show_schema | 0.027 | 0.000 | 0.348 | |
| stop_gmql | 0.085 | 0.025 | 0.054 | |
| stop_job | 0 | 0 | 0 | |
| take | 6.668 | 0.389 | 2.040 | |
| union | 0.159 | 0.000 | 0.045 | |
| upload_dataset | 0.004 | 0.004 | 0.001 | |