| Back to Multiple platform build/check report for BioC 3.17 |
|
This page was generated on 2023-04-12 10:55:40 -0400 (Wed, 12 Apr 2023).
| Hostname | OS | Arch (*) | R version | Installed pkgs |
|---|---|---|---|---|
| nebbiolo1 | Linux (Ubuntu 22.04.1 LTS) | x86_64 | 4.3.0 alpha (2023-04-03 r84154) | 4547 |
| nebbiolo2 | Linux (Ubuntu 20.04.5 LTS) | x86_64 | R Under development (unstable) (2023-02-14 r83833) -- "Unsuffered Consequences" | 4333 |
| Click on any hostname to see more info about the system (e.g. compilers) (*) as reported by 'uname -p', except on Windows and Mac OS X | ||||
|
To the developers/maintainers of the RCyjs package: - Allow up to 24 hours (and sometimes 48 hours) for your latest push to git@git.bioconductor.org:packages/RCyjs.git to reflect on this report. See Troubleshooting Build Report for more information. - Use the following Renviron settings to reproduce errors and warnings. Note: If "R CMD check" recently failed on the Linux builder over a missing dependency, add the missing dependency to "Suggests" in your DESCRIPTION file. See the Renviron.bioc for details. |
| Package 1641/2207 | Hostname | OS / Arch | INSTALL | BUILD | CHECK | BUILD BIN | ||||||||
| RCyjs 2.21.0 (landing page) Paul Shannon
| nebbiolo1 | Linux (Ubuntu 22.04.1 LTS) / x86_64 | OK | OK | WARNINGS | |||||||||
| nebbiolo2 | Linux (Ubuntu 20.04.5 LTS) / x86_64 | OK | OK | WARNINGS | ||||||||||
| Package: RCyjs |
| Version: 2.21.0 |
| Command: /home/biocbuild/bbs-3.17-bioc/R/bin/R CMD check --install=check:RCyjs.install-out.txt --library=/home/biocbuild/bbs-3.17-bioc/R/site-library --timings RCyjs_2.21.0.tar.gz |
| StartedAt: 2023-04-12 08:42:39 -0400 (Wed, 12 Apr 2023) |
| EndedAt: 2023-04-12 08:43:20 -0400 (Wed, 12 Apr 2023) |
| EllapsedTime: 41.2 seconds |
| RetCode: 0 |
| Status: WARNINGS |
| CheckDir: RCyjs.Rcheck |
| Warnings: 1 |
##############################################################################
##############################################################################
###
### Running command:
###
### /home/biocbuild/bbs-3.17-bioc/R/bin/R CMD check --install=check:RCyjs.install-out.txt --library=/home/biocbuild/bbs-3.17-bioc/R/site-library --timings RCyjs_2.21.0.tar.gz
###
##############################################################################
##############################################################################
* using log directory ‘/home/biocbuild/bbs-3.17-bioc/meat/RCyjs.Rcheck’
* using R Under development (unstable) (2023-02-14 r83833)
* using platform: x86_64-pc-linux-gnu (64-bit)
* R was compiled by
gcc (Ubuntu 9.4.0-1ubuntu1~20.04.1) 9.4.0
GNU Fortran (Ubuntu 9.4.0-1ubuntu1~20.04.1) 9.4.0
* running under: Ubuntu 20.04.6 LTS
* using session charset: UTF-8
* checking for file ‘RCyjs/DESCRIPTION’ ... OK
* checking extension type ... Package
* this is package ‘RCyjs’ version ‘2.21.0’
* checking package namespace information ... OK
* checking package dependencies ... OK
* checking if this is a source package ... OK
* checking if there is a namespace ... OK
* checking for hidden files and directories ... OK
* checking for portable file names ... OK
* checking for sufficient/correct file permissions ... OK
* checking whether package ‘RCyjs’ can be installed ... OK
* checking installed package size ... OK
* checking package directory ... OK
* checking ‘build’ directory ... OK
* checking DESCRIPTION meta-information ... OK
* checking top-level files ... OK
* checking for left-over files ... OK
* checking index information ... OK
* checking package subdirectories ... OK
* checking R files for non-ASCII characters ... OK
* checking R files for syntax errors ... OK
* checking whether the package can be loaded ... OK
* checking whether the package can be loaded with stated dependencies ... OK
* checking whether the package can be unloaded cleanly ... OK
* checking whether the namespace can be loaded with stated dependencies ... OK
* checking whether the namespace can be unloaded cleanly ... OK
* checking loading without being on the library search path ... OK
* checking dependencies in R code ... OK
* checking S3 generic/method consistency ... OK
* checking replacement functions ... OK
* checking foreign function calls ... OK
* checking R code for possible problems ... OK
* checking Rd files ... OK
* checking Rd metadata ... OK
* checking Rd cross-references ... OK
* checking for missing documentation entries ... OK
* checking for code/documentation mismatches ... OK
* checking Rd \usage sections ... WARNING
Undocumented arguments in documentation object 'hideNodes,RCyjs-method'
‘nodeIDs’
Undocumented arguments in documentation object 'readAndStandardizeJSONNetworkFile'
‘filename’
Documented arguments not in \usage in documentation object 'readAndStandardizeJSONNetworkFile':
‘file’
Undocumented arguments in documentation object 'readAndStandardizeJSONStyleFile'
‘filename’
Documented arguments not in \usage in documentation object 'readAndStandardizeJSONStyleFile':
‘file’
Undocumented arguments in documentation object 'showNodes,RCyjs-method'
‘nodeIDs’
Functions with \usage entries need to have the appropriate \alias
entries, and all their arguments documented.
The \usage entries must correspond to syntactically valid R code.
See chapter ‘Writing R documentation files’ in the ‘Writing R
Extensions’ manual.
* checking Rd contents ... OK
* checking for unstated dependencies in examples ... OK
* checking include directives in Makefiles ... OK
* checking files in ‘vignettes’ ... OK
* checking examples ... OK
* checking for unstated dependencies in ‘tests’ ... OK
* checking tests ...
Running ‘runTests.R’
OK
* checking for unstated dependencies in vignettes ... OK
* checking package vignettes in ‘inst/doc’ ... OK
* checking running R code from vignettes ...
‘RCyjs.Rmd’ using ‘UTF-8’... OK
NONE
* checking re-building of vignette outputs ... OK
* checking PDF version of manual ... OK
* DONE
Status: 1 WARNING
See
‘/home/biocbuild/bbs-3.17-bioc/meat/RCyjs.Rcheck/00check.log’
for details.
RCyjs.Rcheck/00install.out
############################################################################## ############################################################################## ### ### Running command: ### ### /home/biocbuild/bbs-3.17-bioc/R/bin/R CMD INSTALL RCyjs ### ############################################################################## ############################################################################## * installing to library ‘/home/biocbuild/bbs-3.17-bioc/R/site-library’ * installing *source* package ‘RCyjs’ ... ** using staged installation ** R ** inst ** byte-compile and prepare package for lazy loading Creating a new generic function for ‘layout’ in package ‘RCyjs’ ** help *** installing help indices ** building package indices ** installing vignettes ** testing if installed package can be loaded from temporary location ** testing if installed package can be loaded from final location ** testing if installed package keeps a record of temporary installation path * DONE (RCyjs)
RCyjs.Rcheck/tests/runTests.Rout
R Under development (unstable) (2023-02-14 r83833) -- "Unsuffered Consequences"
Copyright (C) 2023 The R Foundation for Statistical Computing
Platform: x86_64-pc-linux-gnu (64-bit)
R is free software and comes with ABSOLUTELY NO WARRANTY.
You are welcome to redistribute it under certain conditions.
Type 'license()' or 'licence()' for distribution details.
R is a collaborative project with many contributors.
Type 'contributors()' for more information and
'citation()' on how to cite R or R packages in publications.
Type 'demo()' for some demos, 'help()' for on-line help, or
'help.start()' for an HTML browser interface to help.
Type 'q()' to quit R.
> # disabled: the bioc build system no longer supports browser use.
> # BiocGenerics:::testPackage("RCyjs")
>
> proc.time()
user system elapsed
0.172 0.048 0.203
RCyjs.Rcheck/RCyjs-Ex.timings
| name | user | system | elapsed | |
| RCyjs-class | 0 | 0 | 0 | |
| addGraph | 0.001 | 0.000 | 0.000 | |
| addGraphFromFile | 0 | 0 | 0 | |
| clearSelection | 0 | 0 | 0 | |
| createTestGaph | 0.007 | 0.000 | 0.007 | |
| deleteGraph | 0 | 0 | 0 | |
| deleteSelectedNodes | 0.001 | 0.000 | 0.000 | |
| eda | 0 | 0 | 0 | |
| edaNames | 0.001 | 0.000 | 0.000 | |
| fit | 0 | 0 | 0 | |
| fitSelection | 0 | 0 | 0 | |
| getEdgeCount | 0 | 0 | 0 | |
| getJSON | 0 | 0 | 0 | |
| getLayoutStrategies | 0 | 0 | 0 | |
| getNodeCount | 0 | 0 | 0 | |
| getNodes | 0 | 0 | 0 | |
| getPosition | 0 | 0 | 0 | |
| getSelectedNodes | 0 | 0 | 0 | |
| getSupportedEdgeDecoratorShapes | 0.001 | 0.000 | 0.000 | |
| getSupportedNodeShapes | 0 | 0 | 0 | |
| getZoom | 0 | 0 | 0 | |
| graphNELtoJSON.string | 0 | 0 | 0 | |
| hAlign | 0.001 | 0.000 | 0.000 | |
| hideAllEdges | 0 | 0 | 0 | |
| hideEdges | 0.001 | 0.000 | 0.000 | |
| hideNodes | 0 | 0 | 0 | |
| hideSelectedNodes | 0.000 | 0.000 | 0.001 | |
| invertNodeSelection | 0 | 0 | 0 | |
| layout | 0.000 | 0.000 | 0.001 | |
| layoutSelectionInGrid | 0.001 | 0.000 | 0.000 | |
| layoutSelectionInGridInferAnchorm | 0 | 0 | 0 | |
| loadStyleFile | 0 | 0 | 0 | |
| noa | 0 | 0 | 0 | |
| noaNames | 0 | 0 | 0 | |
| redraw | 0 | 0 | 0 | |
| restoreLayout | 0 | 0 | 0 | |
| saveJPG | 0.000 | 0.001 | 0.000 | |
| saveLayout | 0.000 | 0.000 | 0.001 | |
| savePNG | 0.000 | 0.001 | 0.000 | |
| selectFirstNeighborsOfSelectedNodes | 0 | 0 | 0 | |
| selectNodes | 0 | 0 | 0 | |
| setBackgroundColor | 0 | 0 | 0 | |
| setDefaultEdgeColor | 0 | 0 | 0 | |
| setDefaultEdgeLineColor | 0 | 0 | 0 | |
| setDefaultEdgeLineStyle | 0 | 0 | 0 | |
| setDefaultEdgeSourceArrowColor | 0 | 0 | 0 | |
| setDefaultEdgeSourceArrowShape | 0 | 0 | 0 | |
| setDefaultEdgeTargetArrowColor | 0 | 0 | 0 | |
| setDefaultEdgeTargetArrowShape | 0.001 | 0.000 | 0.000 | |
| setDefaultEdgeWidth | 0 | 0 | 0 | |
| setDefaultNodeBorderColor | 0 | 0 | 0 | |
| setDefaultNodeBorderWidth | 0 | 0 | 0 | |
| setDefaultNodeColor | 0 | 0 | 0 | |
| setDefaultNodeFontColor | 0 | 0 | 0 | |
| setDefaultNodeFontSize | 0 | 0 | 0 | |
| setDefaultNodeHeight | 0 | 0 | 0 | |
| setDefaultNodeShape | 0 | 0 | 0 | |
| setDefaultNodeSize | 0 | 0 | 0 | |
| setDefaultNodeWidth | 0 | 0 | 0 | |
| setDefaultStyle | 0 | 0 | 0 | |
| setEdgeStyle | 0 | 0 | 0 | |
| setGraph | 0 | 0 | 0 | |
| setNodeAttributes | 0 | 0 | 0 | |
| setNodeBorderColor | 0 | 0 | 0 | |
| setNodeBorderWidth | 0 | 0 | 0 | |
| setNodeColor | 0 | 0 | 0 | |
| setNodeColorRule | 0 | 0 | 0 | |
| setNodeFontColor | 0 | 0 | 0 | |
| setNodeFontSize | 0 | 0 | 0 | |
| setNodeHeight | 0 | 0 | 0 | |
| setNodeLabelRule | 0 | 0 | 0 | |
| setNodeShape | 0 | 0 | 0 | |
| setNodeSize | 0 | 0 | 0 | |
| setNodeSizeRule | 0 | 0 | 0 | |
| setNodeWidth | 0.000 | 0.000 | 0.001 | |
| setPosition | 0 | 0 | 0 | |
| setZoom | 0.000 | 0.000 | 0.001 | |
| sfn | 0 | 0 | 0 | |
| showAll | 0.000 | 0.000 | 0.001 | |
| showEdges | 0.001 | 0.000 | 0.000 | |
| showNodes | 0 | 0 | 0 | |
| simpleDemoGraph | 0.050 | 0.000 | 0.049 | |
| vAlign | 0.001 | 0.000 | 0.000 | |