| Back to Multiple platform build/check report for BioC 3.17 | 
 | 
This page was generated on 2023-04-12 10:55:40 -0400 (Wed, 12 Apr 2023).
| Hostname | OS | Arch (*) | R version | Installed pkgs | 
|---|---|---|---|---|
| nebbiolo1 | Linux (Ubuntu 22.04.1 LTS) | x86_64 | 4.3.0 alpha (2023-04-03 r84154) | 4547 | 
| nebbiolo2 | Linux (Ubuntu 20.04.5 LTS) | x86_64 | R Under development (unstable) (2023-02-14 r83833) -- "Unsuffered Consequences" | 4333 | 
| Click on any hostname to see more info about the system (e.g. compilers) (*) as reported by 'uname -p', except on Windows and Mac OS X | ||||
| To the developers/maintainers of the Pi package: - Allow up to 24 hours (and sometimes 48 hours) for your latest push to git@git.bioconductor.org:packages/Pi.git to reflect on this report. See Troubleshooting Build Report for more information. - Use the following Renviron settings to reproduce errors and warnings. Note: If "R CMD check" recently failed on the Linux builder over a missing dependency, add the missing dependency to "Suggests" in your DESCRIPTION file. See the Renviron.bioc for details. | 
| Package 1502/2207 | Hostname | OS / Arch | INSTALL | BUILD | CHECK | BUILD BIN | ||||||||
| Pi 2.11.0  (landing page) Hai Fang 
 | nebbiolo1 | Linux (Ubuntu 22.04.1 LTS) / x86_64 | OK | OK | WARNINGS | |||||||||
| nebbiolo2 | Linux (Ubuntu 20.04.5 LTS) / x86_64 | OK | OK | WARNINGS | ||||||||||
| Package: Pi | 
| Version: 2.11.0 | 
| Command: /home/biocbuild/bbs-3.17-bioc/R/bin/R CMD check --install=check:Pi.install-out.txt --library=/home/biocbuild/bbs-3.17-bioc/R/site-library --timings Pi_2.11.0.tar.gz | 
| StartedAt: 2023-04-12 08:22:52 -0400 (Wed, 12 Apr 2023) | 
| EndedAt: 2023-04-12 08:26:33 -0400 (Wed, 12 Apr 2023) | 
| EllapsedTime: 221.7 seconds | 
| RetCode: 0 | 
| Status: WARNINGS | 
| CheckDir: Pi.Rcheck | 
| Warnings: 2 | 
##############################################################################
##############################################################################
###
### Running command:
###
###   /home/biocbuild/bbs-3.17-bioc/R/bin/R CMD check --install=check:Pi.install-out.txt --library=/home/biocbuild/bbs-3.17-bioc/R/site-library --timings Pi_2.11.0.tar.gz
###
##############################################################################
##############################################################################
* using log directory ‘/home/biocbuild/bbs-3.17-bioc/meat/Pi.Rcheck’
* using R Under development (unstable) (2023-02-14 r83833)
* using platform: x86_64-pc-linux-gnu (64-bit)
* R was compiled by
    gcc (Ubuntu 9.4.0-1ubuntu1~20.04.1) 9.4.0
    GNU Fortran (Ubuntu 9.4.0-1ubuntu1~20.04.1) 9.4.0
* running under: Ubuntu 20.04.6 LTS
* using session charset: UTF-8
* checking for file ‘Pi/DESCRIPTION’ ... OK
* checking extension type ... Package
* this is package ‘Pi’ version ‘2.11.0’
* checking package namespace information ... OK
* checking package dependencies ... OK
* checking if this is a source package ... OK
* checking if there is a namespace ... OK
* checking for hidden files and directories ... OK
* checking for portable file names ... OK
* checking for sufficient/correct file permissions ... OK
* checking whether package ‘Pi’ can be installed ... WARNING
Found the following significant warnings:
  Warning: replacing previous import ‘ROCR::plot’ by ‘graphics::plot’ when loading ‘Pi’
See ‘/home/biocbuild/bbs-3.17-bioc/meat/Pi.Rcheck/00install.out’ for details.
* checking installed package size ... OK
* checking package directory ... OK
* checking ‘build’ directory ... OK
* checking DESCRIPTION meta-information ... OK
* checking top-level files ... OK
* checking for left-over files ... OK
* checking index information ... OK
* checking package subdirectories ... OK
* checking R files for non-ASCII characters ... OK
* checking R files for syntax errors ... OK
* checking whether the package can be loaded ... OK
* checking whether the package can be loaded with stated dependencies ... OK
* checking whether the package can be unloaded cleanly ... OK
* checking whether the namespace can be loaded with stated dependencies ... OK
* checking whether the namespace can be unloaded cleanly ... OK
* checking loading without being on the library search path ... OK
* checking dependencies in R code ... WARNING
'::' or ':::' import not declared from: 'pbapply'
* checking S3 generic/method consistency ... OK
* checking replacement functions ... OK
* checking foreign function calls ... OK
* checking R code for possible problems ... OK
* checking Rd files ... OK
* checking Rd metadata ... OK
* checking Rd cross-references ... OK
* checking for missing documentation entries ... OK
* checking for code/documentation mismatches ... OK
* checking Rd \usage sections ... OK
* checking Rd contents ... OK
* checking for unstated dependencies in examples ... OK
* checking files in ‘vignettes’ ... OK
* checking examples ... OK
* checking for unstated dependencies in vignettes ... OK
* checking package vignettes in ‘inst/doc’ ... OK
* checking running R code from vignettes ...
  ‘Pi_vignettes.Rmd’ using ‘UTF-8’... OK
 NONE
* checking re-building of vignette outputs ... OK
* checking PDF version of manual ... OK
* DONE
Status: 2 WARNINGs
See
  ‘/home/biocbuild/bbs-3.17-bioc/meat/Pi.Rcheck/00check.log’
for details.
Pi.Rcheck/00install.out
############################################################################## ############################################################################## ### ### Running command: ### ### /home/biocbuild/bbs-3.17-bioc/R/bin/R CMD INSTALL Pi ### ############################################################################## ############################################################################## * installing to library ‘/home/biocbuild/bbs-3.17-bioc/R/site-library’ * installing *source* package ‘Pi’ ... ** using staged installation ** R ** inst ** byte-compile and prepare package for lazy loading Warning: replacing previous import ‘ROCR::plot’ by ‘graphics::plot’ when loading ‘Pi’ ** help *** installing help indices ** building package indices ** installing vignettes ** testing if installed package can be loaded from temporary location Warning: replacing previous import ‘ROCR::plot’ by ‘graphics::plot’ when loading ‘Pi’ ** testing if installed package can be loaded from final location Warning: replacing previous import ‘ROCR::plot’ by ‘graphics::plot’ when loading ‘Pi’ ** testing if installed package keeps a record of temporary installation path * DONE (Pi)
Pi.Rcheck/Pi-Ex.timings
| name | user | system | elapsed | |
| EG | 0 | 0 | 0 | |
| GS | 0 | 0 | 0 | |
| aOnto | 0 | 0 | 0 | |
| cTarget | 0.001 | 0.000 | 0.000 | |
| dTarget | 0 | 0 | 0 | |
| eGSEA | 0 | 0 | 0 | |
| eTarget | 0 | 0 | 0 | |
| eTerm | 0 | 0 | 0 | |
| iSubg | 0 | 0 | 0 | |
| ls_eTerm | 0 | 0 | 0 | |
| pNode | 0 | 0 | 0 | |
| pPerf | 0 | 0 | 0 | |
| sGS | 0.001 | 0.000 | 0.000 | |
| sTarget | 0 | 0 | 0 | |
| xAggregate | 0.001 | 0.000 | 0.000 | |
| xCheckParallel | 0 | 0 | 0 | |
| xCircos | 0.001 | 0.000 | 0.000 | |
| xColormap | 0.008 | 0.004 | 0.012 | |
| xCombineNet | 0.000 | 0.000 | 0.001 | |
| xContour | 0.03 | 0.00 | 0.03 | |
| xConverter | 0.021 | 0.000 | 0.021 | |
| xCorrelation | 0 | 0 | 0 | |
| xDAGanno | 0.000 | 0.001 | 0.000 | |
| xDefineEQTL | 0 | 0 | 0 | |
| xDefineHIC | 0 | 0 | 0 | |
| xDefineNet | 0 | 0 | 0 | |
| xDefineOntology | 0 | 0 | 0 | |
| xEnrichForest | 0 | 0 | 0 | |
| xEnrichViewer | 0 | 0 | 0 | |
| xEnricher | 0 | 0 | 0 | |
| xEnricherGenes | 0.000 | 0.000 | 0.001 | |
| xGGnetwork | 0.000 | 0.000 | 0.001 | |
| xGR | 0 | 0 | 0 | |
| xGR2nGenes | 0.000 | 0.000 | 0.001 | |
| xGR2xGeneScores | 0 | 0 | 0 | |
| xGR2xGenes | 0.000 | 0.000 | 0.001 | |
| xGRscores | 0 | 0 | 0 | |
| xGRsort | 0 | 0 | 0 | |
| xGSEAbarplot | 0 | 0 | 0 | |
| xGSEAconciser | 0.000 | 0.000 | 0.001 | |
| xGSEAdotplot | 0 | 0 | 0 | |
| xGSsimulator | 0 | 0 | 0 | |
| xGeneID2Symbol | 0.001 | 0.000 | 0.000 | |
| xHeatmap | 0 | 0 | 0 | |
| xLayout | 0.001 | 0.000 | 0.000 | |
| xLiftOver | 0.000 | 0.000 | 0.001 | |
| xMEabf | 0 | 0 | 0 | |
| xMLcaret | 0 | 0 | 0 | |
| xMLcompare | 0.001 | 0.000 | 0.000 | |
| xMLdensity | 0 | 0 | 0 | |
| xMLdotplot | 0 | 0 | 0 | |
| xMLfeatureplot | 0 | 0 | 0 | |
| xMLglmnet | 0 | 0 | 0 | |
| xMLparameters | 0 | 0 | 0 | |
| xMLrandomforest | 0 | 0 | 0 | |
| xMLrename | 0 | 0 | 0 | |
| xMLzoom | 0 | 0 | 0 | |
| xPieplot | 0 | 0 | 0 | |
| xPier | 0.000 | 0.000 | 0.001 | |
| xPierABF | 0 | 0 | 0 | |
| xPierABFheatmap | 0 | 0 | 0 | |
| xPierAnno | 0.000 | 0.001 | 0.000 | |
| xPierCor | 0 | 0 | 0 | |
| xPierCross | 0.000 | 0.001 | 0.000 | |
| xPierEvidence | 0 | 0 | 0 | |
| xPierGRs | 0 | 0 | 0 | |
| xPierGSEA | 0 | 0 | 0 | |
| xPierGenes | 0 | 0 | 0 | |
| xPierMRS | 0 | 0 | 0 | |
| xPierManhattan | 0 | 0 | 0 | |
| xPierMatrix | 0 | 0 | 0 | |
| xPierPathways | 0 | 0 | 0 | |
| xPierROCR | 0 | 0 | 0 | |
| xPierSNPs | 0 | 0 | 0 | |
| xPierSNPsAdv | 0 | 0 | 0 | |
| xPierSNPsAdvABF | 0 | 0 | 0 | |
| xPierSubnet | 0 | 0 | 0 | |
| xPierTrack | 0 | 0 | 0 | |
| xPierTrackAdv | 0 | 0 | 0 | |
| xPredictCompare | 0 | 0 | 0 | |
| xPredictROCR | 0 | 0 | 0 | |
| xRDataLoader | 0 | 0 | 0 | |
| xRWR | 0.001 | 0.000 | 0.001 | |
| xSM2DF | 0.008 | 0.000 | 0.008 | |
| xSNP2cGenes | 0 | 0 | 0 | |
| xSNP2eGenes | 0.001 | 0.000 | 0.000 | |
| xSNP2nGenes | 0 | 0 | 0 | |
| xSNPlocations | 0.001 | 0.000 | 0.000 | |
| xSNPscores | 0 | 0 | 0 | |
| xSparseMatrix | 0.007 | 0.000 | 0.007 | |
| xSubneterGenes | 0 | 0 | 0 | |
| xSymbol2GeneID | 0.001 | 0.000 | 0.000 | |
| xVisEvidence | 0 | 0 | 0 | |
| xVisEvidenceAdv | 0.001 | 0.000 | 0.000 | |
| xVisKernels | 0.013 | 0.003 | 0.017 | |
| xVisNet | 0 | 0 | 0 | |