| Back to Multiple platform build/check report for BioC 3.17 |
|
This page was generated on 2023-04-12 10:55:40 -0400 (Wed, 12 Apr 2023).
| Hostname | OS | Arch (*) | R version | Installed pkgs |
|---|---|---|---|---|
| nebbiolo1 | Linux (Ubuntu 22.04.1 LTS) | x86_64 | 4.3.0 alpha (2023-04-03 r84154) | 4547 |
| nebbiolo2 | Linux (Ubuntu 20.04.5 LTS) | x86_64 | R Under development (unstable) (2023-02-14 r83833) -- "Unsuffered Consequences" | 4333 |
| Click on any hostname to see more info about the system (e.g. compilers) (*) as reported by 'uname -p', except on Windows and Mac OS X | ||||
|
To the developers/maintainers of the PDATK package: - Allow up to 24 hours (and sometimes 48 hours) for your latest push to git@git.bioconductor.org:packages/PDATK.git to reflect on this report. See Troubleshooting Build Report for more information. - Use the following Renviron settings to reproduce errors and warnings. Note: If "R CMD check" recently failed on the Linux builder over a missing dependency, add the missing dependency to "Suggests" in your DESCRIPTION file. See the Renviron.bioc for details. |
| Package 1474/2207 | Hostname | OS / Arch | INSTALL | BUILD | CHECK | BUILD BIN | ||||||||
| PDATK 1.7.0 (landing page) Benjamin Haibe-Kains
| nebbiolo1 | Linux (Ubuntu 22.04.1 LTS) / x86_64 | OK | OK | WARNINGS | |||||||||
| nebbiolo2 | Linux (Ubuntu 20.04.5 LTS) / x86_64 | OK | OK | WARNINGS | ||||||||||
| Package: PDATK |
| Version: 1.7.0 |
| Command: /home/biocbuild/bbs-3.17-bioc/R/bin/R CMD check --install=check:PDATK.install-out.txt --library=/home/biocbuild/bbs-3.17-bioc/R/site-library --timings PDATK_1.7.0.tar.gz |
| StartedAt: 2023-04-12 08:15:16 -0400 (Wed, 12 Apr 2023) |
| EndedAt: 2023-04-12 08:25:40 -0400 (Wed, 12 Apr 2023) |
| EllapsedTime: 623.8 seconds |
| RetCode: 0 |
| Status: WARNINGS |
| CheckDir: PDATK.Rcheck |
| Warnings: 1 |
##############################################################################
##############################################################################
###
### Running command:
###
### /home/biocbuild/bbs-3.17-bioc/R/bin/R CMD check --install=check:PDATK.install-out.txt --library=/home/biocbuild/bbs-3.17-bioc/R/site-library --timings PDATK_1.7.0.tar.gz
###
##############################################################################
##############################################################################
* using log directory ‘/home/biocbuild/bbs-3.17-bioc/meat/PDATK.Rcheck’
* using R Under development (unstable) (2023-02-14 r83833)
* using platform: x86_64-pc-linux-gnu (64-bit)
* R was compiled by
gcc (Ubuntu 9.4.0-1ubuntu1~20.04.1) 9.4.0
GNU Fortran (Ubuntu 9.4.0-1ubuntu1~20.04.1) 9.4.0
* running under: Ubuntu 20.04.6 LTS
* using session charset: UTF-8
* checking for file ‘PDATK/DESCRIPTION’ ... OK
* checking extension type ... Package
* this is package ‘PDATK’ version ‘1.7.0’
* package encoding: UTF-8
* checking package namespace information ... OK
* checking package dependencies ... OK
* checking if this is a source package ... OK
* checking if there is a namespace ... OK
* checking for hidden files and directories ... OK
* checking for portable file names ... OK
* checking for sufficient/correct file permissions ... OK
* checking whether package ‘PDATK’ can be installed ... OK
* checking installed package size ... OK
* checking package directory ... OK
* checking ‘build’ directory ... OK
* checking DESCRIPTION meta-information ... OK
* checking top-level files ... OK
* checking for left-over files ... OK
* checking index information ... OK
* checking package subdirectories ... OK
* checking R files for non-ASCII characters ... OK
* checking R files for syntax errors ... OK
* checking whether the package can be loaded ... OK
* checking whether the package can be loaded with stated dependencies ... OK
* checking whether the package can be unloaded cleanly ... OK
* checking whether the namespace can be loaded with stated dependencies ... OK
* checking whether the namespace can be unloaded cleanly ... OK
* checking loading without being on the library search path ... OK
* checking dependencies in R code ... OK
* checking S3 generic/method consistency ... OK
* checking replacement functions ... OK
* checking foreign function calls ... OK
* checking R code for possible problems ... NOTE
.calculateMSMthresholds: no visible binding for global variable
‘funContext’
.plotNetwork: no visible global function definition for ‘legend’
NCSModel: no visible binding for global variable ‘metric’
NCSModel: no visible binding for global variable ‘comparison’
NCSModel: no visible binding for global variable ‘centroid_K’
NCSModel: no visible binding for global variable ‘assay_K’
NetworkCommunitySearchModel: no visible binding for global variable
‘metric’
NetworkCommunitySearchModel: no visible binding for global variable
‘comparison’
NetworkCommunitySearchModel: no visible binding for global variable
‘centroid_K’
NetworkCommunitySearchModel: no visible binding for global variable
‘assay_K’
predictClasses,ConsensusMetaclusteringModel-ANY: no visible global
function definition for ‘.error’
predictClasses,NCSModel-ANY: no visible binding for global variable
‘centroid_cohort’
predictClasses,NCSModel-ANY: no visible binding for global variable
‘centroid_K’
predictClasses,NCSModel-ANY: no visible binding for global variable
‘assay_cohort’
predictClasses,NCSModel-ANY: no visible binding for global variable
‘assay_K’
predictClasses,NCSModel-ANY: no visible binding for global variable
‘tmp’
predictClasses,NCSModel-ANY: no visible binding for global variable
‘cluster_label’
rankFeatures,MultiAssayExperiment: no visible binding for global
variable ‘feature’
rankFeatures,MultiAssayExperiment: no visible binding for global
variable ‘missignAssays’
rankFeatures,MultiAssayExperiment: no visible binding for global
variable ‘feature_score’
rankFeatures,MultiAssayExperiment: no visible binding for global
variable ‘feature_rank’
trainModel,ConsensusMetaclusteringModel: no visible global function
definition for ‘pdf’
trainModel,ConsensusMetaclusteringModel: no visible global function
definition for ‘dev.off’
trainModel,NCSModel: no visible binding for global variable
‘ingroup_proportion’
trainModel,NCSModel: no visible binding for global variable
‘cor_threshold’
Undefined global functions or variables:
.error assay_K assay_cohort centroid_K centroid_cohort cluster_label
comparison cor_threshold dev.off feature feature_rank feature_score
funContext ingroup_proportion legend metric missignAssays pdf tmp
Consider adding
importFrom("grDevices", "dev.off", "pdf")
importFrom("graphics", "legend")
to your NAMESPACE file.
* checking Rd files ... OK
* checking Rd metadata ... OK
* checking Rd cross-references ... WARNING
Missing link or links in documentation object 'rankFeatures-MultiAssayExperiment-method.Rd':
‘[dplyr:ranking]{dplyr::dense_rank}’
See section 'Cross-references' in the 'Writing R Extensions' manual.
* checking for missing documentation entries ... OK
* checking for code/documentation mismatches ... OK
* checking Rd \usage sections ... OK
* checking Rd contents ... OK
* checking for unstated dependencies in examples ... OK
* checking contents of ‘data’ directory ... OK
* checking data for non-ASCII characters ... OK
* checking data for ASCII and uncompressed saves ... OK
* checking files in ‘vignettes’ ... OK
* checking examples ... OK
* checking for unstated dependencies in ‘tests’ ... OK
* checking tests ...
Running ‘testthat.R’
OK
* checking for unstated dependencies in vignettes ... OK
* checking package vignettes in ‘inst/doc’ ... OK
* checking running R code from vignettes ...
‘PCOSP_model_analysis.Rmd’ using ‘UTF-8’... OK
‘PDATK_introduction.rmd’ using ‘UTF-8’... OK
NONE
* checking re-building of vignette outputs ... OK
* checking PDF version of manual ... OK
* DONE
Status: 1 WARNING, 1 NOTE
See
‘/home/biocbuild/bbs-3.17-bioc/meat/PDATK.Rcheck/00check.log’
for details.
PDATK.Rcheck/00install.out
############################################################################## ############################################################################## ### ### Running command: ### ### /home/biocbuild/bbs-3.17-bioc/R/bin/R CMD INSTALL PDATK ### ############################################################################## ############################################################################## * installing to library ‘/home/biocbuild/bbs-3.17-bioc/R/site-library’ * installing *source* package ‘PDATK’ ... ** using staged installation ** R ** data ** byte-compile and prepare package for lazy loading ** help *** installing help indices ** building package indices ** installing vignettes ** testing if installed package can be loaded from temporary location ** testing if installed package can be loaded from final location ** testing if installed package keeps a record of temporary installation path * DONE (PDATK)
PDATK.Rcheck/tests/testthat.Rout
R Under development (unstable) (2023-02-14 r83833) -- "Unsuffered Consequences"
Copyright (C) 2023 The R Foundation for Statistical Computing
Platform: x86_64-pc-linux-gnu (64-bit)
R is free software and comes with ABSOLUTELY NO WARRANTY.
You are welcome to redistribute it under certain conditions.
Type 'license()' or 'licence()' for distribution details.
R is a collaborative project with many contributors.
Type 'contributors()' for more information and
'citation()' on how to cite R or R packages in publications.
Type 'demo()' for some demos, 'help()' for on-line help, or
'help.start()' for an HTML browser interface to help.
Type 'q()' to quit R.
> library(testthat)
> library(PDATK)
Loading required package: SummarizedExperiment
Loading required package: MatrixGenerics
Loading required package: matrixStats
Attaching package: 'MatrixGenerics'
The following objects are masked from 'package:matrixStats':
colAlls, colAnyNAs, colAnys, colAvgsPerRowSet, colCollapse,
colCounts, colCummaxs, colCummins, colCumprods, colCumsums,
colDiffs, colIQRDiffs, colIQRs, colLogSumExps, colMadDiffs,
colMads, colMaxs, colMeans2, colMedians, colMins, colOrderStats,
colProds, colQuantiles, colRanges, colRanks, colSdDiffs, colSds,
colSums2, colTabulates, colVarDiffs, colVars, colWeightedMads,
colWeightedMeans, colWeightedMedians, colWeightedSds,
colWeightedVars, rowAlls, rowAnyNAs, rowAnys, rowAvgsPerColSet,
rowCollapse, rowCounts, rowCummaxs, rowCummins, rowCumprods,
rowCumsums, rowDiffs, rowIQRDiffs, rowIQRs, rowLogSumExps,
rowMadDiffs, rowMads, rowMaxs, rowMeans2, rowMedians, rowMins,
rowOrderStats, rowProds, rowQuantiles, rowRanges, rowRanks,
rowSdDiffs, rowSds, rowSums2, rowTabulates, rowVarDiffs, rowVars,
rowWeightedMads, rowWeightedMeans, rowWeightedMedians,
rowWeightedSds, rowWeightedVars
Loading required package: GenomicRanges
Loading required package: stats4
Loading required package: BiocGenerics
Attaching package: 'BiocGenerics'
The following objects are masked from 'package:stats':
IQR, mad, sd, var, xtabs
The following objects are masked from 'package:base':
Filter, Find, Map, Position, Reduce, anyDuplicated, aperm, append,
as.data.frame, basename, cbind, colnames, dirname, do.call,
duplicated, eval, evalq, get, grep, grepl, intersect, is.unsorted,
lapply, mapply, match, mget, order, paste, pmax, pmax.int, pmin,
pmin.int, rank, rbind, rownames, sapply, setdiff, sort, table,
tapply, union, unique, unsplit, which.max, which.min
Loading required package: S4Vectors
Attaching package: 'S4Vectors'
The following objects are masked from 'package:base':
I, expand.grid, unname
Loading required package: IRanges
Loading required package: GenomeInfoDb
Loading required package: Biobase
Welcome to Bioconductor
Vignettes contain introductory material; view with
'browseVignettes()'. To cite Bioconductor, see
'citation("Biobase")', and for packages 'citation("pkgname")'.
Attaching package: 'Biobase'
The following object is masked from 'package:MatrixGenerics':
rowMedians
The following objects are masked from 'package:matrixStats':
anyMissing, rowMedians
>
> test_check("PDATK")
[ FAIL 0 | WARN 12 | SKIP 0 | PASS 77 ]
[ FAIL 0 | WARN 12 | SKIP 0 | PASS 77 ]
>
> proc.time()
user system elapsed
35.030 8.486 38.814
PDATK.Rcheck/PDATK-Ex.timings
| name | user | system | elapsed | |
| CSPC_MAE | 0.005 | 0.001 | 0.006 | |
| ClinicalModel-class | 0.081 | 0.000 | 0.081 | |
| ClinicalModel | 0.087 | 0.008 | 0.095 | |
| CohortList | 0.028 | 0.004 | 0.032 | |
| ConsensusMetaclusteringModel | 0.015 | 0.000 | 0.014 | |
| CoxModel | 0.335 | 0.016 | 0.351 | |
| GeneFuModel | 0.11 | 0.00 | 0.11 | |
| ModelComparison | 4.780 | 0.176 | 4.956 | |
| PCOSP | 0.077 | 0.000 | 0.078 | |
| RandomGeneAssignmentModel | 0.08 | 0.00 | 0.08 | |
| RandomLabelShufflingModel | 0.080 | 0.004 | 0.084 | |
| SurvivalExperiment | 0.091 | 0.000 | 0.090 | |
| SurvivalModel-class | 0.044 | 0.000 | 0.043 | |
| SurvivalModel | 0.045 | 0.000 | 0.045 | |
| assignColDataColumn | 0.038 | 0.000 | 0.038 | |
| assignSubtypes-CohortList-list-method | 0.427 | 0.012 | 0.438 | |
| assignSubtypes-SurvivalExperiment-data.frame-method | 0.034 | 0.000 | 0.034 | |
| assignSubtypes | 0.035 | 0.000 | 0.036 | |
| barPlotModelComparison-ClinicalModel-PCOSP_or_RLS_or_RGA-method | 0.869 | 0.028 | 0.897 | |
| barPlotModelComparison | 0.84 | 0.02 | 0.86 | |
| birnbaum | 0.003 | 0.000 | 0.003 | |
| chen | 0.000 | 0.002 | 0.003 | |
| cohortSubtypeDFs | 0.002 | 0.000 | 0.003 | |
| compareModels-ModelComparison-SurvivalModel-method | 0.841 | 0.036 | 0.878 | |
| compareModels-SurvivalModel-SurvivalModel-method | 0.731 | 0.011 | 0.743 | |
| compareModels | 0.854 | 0.024 | 0.877 | |
| dropNotCensored-CohortList-method | 0.516 | 0.008 | 0.524 | |
| dropNotCensored-SurvivalExperiment-method | 0.046 | 0.000 | 0.046 | |
| dropNotCensored | 0.048 | 0.000 | 0.047 | |
| existingClassifierData | 0.003 | 0.000 | 0.003 | |
| findCommonGenes-CohortList-method | 0.024 | 0.000 | 0.024 | |
| findCommonGenes | 0.022 | 0.000 | 0.023 | |
| findCommonSamples-CohortList-method | 0.03 | 0.00 | 0.03 | |
| findCommonSamples | 0.029 | 0.000 | 0.028 | |
| forestPlot-ModelComparison-method | 0.801 | 0.000 | 0.801 | |
| forestPlot-PCOSP_or_ClinicalModel-method | 0.049 | 0.004 | 0.053 | |
| forestPlot | 0.129 | 0.000 | 0.129 | |
| getModelSeed-SurvivalModel-method | 0.007 | 0.000 | 0.008 | |
| getModelSeed | 0.003 | 0.004 | 0.007 | |
| getTopFeatures-PCOSP-method | 0.008 | 0.000 | 0.008 | |
| getTopFeatures-SummarizedExperiment-method | 0.178 | 0.000 | 0.178 | |
| getTopFeatures | 0.007 | 0.000 | 0.007 | |
| haiderSigScores | 0.002 | 0.000 | 0.003 | |
| hasColDataColumns | 0.012 | 0.000 | 0.013 | |
| merge-SurvivalExperiment-SurvivalExperiment-method | 0.121 | 0.000 | 0.122 | |
| modelParams-set | 0.011 | 0.003 | 0.014 | |
| modelParams | 0.012 | 0.004 | 0.016 | |
| models-SurvivalModel-method | 0.003 | 0.004 | 0.008 | |
| models-set-SurvivalModel-SimpleList-method | 0.005 | 0.004 | 0.009 | |
| models-set | 0.016 | 0.000 | 0.017 | |
| models | 0.008 | 0.000 | 0.008 | |
| normalsMAE | 0.000 | 0.002 | 0.001 | |
| plotROC-PCOSP-method | 0.271 | 0.006 | 0.276 | |
| predictClasses-CohortList-ClinicalModel-method | 0.261 | 0.004 | 0.265 | |
| predictClasses-CohortList-PCOSP_or_RLS_or_RGA-method | 0.339 | 0.008 | 0.347 | |
| predictClasses-SurvivalExperiment-ClinicalModel-method | 0.147 | 0.008 | 0.155 | |
| predictClasses-SurvivalExperiment-PCOSP_or_RLS_or_RGA-method | 0.116 | 0.000 | 0.117 | |
| predictClasses | 0.139 | 0.000 | 0.139 | |
| rankFeatures-SummarizedExperiment-method | 0.145 | 0.008 | 0.153 | |
| rankFeatures | 0.139 | 0.004 | 0.143 | |
| removeColDataFactorColumns | 0.018 | 0.000 | 0.018 | |
| removeFactorColumns | 0.003 | 0.000 | 0.003 | |
| renameColDataColumns | 0.020 | 0.000 | 0.021 | |
| renameColumns | 0.002 | 0.000 | 0.001 | |
| sampleClinicalModel | 0.005 | 0.000 | 0.006 | |
| sampleCohortList | 0.023 | 0.000 | 0.023 | |
| sampleICGCmicro | 0.007 | 0.000 | 0.007 | |
| samplePCOSPmodel | 0.007 | 0.000 | 0.007 | |
| samplePCOSPpredList | 0.029 | 0.000 | 0.028 | |
| samplePCSIsurvExp | 0.002 | 0.004 | 0.005 | |
| sampleRGAmodel | 0.006 | 0.000 | 0.006 | |
| sampleRLSmodel | 0.006 | 0.000 | 0.007 | |
| sampleTrainedPCOSPmodel | 0.007 | 0.000 | 0.007 | |
| sampleValPCOSPmodel | 0.027 | 0.004 | 0.030 | |
| show-S4Model-method | 0.054 | 0.000 | 0.054 | |
| subset-CohortList-method | 0.223 | 0.008 | 0.230 | |
| trainData-set | 0.016 | 0.000 | 0.015 | |
| trainData | 0.007 | 0.000 | 0.007 | |
| trainModel-ClinicalModel-method | 0.048 | 0.000 | 0.048 | |
| trainModel-PCOSP-method | 1.341 | 0.096 | 1.437 | |
| trainModel-RGAModel-method | 1.326 | 0.020 | 1.346 | |
| trainModel-RLSModel-method | 1.323 | 0.080 | 1.403 | |
| trainModel | 1.289 | 0.000 | 1.288 | |
| validateModel-ClinicalModel-CohortList-method | 0.264 | 0.004 | 0.267 | |
| validateModel-ClinicalModel-SurvivalExperiment-method | 0.753 | 0.008 | 0.762 | |
| validateModel-GeneFuModel-CohortList-method | 1.192 | 0.004 | 1.196 | |
| validateModel-PCOSP_or_RLS_or_RGA-CohortList-method | 1.061 | 0.032 | 1.094 | |
| validateModel-PCOSP_or_RLS_or_RGA-SurvivalExperiment-method | 1.165 | 0.032 | 1.197 | |
| validateModel | 0.088 | 0.000 | 0.089 | |
| validationData-SurvivalModel-method | 0.005 | 0.004 | 0.009 | |
| validationData-set-SurvivalModel-CohortList-method | 0.007 | 0.000 | 0.007 | |
| validationData-set | 0.009 | 0.000 | 0.009 | |
| validationData | 0.009 | 0.000 | 0.009 | |
| validationStats-SurvivalModel-method | 0.007 | 0.000 | 0.007 | |
| validationStats-set-SurvivalModel-data.frame-method | 0.008 | 0.000 | 0.008 | |
| validationStats-set | 0.009 | 0.000 | 0.009 | |
| validationStats | 0.009 | 0.000 | 0.009 | |