| Back to Multiple platform build/check report for BioC 3.17 |
|
This page was generated on 2023-04-12 10:55:38 -0400 (Wed, 12 Apr 2023).
| Hostname | OS | Arch (*) | R version | Installed pkgs |
|---|---|---|---|---|
| nebbiolo1 | Linux (Ubuntu 22.04.1 LTS) | x86_64 | 4.3.0 alpha (2023-04-03 r84154) | 4547 |
| nebbiolo2 | Linux (Ubuntu 20.04.5 LTS) | x86_64 | R Under development (unstable) (2023-02-14 r83833) -- "Unsuffered Consequences" | 4333 |
| Click on any hostname to see more info about the system (e.g. compilers) (*) as reported by 'uname -p', except on Windows and Mac OS X | ||||
|
To the developers/maintainers of the MatrixRider package: - Allow up to 24 hours (and sometimes 48 hours) for your latest push to git@git.bioconductor.org:packages/MatrixRider.git to reflect on this report. See Troubleshooting Build Report for more information. - Use the following Renviron settings to reproduce errors and warnings. Note: If "R CMD check" recently failed on the Linux builder over a missing dependency, add the missing dependency to "Suggests" in your DESCRIPTION file. See the Renviron.bioc for details. |
| Package 1121/2207 | Hostname | OS / Arch | INSTALL | BUILD | CHECK | BUILD BIN | ||||||||
| MatrixRider 1.31.0 (landing page) Elena Grassi
| nebbiolo1 | Linux (Ubuntu 22.04.1 LTS) / x86_64 | OK | OK | WARNINGS | |||||||||
| nebbiolo2 | Linux (Ubuntu 20.04.5 LTS) / x86_64 | OK | OK | WARNINGS | ||||||||||
| Package: MatrixRider |
| Version: 1.31.0 |
| Command: /home/biocbuild/bbs-3.17-bioc/R/bin/R CMD check --install=check:MatrixRider.install-out.txt --library=/home/biocbuild/bbs-3.17-bioc/R/site-library --timings MatrixRider_1.31.0.tar.gz |
| StartedAt: 2023-04-12 07:13:58 -0400 (Wed, 12 Apr 2023) |
| EndedAt: 2023-04-12 07:20:13 -0400 (Wed, 12 Apr 2023) |
| EllapsedTime: 375.1 seconds |
| RetCode: 0 |
| Status: WARNINGS |
| CheckDir: MatrixRider.Rcheck |
| Warnings: 1 |
##############################################################################
##############################################################################
###
### Running command:
###
### /home/biocbuild/bbs-3.17-bioc/R/bin/R CMD check --install=check:MatrixRider.install-out.txt --library=/home/biocbuild/bbs-3.17-bioc/R/site-library --timings MatrixRider_1.31.0.tar.gz
###
##############################################################################
##############################################################################
* using log directory ‘/home/biocbuild/bbs-3.17-bioc/meat/MatrixRider.Rcheck’
* using R Under development (unstable) (2023-02-14 r83833)
* using platform: x86_64-pc-linux-gnu (64-bit)
* R was compiled by
gcc (Ubuntu 9.4.0-1ubuntu1~20.04.1) 9.4.0
GNU Fortran (Ubuntu 9.4.0-1ubuntu1~20.04.1) 9.4.0
* running under: Ubuntu 20.04.6 LTS
* using session charset: UTF-8
* checking for file ‘MatrixRider/DESCRIPTION’ ... OK
* checking extension type ... Package
* this is package ‘MatrixRider’ version ‘1.31.0’
* checking package namespace information ... OK
* checking package dependencies ... OK
* checking if this is a source package ... OK
* checking if there is a namespace ... OK
* checking for hidden files and directories ... OK
* checking for portable file names ... OK
* checking for sufficient/correct file permissions ... OK
* checking whether package ‘MatrixRider’ can be installed ... OK
* used C compiler: ‘gcc (Ubuntu 9.4.0-1ubuntu1~20.04.1) 9.4.0’
* checking installed package size ... OK
* checking package directory ... OK
* checking ‘build’ directory ... OK
* checking DESCRIPTION meta-information ... OK
* checking top-level files ... OK
* checking for left-over files ... OK
* checking index information ... OK
* checking package subdirectories ... OK
* checking R files for non-ASCII characters ... OK
* checking R files for syntax errors ... OK
* checking whether the package can be loaded ... OK
* checking whether the package can be loaded with stated dependencies ... OK
* checking whether the package can be unloaded cleanly ... OK
* checking whether the namespace can be loaded with stated dependencies ... OK
* checking whether the namespace can be unloaded cleanly ... OK
* checking loading without being on the library search path ... OK
* checking dependencies in R code ... OK
* checking S3 generic/method consistency ... OK
* checking replacement functions ... OK
* checking foreign function calls ... OK
* checking R code for possible problems ... OK
* checking Rd files ... OK
* checking Rd metadata ... OK
* checking Rd cross-references ... OK
* checking for missing documentation entries ... OK
* checking for code/documentation mismatches ... OK
* checking Rd \usage sections ... OK
* checking Rd contents ... OK
* checking for unstated dependencies in examples ... OK
* checking line endings in C/C++/Fortran sources/headers ... OK
* checking compiled code ... WARNING
Note: information on .o files is not available
File ‘/home/biocbuild/bbs-3.17-bioc/R/site-library/MatrixRider/libs/MatrixRider.so’:
Found ‘__sprintf_chk’, possibly from ‘sprintf’ (C)
Found ‘__vsprintf_chk’, possibly from ‘vsprintf’ (C)
Compiled code should not call entry points which might terminate R nor
write to stdout/stderr instead of to the console, nor use Fortran I/O
nor system RNGs nor [v]sprintf. The detected symbols are linked into
the code but might come from libraries and not actually be called.
See ‘Writing portable packages’ in the ‘Writing R Extensions’ manual.
* checking files in ‘vignettes’ ... OK
* checking examples ... OK
* checking for unstated dependencies in ‘tests’ ... OK
* checking tests ...
Running ‘runTests.R’
OK
* checking for unstated dependencies in vignettes ... OK
* checking package vignettes in ‘inst/doc’ ... OK
* checking running R code from vignettes ...
‘MatrixRider.Rnw’... OK
OK
* checking re-building of vignette outputs ... OK
* checking PDF version of manual ... OK
* DONE
Status: 1 WARNING
See
‘/home/biocbuild/bbs-3.17-bioc/meat/MatrixRider.Rcheck/00check.log’
for details.
MatrixRider.Rcheck/00install.out
############################################################################## ############################################################################## ### ### Running command: ### ### /home/biocbuild/bbs-3.17-bioc/R/bin/R CMD INSTALL MatrixRider ### ############################################################################## ############################################################################## * installing to library ‘/home/biocbuild/bbs-3.17-bioc/R/site-library’ * installing *source* package ‘MatrixRider’ ... ** using staged installation ** libs using C compiler: ‘gcc (Ubuntu 9.4.0-1ubuntu1~20.04.1) 9.4.0’ gcc -I"/home/biocbuild/bbs-3.17-bioc/R/include" -DNDEBUG -I'/home/biocbuild/bbs-3.17-bioc/R/site-library/IRanges/include' -I'/home/biocbuild/bbs-3.17-bioc/R/site-library/XVector/include' -I'/home/biocbuild/bbs-3.17-bioc/R/site-library/Biostrings/include' -I'/home/biocbuild/bbs-3.17-bioc/R/site-library/S4Vectors/include' -I/usr/local/include -fpic -g -O2 -Wall -c Biostring_stubs.c -o Biostring_stubs.o gcc -I"/home/biocbuild/bbs-3.17-bioc/R/include" -DNDEBUG -I'/home/biocbuild/bbs-3.17-bioc/R/site-library/IRanges/include' -I'/home/biocbuild/bbs-3.17-bioc/R/site-library/XVector/include' -I'/home/biocbuild/bbs-3.17-bioc/R/site-library/Biostrings/include' -I'/home/biocbuild/bbs-3.17-bioc/R/site-library/S4Vectors/include' -I/usr/local/include -fpic -g -O2 -Wall -c CuTest.c -o CuTest.o gcc -I"/home/biocbuild/bbs-3.17-bioc/R/include" -DNDEBUG -I'/home/biocbuild/bbs-3.17-bioc/R/site-library/IRanges/include' -I'/home/biocbuild/bbs-3.17-bioc/R/site-library/XVector/include' -I'/home/biocbuild/bbs-3.17-bioc/R/site-library/Biostrings/include' -I'/home/biocbuild/bbs-3.17-bioc/R/site-library/S4Vectors/include' -I/usr/local/include -fpic -g -O2 -Wall -c R_init_MatrixRider.c -o R_init_MatrixRider.o gcc -I"/home/biocbuild/bbs-3.17-bioc/R/include" -DNDEBUG -I'/home/biocbuild/bbs-3.17-bioc/R/site-library/IRanges/include' -I'/home/biocbuild/bbs-3.17-bioc/R/site-library/XVector/include' -I'/home/biocbuild/bbs-3.17-bioc/R/site-library/Biostrings/include' -I'/home/biocbuild/bbs-3.17-bioc/R/site-library/S4Vectors/include' -I/usr/local/include -fpic -g -O2 -Wall -c RunCuTest.c -o RunCuTest.o gcc -I"/home/biocbuild/bbs-3.17-bioc/R/include" -DNDEBUG -I'/home/biocbuild/bbs-3.17-bioc/R/site-library/IRanges/include' -I'/home/biocbuild/bbs-3.17-bioc/R/site-library/XVector/include' -I'/home/biocbuild/bbs-3.17-bioc/R/site-library/Biostrings/include' -I'/home/biocbuild/bbs-3.17-bioc/R/site-library/S4Vectors/include' -I/usr/local/include -fpic -g -O2 -Wall -c XVector_stubs.c -o XVector_stubs.o gcc -I"/home/biocbuild/bbs-3.17-bioc/R/include" -DNDEBUG -I'/home/biocbuild/bbs-3.17-bioc/R/site-library/IRanges/include' -I'/home/biocbuild/bbs-3.17-bioc/R/site-library/XVector/include' -I'/home/biocbuild/bbs-3.17-bioc/R/site-library/Biostrings/include' -I'/home/biocbuild/bbs-3.17-bioc/R/site-library/S4Vectors/include' -I/usr/local/include -fpic -g -O2 -Wall -c matrix_rider.c -o matrix_rider.o gcc -shared -L/home/biocbuild/bbs-3.17-bioc/R/lib -L/usr/local/lib -o MatrixRider.so Biostring_stubs.o CuTest.o R_init_MatrixRider.o RunCuTest.o XVector_stubs.o matrix_rider.o -L/home/biocbuild/bbs-3.17-bioc/R/lib -lR installing to /home/biocbuild/bbs-3.17-bioc/R/site-library/00LOCK-MatrixRider/00new/MatrixRider/libs ** R ** inst ** byte-compile and prepare package for lazy loading ** help *** installing help indices ** building package indices ** installing vignettes ** testing if installed package can be loaded from temporary location ** checking absolute paths in shared objects and dynamic libraries ** testing if installed package can be loaded from final location ** testing if installed package keeps a record of temporary installation path * DONE (MatrixRider)
MatrixRider.Rcheck/tests/runTests.Rout
R Under development (unstable) (2023-02-14 r83833) -- "Unsuffered Consequences"
Copyright (C) 2023 The R Foundation for Statistical Computing
Platform: x86_64-pc-linux-gnu (64-bit)
R is free software and comes with ABSOLUTELY NO WARRANTY.
You are welcome to redistribute it under certain conditions.
Type 'license()' or 'licence()' for distribution details.
R is a collaborative project with many contributors.
Type 'contributors()' for more information and
'citation()' on how to cite R or R packages in publications.
Type 'demo()' for some demos, 'help()' for on-line help, or
'help.start()' for an HTML browser interface to help.
Type 'q()' to quit R.
> BiocGenerics:::testPackage("MatrixRider")
Loading required package: BiocGenerics
Attaching package: 'BiocGenerics'
The following objects are masked from 'package:stats':
IQR, mad, sd, var, xtabs
The following objects are masked from 'package:base':
Filter, Find, Map, Position, Reduce, anyDuplicated, aperm, append,
as.data.frame, basename, cbind, colnames, dirname, do.call,
duplicated, eval, evalq, get, grep, grepl, intersect, is.unsorted,
lapply, mapply, match, mget, order, paste, pmax, pmax.int, pmin,
pmin.int, rank, rbind, rownames, sapply, setdiff, sort, table,
tapply, union, unique, unsplit, which.max, which.min
Loading required package: S4Vectors
Loading required package: stats4
Attaching package: 'S4Vectors'
The following objects are masked from 'package:base':
I, expand.grid, unname
Loading required package: IRanges
Loading required package: XVector
Loading required package: GenomeInfoDb
Attaching package: 'Biostrings'
The following object is masked from 'package:base':
strsplit
RUNIT TEST PROTOCOL -- Wed Apr 12 07:19:36 2023
***********************************************
Number of test functions: 6
Number of errors: 0
Number of failures: 0
1 Test Suite :
MatrixRider RUnit Tests - 6 test functions, 0 errors, 0 failures
Number of test functions: 6
Number of errors: 0
Number of failures: 0
>
> proc.time()
user system elapsed
17.997 1.144 19.134
MatrixRider.Rcheck/MatrixRider-Ex.timings
| name | user | system | elapsed | |
| MatrixRider-package | 0.251 | 0.008 | 0.264 | |
| getSeqOccupancy-method | 0.266 | 0.016 | 0.281 | |