| Back to Multiple platform build/check report for BioC 3.17 |
|
This page was generated on 2023-04-12 10:55:38 -0400 (Wed, 12 Apr 2023).
| Hostname | OS | Arch (*) | R version | Installed pkgs |
|---|---|---|---|---|
| nebbiolo1 | Linux (Ubuntu 22.04.1 LTS) | x86_64 | 4.3.0 alpha (2023-04-03 r84154) | 4547 |
| nebbiolo2 | Linux (Ubuntu 20.04.5 LTS) | x86_64 | R Under development (unstable) (2023-02-14 r83833) -- "Unsuffered Consequences" | 4333 |
| Click on any hostname to see more info about the system (e.g. compilers) (*) as reported by 'uname -p', except on Windows and Mac OS X | ||||
|
To the developers/maintainers of the MatrixQCvis package: - Allow up to 24 hours (and sometimes 48 hours) for your latest push to git@git.bioconductor.org:packages/MatrixQCvis.git to reflect on this report. See Troubleshooting Build Report for more information. - Use the following Renviron settings to reproduce errors and warnings. Note: If "R CMD check" recently failed on the Linux builder over a missing dependency, add the missing dependency to "Suggests" in your DESCRIPTION file. See the Renviron.bioc for details. |
| Package 1120/2207 | Hostname | OS / Arch | INSTALL | BUILD | CHECK | BUILD BIN | ||||||||
| MatrixQCvis 1.7.4 (landing page) Thomas Naake
| nebbiolo1 | Linux (Ubuntu 22.04.1 LTS) / x86_64 | OK | OK | ERROR | |||||||||
| nebbiolo2 | Linux (Ubuntu 20.04.5 LTS) / x86_64 | OK | OK | ERROR | ||||||||||
| Package: MatrixQCvis |
| Version: 1.7.4 |
| Command: /home/biocbuild/bbs-3.17-bioc/R/bin/R CMD check --install=check:MatrixQCvis.install-out.txt --library=/home/biocbuild/bbs-3.17-bioc/R/site-library --timings MatrixQCvis_1.7.4.tar.gz |
| StartedAt: 2023-04-12 07:13:57 -0400 (Wed, 12 Apr 2023) |
| EndedAt: 2023-04-12 07:19:48 -0400 (Wed, 12 Apr 2023) |
| EllapsedTime: 351.0 seconds |
| RetCode: 1 |
| Status: ERROR |
| CheckDir: MatrixQCvis.Rcheck |
| Warnings: NA |
##############################################################################
##############################################################################
###
### Running command:
###
### /home/biocbuild/bbs-3.17-bioc/R/bin/R CMD check --install=check:MatrixQCvis.install-out.txt --library=/home/biocbuild/bbs-3.17-bioc/R/site-library --timings MatrixQCvis_1.7.4.tar.gz
###
##############################################################################
##############################################################################
* using log directory ‘/home/biocbuild/bbs-3.17-bioc/meat/MatrixQCvis.Rcheck’
* using R Under development (unstable) (2023-02-14 r83833)
* using platform: x86_64-pc-linux-gnu (64-bit)
* R was compiled by
gcc (Ubuntu 9.4.0-1ubuntu1~20.04.1) 9.4.0
GNU Fortran (Ubuntu 9.4.0-1ubuntu1~20.04.1) 9.4.0
* running under: Ubuntu 20.04.6 LTS
* using session charset: UTF-8
* checking for file ‘MatrixQCvis/DESCRIPTION’ ... OK
* checking extension type ... Package
* this is package ‘MatrixQCvis’ version ‘1.7.4’
* package encoding: UTF-8
* checking package namespace information ... OK
* checking package dependencies ... OK
* checking if this is a source package ... OK
* checking if there is a namespace ... OK
* checking for hidden files and directories ... OK
* checking for portable file names ... OK
* checking for sufficient/correct file permissions ... OK
* checking whether package ‘MatrixQCvis’ can be installed ... OK
* checking installed package size ... OK
* checking package directory ... OK
* checking ‘build’ directory ... OK
* checking DESCRIPTION meta-information ... OK
* checking top-level files ... OK
* checking for left-over files ... OK
* checking index information ... OK
* checking package subdirectories ... OK
* checking R files for non-ASCII characters ... OK
* checking R files for syntax errors ... OK
* checking whether the package can be loaded ... OK
* checking whether the package can be loaded with stated dependencies ... OK
* checking whether the package can be unloaded cleanly ... OK
* checking whether the namespace can be loaded with stated dependencies ... OK
* checking whether the namespace can be unloaded cleanly ... OK
* checking loading without being on the library search path ... OK
* checking dependencies in R code ... OK
* checking S3 generic/method consistency ... OK
* checking replacement functions ... OK
* checking foreign function calls ... OK
* checking R code for possible problems ... OK
* checking Rd files ... OK
* checking Rd metadata ... OK
* checking Rd cross-references ... OK
* checking for missing documentation entries ... OK
* checking for code/documentation mismatches ... OK
* checking Rd \usage sections ... OK
* checking Rd contents ... OK
* checking for unstated dependencies in examples ... OK
* checking files in ‘vignettes’ ... OK
* checking examples ... OK
* checking for unstated dependencies in ‘tests’ ... OK
* checking tests ...
Running ‘testthat.R’
OK
* checking for unstated dependencies in vignettes ... OK
* checking package vignettes in ‘inst/doc’ ... OK
* checking running R code from vignettes ...
‘MatrixQCvis.Rmd’ using ‘UTF-8’... OK
NONE
* checking re-building of vignette outputs ... ERROR
Error(s) in re-building vignettes:
...
--- re-building ‘MatrixQCvis.Rmd’ using rmarkdown
Quitting from lines 124-139 (MatrixQCvis.Rmd)
Error: processing vignette 'MatrixQCvis.Rmd' failed with diagnostics:
error reading from connection
--- failed re-building ‘MatrixQCvis.Rmd’
SUMMARY: processing the following file failed:
‘MatrixQCvis.Rmd’
Error: Vignette re-building failed.
Execution halted
* checking PDF version of manual ... OK
* DONE
Status: 1 ERROR
See
‘/home/biocbuild/bbs-3.17-bioc/meat/MatrixQCvis.Rcheck/00check.log’
for details.
MatrixQCvis.Rcheck/00install.out
############################################################################## ############################################################################## ### ### Running command: ### ### /home/biocbuild/bbs-3.17-bioc/R/bin/R CMD INSTALL MatrixQCvis ### ############################################################################## ############################################################################## * installing to library ‘/home/biocbuild/bbs-3.17-bioc/R/site-library’ * installing *source* package ‘MatrixQCvis’ ... ** using staged installation ** R ** inst ** byte-compile and prepare package for lazy loading ** help *** installing help indices ** building package indices ** installing vignettes ** testing if installed package can be loaded from temporary location ** testing if installed package can be loaded from final location ** testing if installed package keeps a record of temporary installation path * DONE (MatrixQCvis)
MatrixQCvis.Rcheck/tests/testthat.Rout
R Under development (unstable) (2023-02-14 r83833) -- "Unsuffered Consequences"
Copyright (C) 2023 The R Foundation for Statistical Computing
Platform: x86_64-pc-linux-gnu (64-bit)
R is free software and comes with ABSOLUTELY NO WARRANTY.
You are welcome to redistribute it under certain conditions.
Type 'license()' or 'licence()' for distribution details.
R is a collaborative project with many contributors.
Type 'contributors()' for more information and
'citation()' on how to cite R or R packages in publications.
Type 'demo()' for some demos, 'help()' for on-line help, or
'help.start()' for an HTML browser interface to help.
Type 'q()' to quit R.
> library(testthat)
> library(MatrixQCvis)
Loading required package: SummarizedExperiment
Loading required package: MatrixGenerics
Loading required package: matrixStats
Attaching package: 'MatrixGenerics'
The following objects are masked from 'package:matrixStats':
colAlls, colAnyNAs, colAnys, colAvgsPerRowSet, colCollapse,
colCounts, colCummaxs, colCummins, colCumprods, colCumsums,
colDiffs, colIQRDiffs, colIQRs, colLogSumExps, colMadDiffs,
colMads, colMaxs, colMeans2, colMedians, colMins, colOrderStats,
colProds, colQuantiles, colRanges, colRanks, colSdDiffs, colSds,
colSums2, colTabulates, colVarDiffs, colVars, colWeightedMads,
colWeightedMeans, colWeightedMedians, colWeightedSds,
colWeightedVars, rowAlls, rowAnyNAs, rowAnys, rowAvgsPerColSet,
rowCollapse, rowCounts, rowCummaxs, rowCummins, rowCumprods,
rowCumsums, rowDiffs, rowIQRDiffs, rowIQRs, rowLogSumExps,
rowMadDiffs, rowMads, rowMaxs, rowMeans2, rowMedians, rowMins,
rowOrderStats, rowProds, rowQuantiles, rowRanges, rowRanks,
rowSdDiffs, rowSds, rowSums2, rowTabulates, rowVarDiffs, rowVars,
rowWeightedMads, rowWeightedMeans, rowWeightedMedians,
rowWeightedSds, rowWeightedVars
Loading required package: GenomicRanges
Loading required package: stats4
Loading required package: BiocGenerics
Attaching package: 'BiocGenerics'
The following objects are masked from 'package:stats':
IQR, mad, sd, var, xtabs
The following objects are masked from 'package:base':
Filter, Find, Map, Position, Reduce, anyDuplicated, aperm, append,
as.data.frame, basename, cbind, colnames, dirname, do.call,
duplicated, eval, evalq, get, grep, grepl, intersect, is.unsorted,
lapply, mapply, match, mget, order, paste, pmax, pmax.int, pmin,
pmin.int, rank, rbind, rownames, sapply, setdiff, sort, table,
tapply, union, unique, unsplit, which.max, which.min
Loading required package: S4Vectors
Attaching package: 'S4Vectors'
The following objects are masked from 'package:base':
I, expand.grid, unname
Loading required package: IRanges
Loading required package: GenomeInfoDb
Loading required package: Biobase
Welcome to Bioconductor
Vignettes contain introductory material; view with
'browseVignettes()'. To cite Bioconductor, see
'citation("Biobase")', and for packages 'citation("pkgname")'.
Attaching package: 'Biobase'
The following object is masked from 'package:MatrixGenerics':
rowMedians
The following objects are masked from 'package:matrixStats':
anyMissing, rowMedians
Loading required package: plotly
Loading required package: ggplot2
Attaching package: 'plotly'
The following object is masked from 'package:ggplot2':
last_plot
The following object is masked from 'package:IRanges':
slice
The following object is masked from 'package:S4Vectors':
rename
The following object is masked from 'package:stats':
filter
The following object is masked from 'package:graphics':
layout
Loading required package: shiny
> testthat::test_check("MatrixQCvis")
initial value 0.091643
final value 0.091636
converged
initial value 0.091643
final value 0.091636
converged
[1] 28.64894
[ FAIL 0 | WARN 2 | SKIP 0 | PASS 463 ]
[ FAIL 0 | WARN 2 | SKIP 0 | PASS 463 ]
>
> proc.time()
user system elapsed
30.296 1.821 32.075
MatrixQCvis.Rcheck/MatrixQCvis-Ex.timings
| name | user | system | elapsed | |
| ECDF | 2.137 | 0.008 | 2.145 | |
| MAplot | 1.676 | 0.088 | 1.763 | |
| MAvalues | 0.116 | 0.020 | 0.136 | |
| barplotSamplesMeasuredMissing | 0.580 | 0.052 | 0.632 | |
| batchCorrectionAssay | 0.07 | 0.00 | 0.07 | |
| createBoxplot | 0.749 | 0.000 | 0.749 | |
| createDfFeature | 0.004 | 0.000 | 0.004 | |
| cv | 0 | 0 | 0 | |
| cvFeaturePlot | 0.379 | 0.020 | 0.384 | |
| dimensionReduction | 3.170 | 0.112 | 3.281 | |
| dimensionReductionPlot | 0.152 | 0.012 | 0.164 | |
| distSample | 1.053 | 0.012 | 1.066 | |
| distShiny | 0.002 | 0.000 | 0.002 | |
| driftPlot | 1.098 | 0.020 | 1.118 | |
| explVar | 0.014 | 0.000 | 0.013 | |
| extractComb | 0.027 | 0.000 | 0.028 | |
| featurePlot | 0.305 | 0.000 | 0.304 | |
| histFeature | 0.144 | 0.004 | 0.148 | |
| histFeatureCategory | 0.255 | 0.004 | 0.259 | |
| hist_sample | 0.154 | 0.008 | 0.162 | |
| hist_sample_num | 0.06 | 0.00 | 0.06 | |
| hoeffDPlot | 0.957 | 0.032 | 0.970 | |
| hoeffDValues | 0.28 | 0.00 | 0.28 | |
| imputeAssay | 0.037 | 0.000 | 0.038 | |
| measuredCategory | 0.021 | 0.000 | 0.020 | |
| mosaic | 0.426 | 0.000 | 0.427 | |
| normalizeAssay | 0.002 | 0.000 | 0.001 | |
| permuteExplVar | 0.015 | 0.000 | 0.015 | |
| plotCV | 0.295 | 0.000 | 0.295 | |
| plotPCALoadings | 0.211 | 0.004 | 0.215 | |
| plotPCAVar | 0.390 | 0.012 | 0.402 | |
| plotPCAVarPvalue | 0.333 | 0.012 | 0.346 | |
| samplesMeasuredMissing | 0.052 | 0.000 | 0.051 | |
| shinyQC | 0.057 | 0.000 | 0.058 | |
| sumDistSample | 0.176 | 0.008 | 0.184 | |
| tblPCALoadings | 0.145 | 0.000 | 0.145 | |
| transformAssay | 0.057 | 0.008 | 0.065 | |
| upsetCategory | 0.705 | 0.000 | 0.705 | |
| volcanoPlot | 0.289 | 0.008 | 0.297 | |