| Back to Multiple platform build/check report for BioC 3.17 |
|
This page was generated on 2023-04-11 10:55:46 -0400 (Tue, 11 Apr 2023).
| Hostname | OS | Arch (*) | R version | Installed pkgs |
|---|---|---|---|---|
| nebbiolo1 | Linux (Ubuntu 22.04.1 LTS) | x86_64 | 4.3.0 alpha (2023-04-03 r84154) | 4546 |
| nebbiolo2 | Linux (Ubuntu 20.04.5 LTS) | x86_64 | R Under development (unstable) (2023-02-14 r83833) -- "Unsuffered Consequences" | 4332 |
| Click on any hostname to see more info about the system (e.g. compilers) (*) as reported by 'uname -p', except on Windows and Mac OS X | ||||
|
To the developers/maintainers of the LowMACA package: - Allow up to 24 hours (and sometimes 48 hours) for your latest push to git@git.bioconductor.org:packages/LowMACA.git to reflect on this report. See Troubleshooting Build Report for more information. - Use the following Renviron settings to reproduce errors and warnings. Note: If "R CMD check" recently failed on the Linux builder over a missing dependency, add the missing dependency to "Suggests" in your DESCRIPTION file. See the Renviron.bioc for details. |
| Package 1073/2207 | Hostname | OS / Arch | INSTALL | BUILD | CHECK | BUILD BIN | ||||||||
| LowMACA 1.29.0 (landing page) Giorgio Melloni
| nebbiolo1 | Linux (Ubuntu 22.04.1 LTS) / x86_64 | OK | ERROR | skipped | |||||||||
| nebbiolo2 | Linux (Ubuntu 20.04.5 LTS) / x86_64 | OK | OK | ERROR | ||||||||||
| Package: LowMACA |
| Version: 1.29.0 |
| Command: /home/biocbuild/bbs-3.17-bioc/R/bin/R CMD check --install=check:LowMACA.install-out.txt --library=/home/biocbuild/bbs-3.17-bioc/R/site-library --timings LowMACA_1.29.0.tar.gz |
| StartedAt: 2023-04-11 07:22:37 -0400 (Tue, 11 Apr 2023) |
| EndedAt: 2023-04-11 07:35:03 -0400 (Tue, 11 Apr 2023) |
| EllapsedTime: 746.3 seconds |
| RetCode: 1 |
| Status: ERROR |
| CheckDir: LowMACA.Rcheck |
| Warnings: NA |
##############################################################################
##############################################################################
###
### Running command:
###
### /home/biocbuild/bbs-3.17-bioc/R/bin/R CMD check --install=check:LowMACA.install-out.txt --library=/home/biocbuild/bbs-3.17-bioc/R/site-library --timings LowMACA_1.29.0.tar.gz
###
##############################################################################
##############################################################################
* using log directory ‘/home/biocbuild/bbs-3.17-bioc/meat/LowMACA.Rcheck’
* using R Under development (unstable) (2023-02-14 r83833)
* using platform: x86_64-pc-linux-gnu (64-bit)
* R was compiled by
gcc (Ubuntu 9.4.0-1ubuntu1~20.04.1) 9.4.0
GNU Fortran (Ubuntu 9.4.0-1ubuntu1~20.04.1) 9.4.0
* running under: Ubuntu 20.04.6 LTS
* using session charset: UTF-8
* checking for file ‘LowMACA/DESCRIPTION’ ... OK
* checking extension type ... Package
* this is package ‘LowMACA’ version ‘1.29.0’
* checking package namespace information ... OK
* checking package dependencies ... OK
* checking if this is a source package ... OK
* checking if there is a namespace ... OK
* checking for hidden files and directories ... OK
* checking for portable file names ... OK
* checking for sufficient/correct file permissions ... OK
* checking whether package ‘LowMACA’ can be installed ... OK
* checking installed package size ... OK
* checking package directory ... OK
* checking ‘build’ directory ... OK
* checking DESCRIPTION meta-information ... OK
* checking top-level files ... OK
* checking for left-over files ... OK
* checking index information ... OK
* checking package subdirectories ... OK
* checking R files for non-ASCII characters ... OK
* checking R files for syntax errors ... OK
* checking whether the package can be loaded ... OK
* checking whether the package can be loaded with stated dependencies ... OK
* checking whether the package can be unloaded cleanly ... OK
* checking whether the namespace can be loaded with stated dependencies ... OK
* checking whether the namespace can be unloaded cleanly ... OK
* checking loading without being on the library search path ... OK
* checking dependencies in R code ... OK
* checking S3 generic/method consistency ... OK
* checking replacement functions ... OK
* checking foreign function calls ... OK
* checking R code for possible problems ... OK
* checking Rd files ... OK
* checking Rd metadata ... OK
* checking Rd cross-references ... OK
* checking for missing documentation entries ... OK
* checking for code/documentation mismatches ... OK
* checking Rd \usage sections ... OK
* checking Rd contents ... OK
* checking for unstated dependencies in examples ... OK
* checking contents of ‘data’ directory ... OK
* checking data for non-ASCII characters ... OK
* checking data for ASCII and uncompressed saves ... OK
* checking files in ‘vignettes’ ... OK
* checking examples ... OK
Examples with CPU (user + system) or elapsed time > 5s
user system elapsed
allPfamAnalysis 129.330 3.125 132.365
lfmSingleSequence 70.531 1.847 72.373
setup 32.342 3.515 62.073
LowMACA-class 23.916 2.752 37.281
LowMACA-package 14.465 2.084 22.974
alignSequences 4.944 0.277 22.603
getMutations 4.051 0.249 6.812
* checking for unstated dependencies in vignettes ... OK
* checking package vignettes in ‘inst/doc’ ... OK
* checking running R code from vignettes ...
‘LowMACA.Rmd’ using ‘UTF-8’... OK
NONE
* checking re-building of vignette outputs ... ERROR
Error(s) in re-building vignettes:
...
--- re-building ‘LowMACA.Rmd’ using rmarkdown
JobId: clustalo-R20230411-123455-0797-33712629-p1m
QUEUED
http status: 400 Bad Request Job 'clustalo-R20230411-123455-0797-33712629-p1m' is still queued at /home/biocbuild/bbs-3.17-bioc/R/site-library/LowMACA/clustalo_lwp.pl line 262.
Quitting from lines 159-160 (LowMACA.Rmd)
Error: processing vignette 'LowMACA.Rmd' failed with diagnostics:
Alignment with ClustalOmega had non 0 exit status:
--- failed re-building ‘LowMACA.Rmd’
SUMMARY: processing the following file failed:
‘LowMACA.Rmd’
Error: Vignette re-building failed.
Execution halted
* checking PDF version of manual ... OK
* DONE
Status: 1 ERROR
See
‘/home/biocbuild/bbs-3.17-bioc/meat/LowMACA.Rcheck/00check.log’
for details.
LowMACA.Rcheck/00install.out
############################################################################## ############################################################################## ### ### Running command: ### ### /home/biocbuild/bbs-3.17-bioc/R/bin/R CMD INSTALL LowMACA ### ############################################################################## ############################################################################## * installing to library ‘/home/biocbuild/bbs-3.17-bioc/R/site-library’ * installing *source* package ‘LowMACA’ ... ** using staged installation ** R ** data ** inst ** byte-compile and prepare package for lazy loading ** help *** installing help indices ** building package indices ** installing vignettes ** testing if installed package can be loaded from temporary location Checking if clustalo is in the PATH... Checking clustalo Version... Checking perl installation... Checking perl modules XML::Simple and LWP... ** testing if installed package can be loaded from final location Checking if clustalo is in the PATH... Checking clustalo Version... Checking perl installation... Checking perl modules XML::Simple and LWP... ** testing if installed package keeps a record of temporary installation path * DONE (LowMACA)
LowMACA.Rcheck/LowMACA-Ex.timings
| name | user | system | elapsed | |
| BLOSUM62 | 0.009 | 0.000 | 0.009 | |
| LowMACA-class | 23.916 | 2.752 | 37.281 | |
| LowMACA-package | 14.465 | 2.084 | 22.974 | |
| LowMACA_AML | 0.023 | 0.003 | 0.026 | |
| alignSequences | 4.944 | 0.277 | 22.603 | |
| allPfamAnalysis | 129.330 | 3.125 | 132.365 | |
| bpAll | 0.770 | 0.024 | 0.795 | |
| entropy | 0.782 | 0.004 | 0.786 | |
| getMutations | 4.051 | 0.249 | 6.812 | |
| lfm | 1.715 | 0.192 | 1.906 | |
| lfmSingleSequence | 70.531 | 1.847 | 72.373 | |
| lmAlignment | 0.039 | 0.000 | 0.039 | |
| lmEntropy | 0.915 | 0.040 | 0.956 | |
| lmMutations | 0.035 | 0.000 | 0.036 | |
| lmObj | 0.078 | 0.000 | 0.078 | |
| lmParams | 0.564 | 0.014 | 0.583 | |
| lmPlot | 2.553 | 0.013 | 2.565 | |
| lmPlotSingleSequence | 3.323 | 0.131 | 3.454 | |
| mapMutations | 0.519 | 0.056 | 0.575 | |
| newLowMACA | 2.944 | 0.088 | 3.032 | |
| nullProfile | 1.018 | 0.116 | 1.134 | |
| parallelize | 0.533 | 0.012 | 0.545 | |
| protter | 0.849 | 0.064 | 2.789 | |
| setup | 32.342 | 3.515 | 62.073 | |
| showTumorType | 0.263 | 0.026 | 0.387 | |