| Back to Multiple platform build/check report for BioC 3.17 |
|
This page was generated on 2023-04-12 10:55:38 -0400 (Wed, 12 Apr 2023).
| Hostname | OS | Arch (*) | R version | Installed pkgs |
|---|---|---|---|---|
| nebbiolo1 | Linux (Ubuntu 22.04.1 LTS) | x86_64 | 4.3.0 alpha (2023-04-03 r84154) | 4547 |
| nebbiolo2 | Linux (Ubuntu 20.04.5 LTS) | x86_64 | R Under development (unstable) (2023-02-14 r83833) -- "Unsuffered Consequences" | 4333 |
| Click on any hostname to see more info about the system (e.g. compilers) (*) as reported by 'uname -p', except on Windows and Mac OS X | ||||
|
To the developers/maintainers of the IRISFGM package: - Allow up to 24 hours (and sometimes 48 hours) for your latest push to git@git.bioconductor.org:packages/IRISFGM.git to reflect on this report. See Troubleshooting Build Report for more information. - Use the following Renviron settings to reproduce errors and warnings. Note: If "R CMD check" recently failed on the Linux builder over a missing dependency, add the missing dependency to "Suggests" in your DESCRIPTION file. See the Renviron.bioc for details. |
| Package 1012/2207 | Hostname | OS / Arch | INSTALL | BUILD | CHECK | BUILD BIN | ||||||||
| IRISFGM 1.7.0 (landing page) Yuzhou Chang
| nebbiolo1 | Linux (Ubuntu 22.04.1 LTS) / x86_64 | OK | OK | ERROR | |||||||||
| nebbiolo2 | Linux (Ubuntu 20.04.5 LTS) / x86_64 | OK | OK | ERROR | ||||||||||
| Package: IRISFGM |
| Version: 1.7.0 |
| Command: /home/biocbuild/bbs-3.17-bioc/R/bin/R CMD check --install=check:IRISFGM.install-out.txt --library=/home/biocbuild/bbs-3.17-bioc/R/site-library --timings IRISFGM_1.7.0.tar.gz |
| StartedAt: 2023-04-12 06:59:14 -0400 (Wed, 12 Apr 2023) |
| EndedAt: 2023-04-12 07:06:11 -0400 (Wed, 12 Apr 2023) |
| EllapsedTime: 417.1 seconds |
| RetCode: 1 |
| Status: ERROR |
| CheckDir: IRISFGM.Rcheck |
| Warnings: NA |
##############################################################################
##############################################################################
###
### Running command:
###
### /home/biocbuild/bbs-3.17-bioc/R/bin/R CMD check --install=check:IRISFGM.install-out.txt --library=/home/biocbuild/bbs-3.17-bioc/R/site-library --timings IRISFGM_1.7.0.tar.gz
###
##############################################################################
##############################################################################
* using log directory ‘/home/biocbuild/bbs-3.17-bioc/meat/IRISFGM.Rcheck’
* using R Under development (unstable) (2023-02-14 r83833)
* using platform: x86_64-pc-linux-gnu (64-bit)
* R was compiled by
gcc (Ubuntu 9.4.0-1ubuntu1~20.04.1) 9.4.0
GNU Fortran (Ubuntu 9.4.0-1ubuntu1~20.04.1) 9.4.0
* running under: Ubuntu 20.04.6 LTS
* using session charset: UTF-8
* checking for file ‘IRISFGM/DESCRIPTION’ ... OK
* checking extension type ... Package
* this is package ‘IRISFGM’ version ‘1.7.0’
* package encoding: UTF-8
* checking package namespace information ... OK
* checking package dependencies ... OK
* checking if this is a source package ... OK
* checking if there is a namespace ... OK
* checking for hidden files and directories ... OK
* checking for portable file names ... OK
* checking for sufficient/correct file permissions ... OK
* checking whether package ‘IRISFGM’ can be installed ... WARNING
Found the following significant warnings:
read_array.cpp:882:26: warning: format ‘%d’ expects argument of type ‘int’, but argument 4 has type ‘__gnu_cxx::__alloc_traits<std::allocator<long unsigned int>, long unsigned int>::value_type’ {aka ‘long unsigned int’} [-Wformat=]
read_array.cpp:1376:26: warning: format ‘%d’ expects argument of type ‘int’, but argument 4 has type ‘__gnu_cxx::__alloc_traits<std::allocator<long unsigned int>, long unsigned int>::value_type’ {aka ‘long unsigned int’} [-Wformat=]
See ‘/home/biocbuild/bbs-3.17-bioc/meat/IRISFGM.Rcheck/00install.out’ for details.
* used C compiler: ‘gcc (Ubuntu 9.4.0-1ubuntu1~20.04.1) 9.4.0’
* used C++ compiler: ‘g++ (Ubuntu 9.4.0-1ubuntu1~20.04.1) 9.4.0’
* checking C++ specification ... NOTE
Specified C++11: please drop specification unless essential
* checking installed package size ... NOTE
installed size is 5.5Mb
sub-directories of 1Mb or more:
libs 4.0Mb
* checking package directory ... OK
* checking ‘build’ directory ... OK
* checking DESCRIPTION meta-information ... OK
* checking top-level files ... OK
* checking for left-over files ... OK
* checking index information ... OK
* checking package subdirectories ... OK
* checking R files for non-ASCII characters ... OK
* checking R files for syntax errors ... OK
* checking whether the package can be loaded ... OK
* checking whether the package can be loaded with stated dependencies ... OK
* checking whether the package can be unloaded cleanly ... OK
* checking whether the namespace can be loaded with stated dependencies ... OK
* checking whether the namespace can be unloaded cleanly ... OK
* checking loading without being on the library search path ... OK
* checking dependencies in R code ... OK
* checking S3 generic/method consistency ... OK
* checking replacement functions ... OK
* checking foreign function calls ... OK
* checking R code for possible problems ... OK
* checking Rd files ... OK
* checking Rd metadata ... OK
* checking Rd cross-references ... OK
* checking for missing documentation entries ... OK
* checking for code/documentation mismatches ... OK
* checking Rd \usage sections ... OK
* checking Rd contents ... OK
* checking for unstated dependencies in examples ... OK
* checking contents of ‘data’ directory ... OK
* checking data for non-ASCII characters ... OK
* checking data for ASCII and uncompressed saves ... OK
* checking line endings in C/C++/Fortran sources/headers ... OK
* checking line endings in Makefiles ... OK
* checking compilation flags in Makevars ... OK
* checking for GNU extensions in Makefiles ... OK
* checking for portable use of $(BLAS_LIBS) and $(LAPACK_LIBS) ... OK
* checking use of PKG_*FLAGS in Makefiles ... OK
* checking compiled code ... NOTE
Note: information on .o files is not available
* checking files in ‘vignettes’ ... OK
* checking examples ... OK
Examples with CPU (user + system) or elapsed time > 5s
user system elapsed
RunDimensionReduction 5.046 0.116 5.162
FindClassBasedOnMC 5.000 0.152 5.297
* checking for unstated dependencies in vignettes ... OK
* checking package vignettes in ‘inst/doc’ ... OK
* checking running R code from vignettes ...
‘IRISFGM_Rpackage.Rmd’ using ‘UTF-8’... OK
NONE
* checking re-building of vignette outputs ... ERROR
Error(s) in re-building vignettes:
...
--- re-building ‘IRISFGM_Rpackage.Rmd’ using rmarkdown
Error: processing vignette 'IRISFGM_Rpackage.Rmd' failed with diagnostics:
there is no package called ‘BiocStyle’
--- failed re-building ‘IRISFGM_Rpackage.Rmd’
SUMMARY: processing the following file failed:
‘IRISFGM_Rpackage.Rmd’
Error: Vignette re-building failed.
Execution halted
* checking PDF version of manual ... OK
* DONE
Status: 1 ERROR, 1 WARNING, 3 NOTEs
See
‘/home/biocbuild/bbs-3.17-bioc/meat/IRISFGM.Rcheck/00check.log’
for details.
IRISFGM.Rcheck/00install.out
##############################################################################
##############################################################################
###
### Running command:
###
### /home/biocbuild/bbs-3.17-bioc/R/bin/R CMD INSTALL IRISFGM
###
##############################################################################
##############################################################################
* installing to library ‘/home/biocbuild/bbs-3.17-bioc/R/site-library’
* installing *source* package ‘IRISFGM’ ...
** using staged installation
** libs
using C compiler: ‘gcc (Ubuntu 9.4.0-1ubuntu1~20.04.1) 9.4.0’
using C++ compiler: ‘g++ (Ubuntu 9.4.0-1ubuntu1~20.04.1) 9.4.0’
using C++11
g++ -std=gnu++11 -I"/home/biocbuild/bbs-3.17-bioc/R/include" -DNDEBUG -I'/home/biocbuild/bbs-3.17-bioc/R/site-library/Rcpp/include' -I/usr/local/include -fopenmp -DVER=2.08 -fpic -g -O2 -Wall -c RcppExports.cpp -o RcppExports.o
g++ -std=gnu++11 -I"/home/biocbuild/bbs-3.17-bioc/R/include" -DNDEBUG -I'/home/biocbuild/bbs-3.17-bioc/R/site-library/Rcpp/include' -I/usr/local/include -fopenmp -DVER=2.08 -fpic -g -O2 -Wall -c cluster.cpp -o cluster.o
g++ -std=gnu++11 -I"/home/biocbuild/bbs-3.17-bioc/R/include" -DNDEBUG -I'/home/biocbuild/bbs-3.17-bioc/R/site-library/Rcpp/include' -I/usr/local/include -fopenmp -DVER=2.08 -fpic -g -O2 -Wall -c expand.cpp -o expand.o
g++ -std=gnu++11 -I"/home/biocbuild/bbs-3.17-bioc/R/include" -DNDEBUG -I'/home/biocbuild/bbs-3.17-bioc/R/site-library/Rcpp/include' -I/usr/local/include -fopenmp -DVER=2.08 -fpic -g -O2 -Wall -c get_options.cpp -o get_options.o
gcc -I"/home/biocbuild/bbs-3.17-bioc/R/include" -DNDEBUG -I'/home/biocbuild/bbs-3.17-bioc/R/site-library/Rcpp/include' -I/usr/local/include -fpic -g -O2 -Wall -c getline.c -o getline.o
g++ -std=gnu++11 -I"/home/biocbuild/bbs-3.17-bioc/R/include" -DNDEBUG -I'/home/biocbuild/bbs-3.17-bioc/R/site-library/Rcpp/include' -I/usr/local/include -fopenmp -DVER=2.08 -fpic -g -O2 -Wall -c main.cpp -o main.o
g++ -std=gnu++11 -I"/home/biocbuild/bbs-3.17-bioc/R/include" -DNDEBUG -I'/home/biocbuild/bbs-3.17-bioc/R/site-library/Rcpp/include' -I/usr/local/include -fopenmp -DVER=2.08 -fpic -g -O2 -Wall -c make_graph.cpp -o make_graph.o
g++ -std=gnu++11 -I"/home/biocbuild/bbs-3.17-bioc/R/include" -DNDEBUG -I'/home/biocbuild/bbs-3.17-bioc/R/site-library/Rcpp/include' -I/usr/local/include -fopenmp -DVER=2.08 -fpic -g -O2 -Wall -c rcpp_irisfgm.cpp -o rcpp_irisfgm.o
g++ -std=gnu++11 -I"/home/biocbuild/bbs-3.17-bioc/R/include" -DNDEBUG -I'/home/biocbuild/bbs-3.17-bioc/R/site-library/Rcpp/include' -I/usr/local/include -fopenmp -DVER=2.08 -fpic -g -O2 -Wall -c read_array.cpp -o read_array.o
read_array.cpp: In function ‘void discretize_new(const char*)’:
read_array.cpp:882:26: warning: format ‘%d’ expects argument of type ‘int’, but argument 4 has type ‘__gnu_cxx::__alloc_traits<std::allocator<long unsigned int>, long unsigned int>::value_type’ {aka ‘long unsigned int’} [-Wformat=]
882 | fprintf(F2, "%s_%d", genes_n[id], eflags[id][i]);
| ~^
| |
| int
| %ld
read_array.cpp:883:35: warning: comparison of integer expressions of different signedness: ‘std::size_t’ {aka ‘long unsigned int’} and ‘int’ [-Wsign-compare]
883 | for (std::size_t j = 0; j < cols; j++) {
| ~~^~~~~~
read_array.cpp: In function ‘void discretize_rpkm(const char*)’:
read_array.cpp:1376:26: warning: format ‘%d’ expects argument of type ‘int’, but argument 4 has type ‘__gnu_cxx::__alloc_traits<std::allocator<long unsigned int>, long unsigned int>::value_type’ {aka ‘long unsigned int’} [-Wformat=]
1376 | fprintf(F2, "%s_%d", genes_n[id], eflags[id][i]);
| ~^
| |
| int
| %ld
read_array.cpp:1377:35: warning: comparison of integer expressions of different signedness: ‘std::size_t’ {aka ‘long unsigned int’} and ‘int’ [-Wsign-compare]
1377 | for (std::size_t j = 0; j < cols; j++) {
| ~~^~~~~~
g++ -std=gnu++11 -I"/home/biocbuild/bbs-3.17-bioc/R/include" -DNDEBUG -I'/home/biocbuild/bbs-3.17-bioc/R/site-library/Rcpp/include' -I/usr/local/include -fopenmp -DVER=2.08 -fpic -g -O2 -Wall -c struct.cpp -o struct.o
struct.cpp: In function ‘void uglyTime(const char*, ...)’:
struct.cpp:75:15: warning: variable ‘lastTime’ set but not used [-Wunused-but-set-variable]
75 | static long lastTime = 0;
| ^~~~~~~~
g++ -std=gnu++11 -I"/home/biocbuild/bbs-3.17-bioc/R/include" -DNDEBUG -I'/home/biocbuild/bbs-3.17-bioc/R/site-library/Rcpp/include' -I/usr/local/include -fopenmp -DVER=2.08 -fpic -g -O2 -Wall -c write_block.cpp -o write_block.o
g++ -std=gnu++11 -shared -L/home/biocbuild/bbs-3.17-bioc/R/lib -L/usr/local/lib -o IRISFGM.so RcppExports.o cluster.o expand.o get_options.o getline.o main.o make_graph.o rcpp_irisfgm.o read_array.o struct.o write_block.o -fopenmp -L/home/biocbuild/bbs-3.17-bioc/R/lib -lR
installing to /home/biocbuild/bbs-3.17-bioc/R/site-library/00LOCK-IRISFGM/00new/IRISFGM/libs
** R
** data
** byte-compile and prepare package for lazy loading
Creating a generic function from function ‘ReadFrom10X_h5’ in package ‘IRISFGM’
Creating a generic function from function ‘ReadFrom10X_folder’ in package ‘IRISFGM’
** help
*** installing help indices
** building package indices
** installing vignettes
** testing if installed package can be loaded from temporary location
** checking absolute paths in shared objects and dynamic libraries
** testing if installed package can be loaded from final location
** testing if installed package keeps a record of temporary installation path
* DONE (IRISFGM)
IRISFGM.Rcheck/IRISFGM-Ex.timings
| name | user | system | elapsed | |
| AddMeta | 0.007 | 0.000 | 0.006 | |
| CalBinaryMultiSignal | 1.148 | 0.012 | 1.213 | |
| CalBinarySingleSignal | 0.240 | 0.008 | 0.248 | |
| CreateIRISFGMObject | 0.002 | 0.000 | 0.002 | |
| DotPlotPathway | 0.360 | 0.004 | 0.365 | |
| FindClassBasedOnMC | 5.000 | 0.152 | 5.297 | |
| FindGlobalMarkers | 0.867 | 0.008 | 0.875 | |
| FindMarker | 0.422 | 0.020 | 0.441 | |
| GetBinaryMultiSignal | 0.360 | 0.008 | 0.367 | |
| GetBinarySingleSignal | 0.405 | 0.004 | 0.408 | |
| GetLTMGmatrix | 0.237 | 0.004 | 0.241 | |
| PlotDimension | 0.463 | 0.000 | 0.462 | |
| PlotHeatmap | 0.447 | 0.000 | 0.446 | |
| PlotMarkerHeatmap | 0.698 | 0.000 | 0.697 | |
| PlotMeta | 1.405 | 0.096 | 1.501 | |
| PlotModuleNetwork | 1.322 | 0.008 | 1.329 | |
| PlotNetwork | 0.653 | 0.044 | 0.696 | |
| ProcessData | 0.211 | 0.000 | 0.211 | |
| RunBicluster | 2.905 | 0.108 | 3.013 | |
| RunClassification | 0.494 | 0.004 | 0.498 | |
| RunDimensionReduction | 5.046 | 0.116 | 5.162 | |
| RunDiscretization | 0.217 | 0.000 | 0.216 | |
| RunLTMG | 2.813 | 0.044 | 2.857 | |
| RunPathway | 0.213 | 0.000 | 0.213 | |
| SubsetData | 0.212 | 0.000 | 0.213 | |
| getMeta | 0.237 | 0.008 | 0.246 | |