| Back to Multiple platform build/check report for BioC 3.17 |
|
This page was generated on 2023-04-12 10:55:25 -0400 (Wed, 12 Apr 2023).
| Hostname | OS | Arch (*) | R version | Installed pkgs |
|---|---|---|---|---|
| nebbiolo1 | Linux (Ubuntu 22.04.1 LTS) | x86_64 | 4.3.0 alpha (2023-04-03 r84154) | 4547 |
| nebbiolo2 | Linux (Ubuntu 20.04.5 LTS) | x86_64 | R Under development (unstable) (2023-02-14 r83833) -- "Unsuffered Consequences" | 4333 |
| Click on any hostname to see more info about the system (e.g. compilers) (*) as reported by 'uname -p', except on Windows and Mac OS X | ||||
|
To the developers/maintainers of the GeneGA package: - Allow up to 24 hours (and sometimes 48 hours) for your latest push to git@git.bioconductor.org:packages/GeneGA.git to reflect on this report. See Troubleshooting Build Report for more information. - Use the following Renviron settings to reproduce errors and warnings. Note: If "R CMD check" recently failed on the Linux builder over a missing dependency, add the missing dependency to "Suggests" in your DESCRIPTION file. See the Renviron.bioc for details. |
| Package 771/2207 | Hostname | OS / Arch | INSTALL | BUILD | CHECK | BUILD BIN | ||||||||
| GeneGA 1.49.0 (landing page) Zhenpeng Li
| nebbiolo1 | Linux (Ubuntu 22.04.1 LTS) / x86_64 | OK | ERROR | skipped | |||||||||
| nebbiolo2 | Linux (Ubuntu 20.04.5 LTS) / x86_64 | OK | OK | OK | ||||||||||
| Package: GeneGA |
| Version: 1.49.0 |
| Command: /home/biocbuild/bbs-3.17-bioc/R/bin/R CMD build --keep-empty-dirs --no-resave-data GeneGA |
| StartedAt: 2023-04-11 16:35:19 -0400 (Tue, 11 Apr 2023) |
| EndedAt: 2023-04-11 16:35:24 -0400 (Tue, 11 Apr 2023) |
| EllapsedTime: 5.0 seconds |
| RetCode: 1 |
| Status: ERROR |
| PackageFile: None |
| PackageFileSize: NA |
##############################################################################
##############################################################################
###
### Running command:
###
### /home/biocbuild/bbs-3.17-bioc/R/bin/R CMD build --keep-empty-dirs --no-resave-data GeneGA
###
##############################################################################
##############################################################################
* checking for file ‘GeneGA/DESCRIPTION’ ... OK
* preparing ‘GeneGA’:
* checking DESCRIPTION meta-information ... OK
* installing the package to build vignettes
* creating vignettes ... ERROR
--- re-building ‘GeneGA.Rnw’ using Sweave
Loading required package: seqinr
Loading required package: hash
hash-2.2.6.2 provided by Decision Patterns
sh: 1: RNAfold: not found
Error: processing vignette 'GeneGA.Rnw' failed with diagnostics:
chunk 3
Error in system(paste("echo ", x, "|RNAfold", sep = ""), intern = T) :
error in running command
--- failed re-building ‘GeneGA.Rnw’
SUMMARY: processing the following file failed:
‘GeneGA.Rnw’
Error: Vignette re-building failed.
Execution halted