| Back to Multiple platform build/check report for BioC 3.17 | 
 | 
This page was generated on 2023-04-12 10:55:36 -0400 (Wed, 12 Apr 2023).
| Hostname | OS | Arch (*) | R version | Installed pkgs | 
|---|---|---|---|---|
| nebbiolo1 | Linux (Ubuntu 22.04.1 LTS) | x86_64 | 4.3.0 alpha (2023-04-03 r84154) | 4547 | 
| nebbiolo2 | Linux (Ubuntu 20.04.5 LTS) | x86_64 | R Under development (unstable) (2023-02-14 r83833) -- "Unsuffered Consequences" | 4333 | 
| Click on any hostname to see more info about the system (e.g. compilers) (*) as reported by 'uname -p', except on Windows and Mac OS X | ||||
| To the developers/maintainers of the FCBF package: - Allow up to 24 hours (and sometimes 48 hours) for your latest push to git@git.bioconductor.org:packages/FCBF.git to reflect on this report. See Troubleshooting Build Report for more information. - Use the following Renviron settings to reproduce errors and warnings. Note: If "R CMD check" recently failed on the Linux builder over a missing dependency, add the missing dependency to "Suggests" in your DESCRIPTION file. See the Renviron.bioc for details. | 
| Package 678/2207 | Hostname | OS / Arch | INSTALL | BUILD | CHECK | BUILD BIN | ||||||||
| FCBF 2.7.0  (landing page) Tiago Lubiana 
 | nebbiolo1 | Linux (Ubuntu 22.04.1 LTS) / x86_64 | OK | OK | ERROR | |||||||||
| nebbiolo2 | Linux (Ubuntu 20.04.5 LTS) / x86_64 | OK | OK | ERROR | ||||||||||
| Package: FCBF | 
| Version: 2.7.0 | 
| Command: /home/biocbuild/bbs-3.17-bioc/R/bin/R CMD check --install=check:FCBF.install-out.txt --library=/home/biocbuild/bbs-3.17-bioc/R/site-library --timings FCBF_2.7.0.tar.gz | 
| StartedAt: 2023-04-12 06:14:26 -0400 (Wed, 12 Apr 2023) | 
| EndedAt: 2023-04-12 06:19:57 -0400 (Wed, 12 Apr 2023) | 
| EllapsedTime: 330.1 seconds | 
| RetCode: 1 | 
| Status: ERROR | 
| CheckDir: FCBF.Rcheck | 
| Warnings: NA | 
##############################################################################
##############################################################################
###
### Running command:
###
###   /home/biocbuild/bbs-3.17-bioc/R/bin/R CMD check --install=check:FCBF.install-out.txt --library=/home/biocbuild/bbs-3.17-bioc/R/site-library --timings FCBF_2.7.0.tar.gz
###
##############################################################################
##############################################################################
* using log directory ‘/home/biocbuild/bbs-3.17-bioc/meat/FCBF.Rcheck’
* using R Under development (unstable) (2023-02-14 r83833)
* using platform: x86_64-pc-linux-gnu (64-bit)
* R was compiled by
    gcc (Ubuntu 9.4.0-1ubuntu1~20.04.1) 9.4.0
    GNU Fortran (Ubuntu 9.4.0-1ubuntu1~20.04.1) 9.4.0
* running under: Ubuntu 20.04.6 LTS
* using session charset: UTF-8
* checking for file ‘FCBF/DESCRIPTION’ ... OK
* checking extension type ... Package
* this is package ‘FCBF’ version ‘2.7.0’
* package encoding: UTF-8
* checking package namespace information ... OK
* checking package dependencies ... OK
* checking if this is a source package ... OK
* checking if there is a namespace ... OK
* checking for hidden files and directories ... OK
* checking for portable file names ... OK
* checking for sufficient/correct file permissions ... OK
* checking whether package ‘FCBF’ can be installed ... OK
* checking installed package size ... OK
* checking package directory ... OK
* checking ‘build’ directory ... OK
* checking DESCRIPTION meta-information ... OK
* checking top-level files ... OK
* checking for left-over files ... OK
* checking index information ... OK
* checking package subdirectories ... OK
* checking R files for non-ASCII characters ... OK
* checking R files for syntax errors ... OK
* checking whether the package can be loaded ... OK
* checking whether the package can be loaded with stated dependencies ... OK
* checking whether the package can be unloaded cleanly ... OK
* checking whether the namespace can be loaded with stated dependencies ... OK
* checking whether the namespace can be unloaded cleanly ... OK
* checking loading without being on the library search path ... OK
* checking dependencies in R code ... OK
* checking S3 generic/method consistency ... OK
* checking replacement functions ... OK
* checking foreign function calls ... OK
* checking R code for possible problems ... OK
* checking Rd files ... OK
* checking Rd metadata ... OK
* checking Rd cross-references ... OK
* checking for missing documentation entries ... OK
* checking for code/documentation mismatches ... OK
* checking Rd \usage sections ... OK
* checking Rd contents ... OK
* checking for unstated dependencies in examples ... OK
* checking contents of ‘data’ directory ... OK
* checking data for non-ASCII characters ... OK
* checking data for ASCII and uncompressed saves ... OK
* checking files in ‘vignettes’ ... OK
* checking examples ... OK
Examples with CPU (user + system) or elapsed time > 5s
                                      user system elapsed
fcbf                                28.297  0.520  28.820
scDengue                            17.875  0.651  18.528
get_su_for_feature_table_and_vector 16.221  0.132  19.752
discretize_exprs                    14.266  1.171  19.079
su_plot                              9.666  0.200   9.867
get_ig_for_feature_table_and_vector  8.208  0.012   8.289
* checking for unstated dependencies in ‘tests’ ... OK
* checking tests ...
  Running ‘testthat.R’
 OK
* checking for unstated dependencies in vignettes ... OK
* checking package vignettes in ‘inst/doc’ ... OK
* checking running R code from vignettes ...
  ‘FCBF-Vignette.Rmd’ using ‘UTF-8’... OK
 NONE
* checking re-building of vignette outputs ... ERROR
Error(s) in re-building vignettes:
  ...
--- re-building ‘FCBF-Vignette.Rmd’ using rmarkdown
Quitting from lines 178-205 (FCBF-Vignette.Rmd) 
Error: processing vignette 'FCBF-Vignette.Rmd' failed with diagnostics:
Required packages are missing: kernlab
--- failed re-building ‘FCBF-Vignette.Rmd’
SUMMARY: processing the following file failed:
  ‘FCBF-Vignette.Rmd’
Error: Vignette re-building failed.
Execution halted
* checking PDF version of manual ... OK
* DONE
Status: 1 ERROR
See
  ‘/home/biocbuild/bbs-3.17-bioc/meat/FCBF.Rcheck/00check.log’
for details.
FCBF.Rcheck/00install.out
############################################################################## ############################################################################## ### ### Running command: ### ### /home/biocbuild/bbs-3.17-bioc/R/bin/R CMD INSTALL FCBF ### ############################################################################## ############################################################################## * installing to library ‘/home/biocbuild/bbs-3.17-bioc/R/site-library’ * installing *source* package ‘FCBF’ ... ** using staged installation ** R ** data ** byte-compile and prepare package for lazy loading ** help *** installing help indices ** building package indices ** installing vignettes ** testing if installed package can be loaded from temporary location ** testing if installed package can be loaded from final location ** testing if installed package keeps a record of temporary installation path * DONE (FCBF)
FCBF.Rcheck/tests/testthat.Rout
R Under development (unstable) (2023-02-14 r83833) -- "Unsuffered Consequences"
Copyright (C) 2023 The R Foundation for Statistical Computing
Platform: x86_64-pc-linux-gnu (64-bit)
R is free software and comes with ABSOLUTELY NO WARRANTY.
You are welcome to redistribute it under certain conditions.
Type 'license()' or 'licence()' for distribution details.
R is a collaborative project with many contributors.
Type 'contributors()' for more information and
'citation()' on how to cite R or R packages in publications.
Type 'demo()' for some demos, 'help()' for on-line help, or
'help.start()' for an HTML browser interface to help.
Type 'q()' to quit R.
> library(testthat)
> library(FCBF)
> 
> test_check("FCBF")
[1] "Number of features features =  8"
[1] "Number of prospective features =  7"
[1] "Number of final features =  2"
[1] "Number of features features =  8"
[1] "Number of prospective features =  1"
[ FAIL 0 | WARN 0 | SKIP 0 | PASS 33 ]
> 
> proc.time()
   user  system elapsed 
  7.419   0.415   7.818 
FCBF.Rcheck/FCBF-Ex.timings
| name | user | system | elapsed | |
| discretize_exprs | 14.266 | 1.171 | 19.079 | |
| discretize_exprs_supervised | 4.206 | 0.316 | 4.524 | |
| discretize_gene_supervised | 0.706 | 0.216 | 0.922 | |
| fcbf | 28.297 | 0.520 | 28.820 | |
| get_IG_for_vector_pair | 2.143 | 0.272 | 2.415 | |
| get_SU_for_vector_pair | 2.141 | 0.052 | 2.193 | |
| get_ig_for_feature_table_and_vector | 8.208 | 0.012 | 8.289 | |
| get_su_for_feature_table_and_vector | 16.221 | 0.132 | 19.752 | |
| scDengue | 17.875 | 0.651 | 18.528 | |
| su_plot | 9.666 | 0.200 | 9.867 | |