| Back to Multiple platform build/check report for BioC 3.17 |
|
This page was generated on 2023-04-12 10:55:24 -0400 (Wed, 12 Apr 2023).
| Hostname | OS | Arch (*) | R version | Installed pkgs |
|---|---|---|---|---|
| nebbiolo1 | Linux (Ubuntu 22.04.1 LTS) | x86_64 | 4.3.0 alpha (2023-04-03 r84154) | 4547 |
| nebbiolo2 | Linux (Ubuntu 20.04.5 LTS) | x86_64 | R Under development (unstable) (2023-02-14 r83833) -- "Unsuffered Consequences" | 4333 |
| Click on any hostname to see more info about the system (e.g. compilers) (*) as reported by 'uname -p', except on Windows and Mac OS X | ||||
|
To the developers/maintainers of the ERSSA package: - Allow up to 24 hours (and sometimes 48 hours) for your latest push to git@git.bioconductor.org:packages/ERSSA.git to reflect on this report. See Troubleshooting Build Report for more information. - Use the following Renviron settings to reproduce errors and warnings. Note: If "R CMD check" recently failed on the Linux builder over a missing dependency, add the missing dependency to "Suggests" in your DESCRIPTION file. See the Renviron.bioc for details. |
| Package 649/2207 | Hostname | OS / Arch | INSTALL | BUILD | CHECK | BUILD BIN | ||||||||
| ERSSA 1.17.0 (landing page) Zixuan Shao
| nebbiolo1 | Linux (Ubuntu 22.04.1 LTS) / x86_64 | OK | OK | ERROR | |||||||||
| nebbiolo2 | Linux (Ubuntu 20.04.5 LTS) / x86_64 | OK | OK | ERROR | ||||||||||
| Package: ERSSA |
| Version: 1.17.0 |
| Command: /home/biocbuild/bbs-3.17-bioc/R/bin/R CMD check --install=check:ERSSA.install-out.txt --library=/home/biocbuild/bbs-3.17-bioc/R/site-library --timings ERSSA_1.17.0.tar.gz |
| StartedAt: 2023-04-11 20:11:11 -0400 (Tue, 11 Apr 2023) |
| EndedAt: 2023-04-11 20:14:21 -0400 (Tue, 11 Apr 2023) |
| EllapsedTime: 190.0 seconds |
| RetCode: 1 |
| Status: ERROR |
| CheckDir: ERSSA.Rcheck |
| Warnings: NA |
##############################################################################
##############################################################################
###
### Running command:
###
### /home/biocbuild/bbs-3.17-bioc/R/bin/R CMD check --install=check:ERSSA.install-out.txt --library=/home/biocbuild/bbs-3.17-bioc/R/site-library --timings ERSSA_1.17.0.tar.gz
###
##############################################################################
##############################################################################
* using log directory ‘/home/biocbuild/bbs-3.17-bioc/meat/ERSSA.Rcheck’
* using R version 4.3.0 alpha (2023-04-03 r84154)
* using platform: x86_64-pc-linux-gnu (64-bit)
* R was compiled by
gcc (Ubuntu 11.3.0-1ubuntu1~22.04) 11.3.0
GNU Fortran (Ubuntu 11.3.0-1ubuntu1~22.04) 11.3.0
* running under: Ubuntu 22.04.2 LTS
* using session charset: UTF-8
* checking for file ‘ERSSA/DESCRIPTION’ ... OK
* checking extension type ... Package
* this is package ‘ERSSA’ version ‘1.17.0’
* package encoding: UTF-8
* checking package namespace information ... OK
* checking package dependencies ... OK
* checking if this is a source package ... OK
* checking if there is a namespace ... OK
* checking for hidden files and directories ... OK
* checking for portable file names ... OK
* checking for sufficient/correct file permissions ... OK
* checking whether package ‘ERSSA’ can be installed ... OK
* checking installed package size ... OK
* checking package directory ... OK
* checking ‘build’ directory ... OK
* checking DESCRIPTION meta-information ... OK
* checking top-level files ... OK
* checking for left-over files ... OK
* checking index information ... OK
* checking package subdirectories ... OK
* checking R files for non-ASCII characters ... OK
* checking R files for syntax errors ... OK
* checking whether the package can be loaded ... OK
* checking whether the package can be loaded with stated dependencies ... OK
* checking whether the package can be unloaded cleanly ... OK
* checking whether the namespace can be loaded with stated dependencies ... OK
* checking whether the namespace can be unloaded cleanly ... OK
* checking loading without being on the library search path ... OK
* checking dependencies in R code ... OK
* checking S3 generic/method consistency ... OK
* checking replacement functions ... OK
* checking foreign function calls ... OK
* checking R code for possible problems ... OK
* checking Rd files ... OK
* checking Rd metadata ... OK
* checking Rd cross-references ... OK
* checking for missing documentation entries ... OK
* checking for code/documentation mismatches ... OK
* checking Rd \usage sections ... OK
* checking Rd contents ... OK
* checking for unstated dependencies in examples ... OK
* checking contents of ‘data’ directory ... OK
* checking data for non-ASCII characters ... OK
* checking LazyData ... OK
* checking data for ASCII and uncompressed saves ... OK
* checking files in ‘vignettes’ ... OK
* checking examples ... ERROR
Running examples in ‘ERSSA-Ex.R’ failed
The error most likely occurred in:
> base::assign(".ptime", proc.time(), pos = "CheckExEnv")
> ### Name: erssa_deseq2
> ### Title: Run DESeq2 for computed sample combinations
> ### Aliases: erssa_deseq2
>
> ### ** Examples
>
> # load example filtered count_table, condition_table and combinations
> # generated by comb_gen function
> # example dataset containing 1000 genes, 4 replicates and 5 comb. per rep.
> # level
> data(count_table.filtered.partial, package = "ERSSA")
> data(combinations.partial, package = "ERSSA")
> data(condition_table.partial, package = "ERSSA")
>
> # run erssa_deseq2 with heart condition as control
> deg.partial = erssa_deseq2(count_table.filtered.partial,
+ combinations.partial, condition_table.partial, control='heart')
Start DESeq2 Wald test with padj cutoff = 0.05, Abs(log2FoldChange) cutoff = 1
Save results tables to drive: FALSE
Error in lfcShrink(dds, coef = 2) :
type='apeglm' requires installing the Bioconductor package 'apeglm'
Calls: erssa_deseq2 -> lapply -> FUN -> lapply -> FUN -> lfcShrink
Execution halted
* checking for unstated dependencies in vignettes ... OK
* checking package vignettes in ‘inst/doc’ ... OK
* checking running R code from vignettes ...
‘ERSSA.Rmd’ using ‘UTF-8’... OK
NONE
* checking re-building of vignette outputs ... OK
* checking PDF version of manual ... OK
* DONE
Status: 1 ERROR
See
‘/home/biocbuild/bbs-3.17-bioc/meat/ERSSA.Rcheck/00check.log’
for details.
ERSSA.Rcheck/00install.out
############################################################################## ############################################################################## ### ### Running command: ### ### /home/biocbuild/bbs-3.17-bioc/R/bin/R CMD INSTALL ERSSA ### ############################################################################## ############################################################################## * installing to library ‘/home/biocbuild/bbs-3.17-bioc/R/site-library’ * installing *source* package ‘ERSSA’ ... ** using staged installation ** R ** data *** moving datasets to lazyload DB ** inst ** byte-compile and prepare package for lazy loading ** help *** installing help indices ** building package indices ** installing vignettes ** testing if installed package can be loaded from temporary location ** testing if installed package can be loaded from final location ** testing if installed package keeps a record of temporary installation path * DONE (ERSSA)
ERSSA.Rcheck/ERSSA-Ex.timings
| name | user | system | elapsed | |
| comb_gen | 0.001 | 0.007 | 0.009 | |
| count_filter | 0.003 | 0.001 | 0.004 | |
| erssa | 9.992 | 0.172 | 10.134 | |