| Back to Multiple platform build/check report for BioC 3.17 |
|
This page was generated on 2023-04-12 10:55:24 -0400 (Wed, 12 Apr 2023).
| Hostname | OS | Arch (*) | R version | Installed pkgs |
|---|---|---|---|---|
| nebbiolo1 | Linux (Ubuntu 22.04.1 LTS) | x86_64 | 4.3.0 alpha (2023-04-03 r84154) | 4547 |
| nebbiolo2 | Linux (Ubuntu 20.04.5 LTS) | x86_64 | R Under development (unstable) (2023-02-14 r83833) -- "Unsuffered Consequences" | 4333 |
| Click on any hostname to see more info about the system (e.g. compilers) (*) as reported by 'uname -p', except on Windows and Mac OS X | ||||
|
To the developers/maintainers of the DiffLogo package: - Allow up to 24 hours (and sometimes 48 hours) for your latest push to git@git.bioconductor.org:packages/DiffLogo.git to reflect on this report. See Troubleshooting Build Report for more information. - Use the following Renviron settings to reproduce errors and warnings. Note: If "R CMD check" recently failed on the Linux builder over a missing dependency, add the missing dependency to "Suggests" in your DESCRIPTION file. See the Renviron.bioc for details. |
| Package 550/2207 | Hostname | OS / Arch | INSTALL | BUILD | CHECK | BUILD BIN | ||||||||
| DiffLogo 2.23.0 (landing page) Hendrik Treutler
| nebbiolo1 | Linux (Ubuntu 22.04.1 LTS) / x86_64 | OK | OK | WARNINGS | |||||||||
| nebbiolo2 | Linux (Ubuntu 20.04.5 LTS) / x86_64 | OK | OK | WARNINGS | ||||||||||
| Package: DiffLogo |
| Version: 2.23.0 |
| Command: /home/biocbuild/bbs-3.17-bioc/R/bin/R CMD check --install=check:DiffLogo.install-out.txt --library=/home/biocbuild/bbs-3.17-bioc/R/site-library --timings DiffLogo_2.23.0.tar.gz |
| StartedAt: 2023-04-11 19:55:25 -0400 (Tue, 11 Apr 2023) |
| EndedAt: 2023-04-11 19:57:09 -0400 (Tue, 11 Apr 2023) |
| EllapsedTime: 103.9 seconds |
| RetCode: 0 |
| Status: WARNINGS |
| CheckDir: DiffLogo.Rcheck |
| Warnings: 1 |
##############################################################################
##############################################################################
###
### Running command:
###
### /home/biocbuild/bbs-3.17-bioc/R/bin/R CMD check --install=check:DiffLogo.install-out.txt --library=/home/biocbuild/bbs-3.17-bioc/R/site-library --timings DiffLogo_2.23.0.tar.gz
###
##############################################################################
##############################################################################
* using log directory ‘/home/biocbuild/bbs-3.17-bioc/meat/DiffLogo.Rcheck’
* using R version 4.3.0 alpha (2023-04-03 r84154)
* using platform: x86_64-pc-linux-gnu (64-bit)
* R was compiled by
gcc (Ubuntu 11.3.0-1ubuntu1~22.04) 11.3.0
GNU Fortran (Ubuntu 11.3.0-1ubuntu1~22.04) 11.3.0
* running under: Ubuntu 22.04.2 LTS
* using session charset: UTF-8
* checking for file ‘DiffLogo/DESCRIPTION’ ... OK
* checking extension type ... Package
* this is package ‘DiffLogo’ version ‘2.23.0’
* checking package namespace information ... OK
* checking package dependencies ... OK
* checking if this is a source package ... OK
* checking if there is a namespace ... OK
* checking for hidden files and directories ... OK
* checking for portable file names ... OK
* checking for sufficient/correct file permissions ... OK
* checking whether package ‘DiffLogo’ can be installed ... OK
* checking installed package size ... OK
* checking package directory ... OK
* checking ‘build’ directory ... OK
* checking DESCRIPTION meta-information ... OK
* checking top-level files ... OK
* checking for left-over files ... OK
* checking index information ... OK
* checking package subdirectories ... OK
* checking R files for non-ASCII characters ... OK
* checking R files for syntax errors ... OK
* checking whether the package can be loaded ... OK
* checking whether the package can be loaded with stated dependencies ... OK
* checking whether the package can be unloaded cleanly ... OK
* checking whether the namespace can be loaded with stated dependencies ... WARNING
Warning: S4 exports specified in 'NAMESPACE' but not defined in package ‘DiffLogo’
* checking whether the namespace can be unloaded cleanly ... OK
* checking loading without being on the library search path ... OK
* checking dependencies in R code ... OK
* checking S3 generic/method consistency ... OK
* checking replacement functions ... OK
* checking foreign function calls ... OK
* checking R code for possible problems ... NOTE
diffLogo: no visible global function definition for ‘is’
preconditionTransformPWM: no visible global function definition for
‘is’
Undefined global functions or variables:
is
Consider adding
importFrom("methods", "is")
to your NAMESPACE file (and ensure that your DESCRIPTION Imports field
contains 'methods').
* checking Rd files ... OK
* checking Rd metadata ... OK
* checking Rd cross-references ... OK
* checking for missing documentation entries ... OK
* checking for code/documentation mismatches ... OK
* checking Rd \usage sections ... OK
* checking Rd contents ... OK
* checking for unstated dependencies in examples ... OK
* checking files in ‘vignettes’ ... OK
* checking examples ... OK
* checking for unstated dependencies in ‘tests’ ... OK
* checking tests ...
Running ‘testthat.R’
OK
* checking for unstated dependencies in vignettes ... OK
* checking package vignettes in ‘inst/doc’ ... OK
* checking running R code from vignettes ...
‘DiffLogoBasics.Rnw’... OK
OK
* checking re-building of vignette outputs ... OK
* checking PDF version of manual ... OK
* DONE
Status: 1 WARNING, 1 NOTE
See
‘/home/biocbuild/bbs-3.17-bioc/meat/DiffLogo.Rcheck/00check.log’
for details.
DiffLogo.Rcheck/00install.out
############################################################################## ############################################################################## ### ### Running command: ### ### /home/biocbuild/bbs-3.17-bioc/R/bin/R CMD INSTALL DiffLogo ### ############################################################################## ############################################################################## * installing to library ‘/home/biocbuild/bbs-3.17-bioc/R/site-library’ * installing *source* package ‘DiffLogo’ ... ** using staged installation ** R ** inst ** byte-compile and prepare package for lazy loading ** help *** installing help indices ** building package indices ** installing vignettes ** testing if installed package can be loaded from temporary location ** testing if installed package can be loaded from final location ** testing if installed package keeps a record of temporary installation path * DONE (DiffLogo)
DiffLogo.Rcheck/tests/testthat.Rout
R version 4.3.0 alpha (2023-04-03 r84154) Copyright (C) 2023 The R Foundation for Statistical Computing Platform: x86_64-pc-linux-gnu (64-bit) R is free software and comes with ABSOLUTELY NO WARRANTY. You are welcome to redistribute it under certain conditions. Type 'license()' or 'licence()' for distribution details. R is a collaborative project with many contributors. Type 'contributors()' for more information and 'citation()' on how to cite R or R packages in publications. Type 'demo()' for some demos, 'help()' for on-line help, or 'help.start()' for an HTML browser interface to help. Type 'q()' to quit R. > > proc.time() user system elapsed 0.161 0.016 0.167
DiffLogo.Rcheck/DiffLogo-Ex.timings
| name | user | system | elapsed | |
| ASN | 0.000 | 0.000 | 0.001 | |
| Alphabet | 0 | 0 | 0 | |
| DNA | 0.000 | 0.000 | 0.001 | |
| FULL_ALPHABET | 0.000 | 0.000 | 0.001 | |
| RNA | 0.000 | 0.000 | 0.001 | |
| calculatePvalue | 0.029 | 0.003 | 0.032 | |
| createDiffLogoObject | 0.054 | 0.009 | 0.062 | |
| diffLogo | 0.058 | 0.000 | 0.058 | |
| diffLogoFromPwm | 0.050 | 0.007 | 0.058 | |
| diffLogoTable | 1.061 | 0.036 | 1.097 | |
| diffLogoTableConfiguration | 0.000 | 0.000 | 0.001 | |
| differenceOfICs | 0.307 | 0.003 | 0.310 | |
| drawDiffLogoTable | 1.103 | 0.095 | 1.199 | |
| enrichDiffLogoObjectWithPvalues | 0.186 | 0.004 | 0.189 | |
| enrichDiffLogoTableWithPvalues | 3.100 | 0.000 | 3.099 | |
| extendPwmsFromAlignmentVector | 0.046 | 0.001 | 0.046 | |
| getAlphabetFromCharacters | 0.000 | 0.001 | 0.001 | |
| getAlphabetFromSequences | 0.000 | 0.001 | 0.001 | |
| getPwmFromAlignment | 0.368 | 0.017 | 0.386 | |
| getPwmFromAlignmentFile | 0.005 | 0.000 | 0.005 | |
| getPwmFromFastaFile | 0.012 | 0.000 | 0.012 | |
| getPwmFromFile | 0.003 | 0.001 | 0.003 | |
| getPwmFromHomerFile | 0.002 | 0.000 | 0.002 | |
| getPwmFromPfmOrJasparFile | 0.003 | 0.000 | 0.003 | |
| getPwmFromPwmFile | 0.000 | 0.002 | 0.002 | |
| getSequencesFromAlignmentFile | 0.000 | 0.001 | 0.002 | |
| getSequencesFromFastaFile | 0.002 | 0.000 | 0.002 | |
| informationContent | 0.070 | 0.004 | 0.073 | |
| lossOfAbsICDifferences | 0.060 | 0.000 | 0.059 | |
| multipleLocalPwmsAlignment | 0.029 | 0.000 | 0.030 | |
| normalizePWM | 0.000 | 0.000 | 0.001 | |
| normalizedDifferenceOfProbabilities | 0.052 | 0.004 | 0.056 | |
| prepareDiffLogoTable | 0.715 | 0.012 | 0.727 | |
| probabilities | 0.044 | 0.000 | 0.044 | |
| seqLogo | 0.045 | 0.000 | 0.045 | |
| shannonDivergence | 0.054 | 0.000 | 0.053 | |
| sumOfAbsICDifferences | 0.056 | 0.000 | 0.056 | |
| sumOfAbsProbabilityDifferences | 0.058 | 0.000 | 0.058 | |
| sumProbabilities | 0.039 | 0.004 | 0.043 | |