| Back to Multiple platform build/check report for BioC 3.17 |
|
This page was generated on 2023-04-12 10:55:36 -0400 (Wed, 12 Apr 2023).
| Hostname | OS | Arch (*) | R version | Installed pkgs |
|---|---|---|---|---|
| nebbiolo1 | Linux (Ubuntu 22.04.1 LTS) | x86_64 | 4.3.0 alpha (2023-04-03 r84154) | 4547 |
| nebbiolo2 | Linux (Ubuntu 20.04.5 LTS) | x86_64 | R Under development (unstable) (2023-02-14 r83833) -- "Unsuffered Consequences" | 4333 |
| Click on any hostname to see more info about the system (e.g. compilers) (*) as reported by 'uname -p', except on Windows and Mac OS X | ||||
|
To the developers/maintainers of the DSS package: - Allow up to 24 hours (and sometimes 48 hours) for your latest push to git@git.bioconductor.org:packages/DSS.git to reflect on this report. See Troubleshooting Build Report for more information. - Use the following Renviron settings to reproduce errors and warnings. Note: If "R CMD check" recently failed on the Linux builder over a missing dependency, add the missing dependency to "Suggests" in your DESCRIPTION file. See the Renviron.bioc for details. |
| Package 589/2207 | Hostname | OS / Arch | INSTALL | BUILD | CHECK | BUILD BIN | ||||||||
| DSS 2.47.1 (landing page) Hao Wu
| nebbiolo1 | Linux (Ubuntu 22.04.1 LTS) / x86_64 | OK | OK | ERROR | |||||||||
| nebbiolo2 | Linux (Ubuntu 20.04.5 LTS) / x86_64 | OK | OK | ERROR | ||||||||||
| Package: DSS |
| Version: 2.47.1 |
| Command: /home/biocbuild/bbs-3.17-bioc/R/bin/R CMD check --install=check:DSS.install-out.txt --library=/home/biocbuild/bbs-3.17-bioc/R/site-library --timings DSS_2.47.1.tar.gz |
| StartedAt: 2023-04-12 06:01:27 -0400 (Wed, 12 Apr 2023) |
| EndedAt: 2023-04-12 06:06:10 -0400 (Wed, 12 Apr 2023) |
| EllapsedTime: 282.9 seconds |
| RetCode: 1 |
| Status: ERROR |
| CheckDir: DSS.Rcheck |
| Warnings: NA |
##############################################################################
##############################################################################
###
### Running command:
###
### /home/biocbuild/bbs-3.17-bioc/R/bin/R CMD check --install=check:DSS.install-out.txt --library=/home/biocbuild/bbs-3.17-bioc/R/site-library --timings DSS_2.47.1.tar.gz
###
##############################################################################
##############################################################################
* using log directory ‘/home/biocbuild/bbs-3.17-bioc/meat/DSS.Rcheck’
* using R Under development (unstable) (2023-02-14 r83833)
* using platform: x86_64-pc-linux-gnu (64-bit)
* R was compiled by
gcc (Ubuntu 9.4.0-1ubuntu1~20.04.1) 9.4.0
GNU Fortran (Ubuntu 9.4.0-1ubuntu1~20.04.1) 9.4.0
* running under: Ubuntu 20.04.6 LTS
* using session charset: UTF-8
* checking for file ‘DSS/DESCRIPTION’ ... OK
* this is package ‘DSS’ version ‘2.47.1’
* checking package namespace information ... OK
* checking package dependencies ... OK
* checking if this is a source package ... OK
* checking if there is a namespace ... OK
* checking for hidden files and directories ... OK
* checking for portable file names ... OK
* checking for sufficient/correct file permissions ... OK
* checking whether package ‘DSS’ can be installed ... OK
* used C compiler: ‘gcc (Ubuntu 9.4.0-1ubuntu1~20.04.1) 9.4.0’
* checking installed package size ... OK
* checking package directory ... OK
* checking ‘build’ directory ... OK
* checking DESCRIPTION meta-information ... OK
* checking top-level files ... OK
* checking for left-over files ... OK
* checking index information ... OK
* checking package subdirectories ... OK
* checking R files for non-ASCII characters ... OK
* checking R files for syntax errors ... OK
* checking whether the package can be loaded ... OK
* checking whether the package can be loaded with stated dependencies ... OK
* checking whether the package can be unloaded cleanly ... OK
* checking whether the namespace can be loaded with stated dependencies ... OK
* checking whether the namespace can be unloaded cleanly ... OK
* checking loading without being on the library search path ... OK
* checking dependencies in R code ... NOTE
Package in Depends field not imported from: ‘parallel’
These packages need to be imported from (in the NAMESPACE file)
for when this namespace is loaded but not attached.
* checking S3 generic/method consistency ... OK
* checking replacement functions ... OK
* checking foreign function calls ... OK
* checking R code for possible problems ... NOTE
DMLtest: no visible global function definition for ‘detectCores’
dispersion.shrinkage.BSseq: no visible global function definition for
‘mclapply’
est.phi.naive: no visible global function definition for ‘rowVars’
est.prior.BSseq.logN: no visible global function definition for
‘rowVars’
Undefined global functions or variables:
detectCores mclapply rowVars
* checking Rd files ... WARNING
checkRd: (5) SeqCountSet-class.Rd:45-62: \item in \describe must have non-empty label
* checking Rd metadata ... OK
* checking Rd cross-references ... OK
* checking for missing documentation entries ... OK
* checking for code/documentation mismatches ... OK
* checking Rd \usage sections ... OK
* checking Rd contents ... OK
* checking for unstated dependencies in examples ... OK
* checking contents of ‘data’ directory ... OK
* checking data for non-ASCII characters ... OK
* checking data for ASCII and uncompressed saves ... OK
* checking line endings in C/C++/Fortran sources/headers ... OK
* checking compiled code ... NOTE
Note: information on .o files is not available
* checking files in ‘vignettes’ ... OK
* checking examples ... OK
* checking for unstated dependencies in vignettes ... OK
* checking package vignettes in ‘inst/doc’ ... OK
* checking running R code from vignettes ...
‘DSS.Rmd’ using ‘UTF-8’... OK
NONE
* checking re-building of vignette outputs ... ERROR
Error(s) in re-building vignettes:
...
--- re-building ‘DSS.Rmd’ using rmarkdown
Quitting from lines 188-194 (DSS.Rmd)
Error: processing vignette 'DSS.Rmd' failed with diagnostics:
there is no package called 'edgeR'
--- failed re-building ‘DSS.Rmd’
SUMMARY: processing the following file failed:
‘DSS.Rmd’
Error: Vignette re-building failed.
Execution halted
* checking PDF version of manual ... OK
* DONE
Status: 1 ERROR, 1 WARNING, 3 NOTEs
See
‘/home/biocbuild/bbs-3.17-bioc/meat/DSS.Rcheck/00check.log’
for details.
DSS.Rcheck/00install.out
############################################################################## ############################################################################## ### ### Running command: ### ### /home/biocbuild/bbs-3.17-bioc/R/bin/R CMD INSTALL DSS ### ############################################################################## ############################################################################## * installing to library ‘/home/biocbuild/bbs-3.17-bioc/R/site-library’ * installing *source* package ‘DSS’ ... ** using staged installation ** libs using C compiler: ‘gcc (Ubuntu 9.4.0-1ubuntu1~20.04.1) 9.4.0’ gcc -I"/home/biocbuild/bbs-3.17-bioc/R/include" -DNDEBUG -I/usr/local/include -fpic -g -O2 -Wall -c compute_var_smooth.c -o compute_var_smooth.o gcc -I"/home/biocbuild/bbs-3.17-bioc/R/include" -DNDEBUG -I/usr/local/include -fpic -g -O2 -Wall -c filter.c -o filter.o gcc -I"/home/biocbuild/bbs-3.17-bioc/R/include" -DNDEBUG -I/usr/local/include -fpic -g -O2 -Wall -c nitem.c -o nitem.o gcc -shared -L/home/biocbuild/bbs-3.17-bioc/R/lib -L/usr/local/lib -o DSS.so compute_var_smooth.o filter.o nitem.o -L/home/biocbuild/bbs-3.17-bioc/R/lib -lR installing to /home/biocbuild/bbs-3.17-bioc/R/site-library/00LOCK-DSS/00new/DSS/libs ** R ** data ** inst ** byte-compile and prepare package for lazy loading ** help *** installing help indices ** building package indices ** installing vignettes ** testing if installed package can be loaded from temporary location ** checking absolute paths in shared objects and dynamic libraries ** testing if installed package can be loaded from final location ** testing if installed package keeps a record of temporary installation path * DONE (DSS)
DSS.Rcheck/DSS-Ex.timings
| name | user | system | elapsed | |
| DMLfit.multiFactor | 0 | 0 | 0 | |
| DMLtest | 0.001 | 0.000 | 0.001 | |
| DMLtest.multiFactor | 0.001 | 0.000 | 0.001 | |
| DSS.DE | 0.206 | 0.028 | 0.234 | |
| RRBS | 0.015 | 0.008 | 0.023 | |
| SeqCountSet-class | 0.187 | 0.028 | 0.215 | |
| callDML | 0 | 0 | 0 | |
| callDMR | 0.000 | 0.000 | 0.001 | |
| design | 0.015 | 0.003 | 0.018 | |
| dispersion | 0.073 | 0.022 | 0.095 | |
| estDispersion | 0.207 | 0.063 | 0.270 | |
| estNormFactors | 0.008 | 0.004 | 0.012 | |
| makeBSseqData | 0.786 | 0.036 | 0.823 | |
| normalizationFactor | 0.005 | 0.000 | 0.005 | |
| seqData | 0.004 | 0.000 | 0.004 | |
| showOneDMR | 0 | 0 | 0 | |
| waldTest | 0.086 | 0.000 | 0.087 | |