| Back to Multiple platform build/check report for BioC 3.17 |
|
This page was generated on 2023-04-12 10:55:24 -0400 (Wed, 12 Apr 2023).
| Hostname | OS | Arch (*) | R version | Installed pkgs |
|---|---|---|---|---|
| nebbiolo1 | Linux (Ubuntu 22.04.1 LTS) | x86_64 | 4.3.0 alpha (2023-04-03 r84154) | 4547 |
| nebbiolo2 | Linux (Ubuntu 20.04.5 LTS) | x86_64 | R Under development (unstable) (2023-02-14 r83833) -- "Unsuffered Consequences" | 4333 |
| Click on any hostname to see more info about the system (e.g. compilers) (*) as reported by 'uname -p', except on Windows and Mac OS X | ||||
|
To the developers/maintainers of the DEScan2 package: - Allow up to 24 hours (and sometimes 48 hours) for your latest push to git@git.bioconductor.org:packages/DEScan2.git to reflect on this report. See Troubleshooting Build Report for more information. - Use the following Renviron settings to reproduce errors and warnings. Note: If "R CMD check" recently failed on the Linux builder over a missing dependency, add the missing dependency to "Suggests" in your DESCRIPTION file. See the Renviron.bioc for details. |
| Package 533/2207 | Hostname | OS / Arch | INSTALL | BUILD | CHECK | BUILD BIN | ||||||||
| DEScan2 1.19.1 (landing page) Dario Righelli
| nebbiolo1 | Linux (Ubuntu 22.04.1 LTS) / x86_64 | OK | OK | WARNINGS | |||||||||
| nebbiolo2 | Linux (Ubuntu 20.04.5 LTS) / x86_64 | OK | OK | WARNINGS | ||||||||||
| Package: DEScan2 |
| Version: 1.19.1 |
| Command: /home/biocbuild/bbs-3.17-bioc/R/bin/R CMD check --install=check:DEScan2.install-out.txt --library=/home/biocbuild/bbs-3.17-bioc/R/site-library --timings DEScan2_1.19.1.tar.gz |
| StartedAt: 2023-04-11 19:51:05 -0400 (Tue, 11 Apr 2023) |
| EndedAt: 2023-04-11 19:58:29 -0400 (Tue, 11 Apr 2023) |
| EllapsedTime: 444.9 seconds |
| RetCode: 0 |
| Status: WARNINGS |
| CheckDir: DEScan2.Rcheck |
| Warnings: 2 |
##############################################################################
##############################################################################
###
### Running command:
###
### /home/biocbuild/bbs-3.17-bioc/R/bin/R CMD check --install=check:DEScan2.install-out.txt --library=/home/biocbuild/bbs-3.17-bioc/R/site-library --timings DEScan2_1.19.1.tar.gz
###
##############################################################################
##############################################################################
* using log directory ‘/home/biocbuild/bbs-3.17-bioc/meat/DEScan2.Rcheck’
* using R version 4.3.0 alpha (2023-04-03 r84154)
* using platform: x86_64-pc-linux-gnu (64-bit)
* R was compiled by
gcc (Ubuntu 11.3.0-1ubuntu1~22.04) 11.3.0
GNU Fortran (Ubuntu 11.3.0-1ubuntu1~22.04) 11.3.0
* running under: Ubuntu 22.04.2 LTS
* using session charset: UTF-8
* checking for file ‘DEScan2/DESCRIPTION’ ... OK
* checking extension type ... Package
* this is package ‘DEScan2’ version ‘1.19.1’
* package encoding: UTF-8
* checking package namespace information ... OK
* checking package dependencies ... OK
* checking if this is a source package ... OK
* checking if there is a namespace ... OK
* checking for hidden files and directories ... OK
* checking for portable file names ... OK
* checking for sufficient/correct file permissions ... OK
* checking whether package ‘DEScan2’ can be installed ... WARNING
Found the following significant warnings:
Warning: saveGRangesAsTsv.Rd:34: unknown macro '\t'
See ‘/home/biocbuild/bbs-3.17-bioc/meat/DEScan2.Rcheck/00install.out’ for details.
* used C++ compiler: ‘g++ (Ubuntu 11.3.0-1ubuntu1~22.04) 11.3.0’
* checking C++ specification ... NOTE
Specified C++11: please drop specification unless essential
* checking installed package size ... OK
* checking package directory ... OK
* checking ‘build’ directory ... OK
* checking DESCRIPTION meta-information ... OK
* checking top-level files ... OK
* checking for left-over files ... OK
* checking index information ... OK
* checking package subdirectories ... OK
* checking R files for non-ASCII characters ... OK
* checking R files for syntax errors ... OK
* checking whether the package can be loaded ... OK
* checking whether the package can be loaded with stated dependencies ... OK
* checking whether the package can be unloaded cleanly ... OK
* checking whether the namespace can be loaded with stated dependencies ... OK
* checking whether the namespace can be unloaded cleanly ... OK
* checking loading without being on the library search path ... OK
* checking dependencies in R code ... OK
* checking S3 generic/method consistency ... OK
* checking replacement functions ... OK
* checking foreign function calls ... OK
* checking R code for possible problems ... NOTE
.addScoreCol: no visible global function definition for ‘mcols<-’
Undefined global functions or variables:
mcols<-
* checking Rd files ... WARNING
prepare_Rd: saveGRangesAsTsv.Rd:34: unknown macro '\t'
* checking Rd metadata ... OK
* checking Rd cross-references ... OK
* checking for missing documentation entries ... OK
* checking for code/documentation mismatches ... OK
* checking Rd \usage sections ... OK
* checking Rd contents ... OK
* checking for unstated dependencies in examples ... OK
* checking line endings in C/C++/Fortran sources/headers ... OK
* checking line endings in Makefiles ... OK
* checking compilation flags in Makevars ... OK
* checking for GNU extensions in Makefiles ... OK
* checking for portable use of $(BLAS_LIBS) and $(LAPACK_LIBS) ... OK
* checking use of PKG_*FLAGS in Makefiles ... OK
* checking compiled code ... NOTE
Note: information on .o files is not available
* checking files in ‘vignettes’ ... OK
* checking examples ... OK
Examples with CPU (user + system) or elapsed time > 5s
user system elapsed
findOverlapsOverSamples 24.237 1.888 10.201
fromSamplesToChrsGRangesList 19.996 3.104 0.239
binnedCoverage 13.575 1.320 15.081
finalRegions 4.228 0.232 20.278
findPeaks 0.431 0.108 23.170
* checking for unstated dependencies in ‘tests’ ... OK
* checking tests ...
Running ‘testthat.R’
OK
* checking for unstated dependencies in vignettes ... OK
* checking package vignettes in ‘inst/doc’ ... OK
* checking running R code from vignettes ...
‘DEScan2.Rmd’ using ‘UTF-8’... OK
NONE
* checking re-building of vignette outputs ... OK
* checking PDF version of manual ... OK
* DONE
Status: 2 WARNINGs, 3 NOTEs
See
‘/home/biocbuild/bbs-3.17-bioc/meat/DEScan2.Rcheck/00check.log’
for details.
DEScan2.Rcheck/00install.out
############################################################################## ############################################################################## ### ### Running command: ### ### /home/biocbuild/bbs-3.17-bioc/R/bin/R CMD INSTALL DEScan2 ### ############################################################################## ############################################################################## * installing to library ‘/home/biocbuild/bbs-3.17-bioc/R/site-library’ * installing *source* package ‘DEScan2’ ... ** using staged installation ** libs using C++ compiler: ‘g++ (Ubuntu 11.3.0-1ubuntu1~22.04) 11.3.0’ using C++11 g++ -std=gnu++11 -I"/home/biocbuild/bbs-3.17-bioc/R/include" -DNDEBUG -I'/home/biocbuild/bbs-3.17-bioc/R/site-library/Rcpp/include' -I'/home/biocbuild/bbs-3.17-bioc/R/site-library/RcppArmadillo/include' -I/usr/local/include -fpic -g -O2 -Wall -c RcppExports.cpp -o RcppExports.o g++ -std=gnu++11 -I"/home/biocbuild/bbs-3.17-bioc/R/include" -DNDEBUG -I'/home/biocbuild/bbs-3.17-bioc/R/site-library/Rcpp/include' -I'/home/biocbuild/bbs-3.17-bioc/R/site-library/RcppArmadillo/include' -I/usr/local/include -fpic -g -O2 -Wall -c rcpparma_max_win.cpp -o rcpparma_max_win.o g++ -std=gnu++11 -shared -L/home/biocbuild/bbs-3.17-bioc/R/lib -L/usr/local/lib -o DEScan2.so RcppExports.o rcpparma_max_win.o -llapack -L/home/biocbuild/bbs-3.17-bioc/R/lib -lRblas -lgfortran -lm -lquadmath -L/home/biocbuild/bbs-3.17-bioc/R/lib -lR installing to /home/biocbuild/bbs-3.17-bioc/R/site-library/00LOCK-DEScan2/00new/DEScan2/libs ** R ** inst ** byte-compile and prepare package for lazy loading ** help Warning: saveGRangesAsTsv.Rd:34: unknown macro '\t' *** installing help indices ** building package indices ** installing vignettes ** testing if installed package can be loaded from temporary location ** checking absolute paths in shared objects and dynamic libraries ** testing if installed package can be loaded from final location ** testing if installed package keeps a record of temporary installation path * DONE (DEScan2)
DEScan2.Rcheck/tests/testthat.Rout
R version 4.3.0 alpha (2023-04-03 r84154)
Copyright (C) 2023 The R Foundation for Statistical Computing
Platform: x86_64-pc-linux-gnu (64-bit)
R is free software and comes with ABSOLUTELY NO WARRANTY.
You are welcome to redistribute it under certain conditions.
Type 'license()' or 'licence()' for distribution details.
R is a collaborative project with many contributors.
Type 'contributors()' for more information and
'citation()' on how to cite R or R packages in publications.
Type 'demo()' for some demos, 'help()' for on-line help, or
'help.start()' for an HTML browser interface to help.
Type 'q()' to quit R.
> library("testthat")
> library("DEScan2")
Loading required package: GenomicRanges
Loading required package: stats4
Loading required package: BiocGenerics
Attaching package: 'BiocGenerics'
The following objects are masked from 'package:stats':
IQR, mad, sd, var, xtabs
The following objects are masked from 'package:base':
Filter, Find, Map, Position, Reduce, anyDuplicated, aperm, append,
as.data.frame, basename, cbind, colnames, dirname, do.call,
duplicated, eval, evalq, get, grep, grepl, intersect, is.unsorted,
lapply, mapply, match, mget, order, paste, pmax, pmax.int, pmin,
pmin.int, rank, rbind, rownames, sapply, setdiff, sort, table,
tapply, union, unique, unsplit, which.max, which.min
Loading required package: S4Vectors
Attaching package: 'S4Vectors'
The following objects are masked from 'package:base':
I, expand.grid, unname
Loading required package: IRanges
Loading required package: GenomeInfoDb
>
> test_check("DEScan2")
[ FAIL 0 | WARN 0 | SKIP 0 | PASS 6 ]
>
> proc.time()
user system elapsed
44.338 5.220 49.472
DEScan2.Rcheck/DEScan2-Ex.timings
| name | user | system | elapsed | |
| RleListToRleMatrix | 0.145 | 0.000 | 0.145 | |
| binnedCoverage | 13.575 | 1.320 | 15.081 | |
| constructBedRanges | 0.451 | 0.024 | 0.475 | |
| countFinalRegions | 3.649 | 0.292 | 3.944 | |
| createGranges | 0.158 | 0.008 | 0.167 | |
| cutGRangesPerChromosome | 0.055 | 0.000 | 0.056 | |
| divideEachSampleByChromosomes | 0.138 | 0.000 | 0.139 | |
| finalRegions | 4.228 | 0.232 | 20.278 | |
| findOverlapsOverSamples | 24.237 | 1.888 | 10.201 | |
| findPeaks | 0.431 | 0.108 | 23.170 | |
| fromSamplesToChrsGRangesList | 19.996 | 3.104 | 0.239 | |
| keepRelevantChrs | 0.038 | 0.008 | 0.045 | |
| readBamAsBed | 0.078 | 0.020 | 0.098 | |
| readBedFile | 0.114 | 0.008 | 0.121 | |
| readFilesAsGRangesList | 2.849 | 0.280 | 3.129 | |
| saveGRangesAsBed | 0.079 | 0.000 | 0.079 | |
| saveGRangesAsTsv | 0.011 | 0.000 | 0.011 | |
| setGRGenomeInfo | 0.135 | 0.004 | 0.139 | |