| Back to Multiple platform build/check report for BioC 3.17 |
|
This page was generated on 2023-04-12 10:55:23 -0400 (Wed, 12 Apr 2023).
| Hostname | OS | Arch (*) | R version | Installed pkgs |
|---|---|---|---|---|
| nebbiolo1 | Linux (Ubuntu 22.04.1 LTS) | x86_64 | 4.3.0 alpha (2023-04-03 r84154) | 4547 |
| nebbiolo2 | Linux (Ubuntu 20.04.5 LTS) | x86_64 | R Under development (unstable) (2023-02-14 r83833) -- "Unsuffered Consequences" | 4333 |
| Click on any hostname to see more info about the system (e.g. compilers) (*) as reported by 'uname -p', except on Windows and Mac OS X | ||||
|
To the developers/maintainers of the CrispRVariants package: - Allow up to 24 hours (and sometimes 48 hours) for your latest push to git@git.bioconductor.org:packages/CrispRVariants.git to reflect on this report. See Troubleshooting Build Report for more information. - Use the following Renviron settings to reproduce errors and warnings. Note: If "R CMD check" recently failed on the Linux builder over a missing dependency, add the missing dependency to "Suggests" in your DESCRIPTION file. See the Renviron.bioc for details. |
| Package 451/2207 | Hostname | OS / Arch | INSTALL | BUILD | CHECK | BUILD BIN | ||||||||
| CrispRVariants 1.27.0 (landing page) Helen Lindsay
| nebbiolo1 | Linux (Ubuntu 22.04.1 LTS) / x86_64 | OK | OK | WARNINGS | |||||||||
| nebbiolo2 | Linux (Ubuntu 20.04.5 LTS) / x86_64 | OK | OK | WARNINGS | ||||||||||
| Package: CrispRVariants |
| Version: 1.27.0 |
| Command: /home/biocbuild/bbs-3.17-bioc/R/bin/R CMD check --install=check:CrispRVariants.install-out.txt --library=/home/biocbuild/bbs-3.17-bioc/R/site-library --timings CrispRVariants_1.27.0.tar.gz |
| StartedAt: 2023-04-11 19:36:50 -0400 (Tue, 11 Apr 2023) |
| EndedAt: 2023-04-11 19:42:54 -0400 (Tue, 11 Apr 2023) |
| EllapsedTime: 363.8 seconds |
| RetCode: 0 |
| Status: WARNINGS |
| CheckDir: CrispRVariants.Rcheck |
| Warnings: 2 |
##############################################################################
##############################################################################
###
### Running command:
###
### /home/biocbuild/bbs-3.17-bioc/R/bin/R CMD check --install=check:CrispRVariants.install-out.txt --library=/home/biocbuild/bbs-3.17-bioc/R/site-library --timings CrispRVariants_1.27.0.tar.gz
###
##############################################################################
##############################################################################
* using log directory ‘/home/biocbuild/bbs-3.17-bioc/meat/CrispRVariants.Rcheck’
* using R version 4.3.0 alpha (2023-04-03 r84154)
* using platform: x86_64-pc-linux-gnu (64-bit)
* R was compiled by
gcc (Ubuntu 11.3.0-1ubuntu1~22.04) 11.3.0
GNU Fortran (Ubuntu 11.3.0-1ubuntu1~22.04) 11.3.0
* running under: Ubuntu 22.04.2 LTS
* using session charset: UTF-8
* checking for file ‘CrispRVariants/DESCRIPTION’ ... OK
* checking extension type ... Package
* this is package ‘CrispRVariants’ version ‘1.27.0’
* checking package namespace information ... OK
* checking package dependencies ... OK
* checking if this is a source package ... OK
* checking if there is a namespace ... OK
* checking for hidden files and directories ... OK
* checking for portable file names ... OK
* checking for sufficient/correct file permissions ... OK
* checking whether package ‘CrispRVariants’ can be installed ... OK
* checking installed package size ... OK
* checking package directory ... OK
* checking ‘build’ directory ... OK
* checking DESCRIPTION meta-information ... OK
* checking top-level files ... OK
* checking for left-over files ... OK
* checking index information ... OK
* checking package subdirectories ... OK
* checking R files for non-ASCII characters ... OK
* checking R files for syntax errors ... OK
* checking whether the package can be loaded ... OK
* checking whether the package can be loaded with stated dependencies ... OK
* checking whether the package can be unloaded cleanly ... OK
* checking whether the namespace can be loaded with stated dependencies ... OK
* checking whether the namespace can be unloaded cleanly ... OK
* checking loading without being on the library search path ... OK
* checking dependencies in R code ... WARNING
'::' or ':::' import not declared from: ‘SummarizedExperiment’
There are ::: calls to the package's namespace in its code. A package
almost never needs to use ::: for its own objects:
‘indelLabels’
* checking S3 generic/method consistency ... OK
* checking replacement functions ... OK
* checking foreign function calls ... OK
* checking R code for possible problems ... OK
* checking Rd files ... OK
* checking Rd metadata ... OK
* checking Rd cross-references ... OK
* checking for missing documentation entries ... OK
* checking for code/documentation mismatches ... WARNING
Codoc mismatches from documentation object 'arrangePlots':
arrangePlots
Code: function(top.plot, left.plot, right.plot, fig.height = NULL,
col.wdth.ratio = c(2, 1), row.ht.ratio = c(1, 6),
left.plot.margin = grid::unit(c(0.1, 0.2, 3, 0.2),
"lines"))
Docs: function(top.plot, left.plot, right.plot, fig.height = NULL,
col.wdth.ratio = c(2, 1), row.ht.ratio = c(1, 6),
left.plot.margin = grid::unit(c(0.1, 0, 3, 0.2),
"lines"))
Mismatches in argument default values:
Name: 'left.plot.margin' Code: grid::unit(c(0.1, 0.2, 3, 0.2), "lines") Docs: grid::unit(c(0.1, 0, 3, 0.2), "lines")
Codoc mismatches from documentation object 'indelLabels':
indelLabels
Code: function(alns, rc = FALSE, genome.to.pos = NULL, keep.ops =
c("I", "D", "N"), regions = NULL, as.string = TRUE,
...)
Docs: function(alns, rc = FALSE, genome.to.pos = NULL, keep.ops =
c("I", "D", "N"), regions = NULL, ...)
Argument names in code not in docs:
as.string
Mismatches in argument names:
Position: 6 Code: as.string Docs: ...
* checking Rd \usage sections ... OK
* checking Rd contents ... OK
* checking for unstated dependencies in examples ... OK
* checking contents of ‘data’ directory ... OK
* checking data for non-ASCII characters ... OK
* checking LazyData ... OK
* checking data for ASCII and uncompressed saves ... OK
* checking installed files from ‘inst/doc’ ... OK
* checking files in ‘vignettes’ ... OK
* checking examples ... OK
Examples with CPU (user + system) or elapsed time > 5s
user system elapsed
plotVariants 6.703 0.244 6.947
* checking for unstated dependencies in ‘tests’ ... OK
* checking tests ...
Running ‘testthat.R’
OK
* checking for unstated dependencies in vignettes ... OK
* checking package vignettes in ‘inst/doc’ ... OK
* checking running R code from vignettes ...
‘user_guide.Rmd’ using ‘UTF-8’... OK
NONE
* checking re-building of vignette outputs ... OK
* checking PDF version of manual ... OK
* DONE
Status: 2 WARNINGs
See
‘/home/biocbuild/bbs-3.17-bioc/meat/CrispRVariants.Rcheck/00check.log’
for details.
CrispRVariants.Rcheck/00install.out
############################################################################## ############################################################################## ### ### Running command: ### ### /home/biocbuild/bbs-3.17-bioc/R/bin/R CMD INSTALL CrispRVariants ### ############################################################################## ############################################################################## * installing to library ‘/home/biocbuild/bbs-3.17-bioc/R/site-library’ * installing *source* package ‘CrispRVariants’ ... ** using staged installation ** R ** data *** moving datasets to lazyload DB ** inst ** byte-compile and prepare package for lazy loading ** help *** installing help indices ** building package indices ** installing vignettes ** testing if installed package can be loaded from temporary location ** testing if installed package can be loaded from final location ** testing if installed package keeps a record of temporary installation path * DONE (CrispRVariants)
CrispRVariants.Rcheck/tests/testthat.Rout
R version 4.3.0 alpha (2023-04-03 r84154)
Copyright (C) 2023 The R Foundation for Statistical Computing
Platform: x86_64-pc-linux-gnu (64-bit)
R is free software and comes with ABSOLUTELY NO WARRANTY.
You are welcome to redistribute it under certain conditions.
Type 'license()' or 'licence()' for distribution details.
R is a collaborative project with many contributors.
Type 'contributors()' for more information and
'citation()' on how to cite R or R packages in publications.
Type 'demo()' for some demos, 'help()' for on-line help, or
'help.start()' for an HTML browser interface to help.
Type 'q()' to quit R.
> library(testthat)
> test_check("CrispRVariants")
Loading required package: CrispRVariants
Loading required package: ggplot2
[ FAIL 0 | WARN 2 | SKIP 1 | PASS 75 ]
══ Skipped tests ═══════════════════════════════════════════════════════════════
• empty test (1)
[ FAIL 0 | WARN 2 | SKIP 1 | PASS 75 ]
>
> proc.time()
user system elapsed
23.706 0.972 24.669
CrispRVariants.Rcheck/CrispRVariants-Ex.timings
| name | user | system | elapsed | |
| CrisprRun-class | 0.606 | 0.028 | 0.634 | |
| CrisprSet-class | 4.441 | 0.112 | 4.555 | |
| abifToFastq | 0.234 | 0.000 | 0.234 | |
| alleles | 0.103 | 0.000 | 0.103 | |
| alns | 0.121 | 0.004 | 0.125 | |
| barplotAlleleFreqs | 0.825 | 0.012 | 0.838 | |
| consensusSeqs | 0.326 | 0.008 | 0.334 | |
| dispatchDots | 0.003 | 0.000 | 0.002 | |
| findChimeras | 0.029 | 0.000 | 0.029 | |
| getChimeras | 0.028 | 0.000 | 0.028 | |
| indelCounts | 0.130 | 0.004 | 0.133 | |
| intersperse | 0.001 | 0.000 | 0.000 | |
| mergeCrisprSets | 3.645 | 0.068 | 3.713 | |
| mutationEfficiency | 0.032 | 0.000 | 0.032 | |
| narrowAlignments | 0.234 | 0.000 | 0.235 | |
| plotAlignments | 0.694 | 0.004 | 0.698 | |
| plotChimeras | 1.022 | 0.008 | 1.030 | |
| plotFreqHeatmap | 0.305 | 0.004 | 0.309 | |
| plotVariants | 6.703 | 0.244 | 6.947 | |
| readsToTarget | 3.434 | 0.048 | 3.482 | |
| selectAlnRegionsHelpers | 0.000 | 0.000 | 0.001 | |
| variantCounts | 0.03 | 0.00 | 0.03 | |