| Back to Multiple platform build/check report for BioC 3.17 |
|
This page was generated on 2023-04-12 10:55:22 -0400 (Wed, 12 Apr 2023).
| Hostname | OS | Arch (*) | R version | Installed pkgs |
|---|---|---|---|---|
| nebbiolo1 | Linux (Ubuntu 22.04.1 LTS) | x86_64 | 4.3.0 alpha (2023-04-03 r84154) | 4547 |
| nebbiolo2 | Linux (Ubuntu 20.04.5 LTS) | x86_64 | R Under development (unstable) (2023-02-14 r83833) -- "Unsuffered Consequences" | 4333 |
| Click on any hostname to see more info about the system (e.g. compilers) (*) as reported by 'uname -p', except on Windows and Mac OS X | ||||
|
To the developers/maintainers of the CancerSubtypes package: - Allow up to 24 hours (and sometimes 48 hours) for your latest push to git@git.bioconductor.org:packages/CancerSubtypes.git to reflect on this report. See Troubleshooting Build Report for more information. - Use the following Renviron settings to reproduce errors and warnings. Note: If "R CMD check" recently failed on the Linux builder over a missing dependency, add the missing dependency to "Suggests" in your DESCRIPTION file. See the Renviron.bioc for details. |
| Package 264/2207 | Hostname | OS / Arch | INSTALL | BUILD | CHECK | BUILD BIN | ||||||||
| CancerSubtypes 1.25.0 (landing page) Taosheng Xu
| nebbiolo1 | Linux (Ubuntu 22.04.1 LTS) / x86_64 | OK | OK | ERROR | |||||||||
| nebbiolo2 | Linux (Ubuntu 20.04.5 LTS) / x86_64 | OK | OK | ERROR | ||||||||||
| Package: CancerSubtypes |
| Version: 1.25.0 |
| Command: /home/biocbuild/bbs-3.17-bioc/R/bin/R CMD check --install=check:CancerSubtypes.install-out.txt --library=/home/biocbuild/bbs-3.17-bioc/R/site-library --timings CancerSubtypes_1.25.0.tar.gz |
| StartedAt: 2023-04-11 19:03:41 -0400 (Tue, 11 Apr 2023) |
| EndedAt: 2023-04-11 19:08:05 -0400 (Tue, 11 Apr 2023) |
| EllapsedTime: 263.7 seconds |
| RetCode: 1 |
| Status: ERROR |
| CheckDir: CancerSubtypes.Rcheck |
| Warnings: NA |
##############################################################################
##############################################################################
###
### Running command:
###
### /home/biocbuild/bbs-3.17-bioc/R/bin/R CMD check --install=check:CancerSubtypes.install-out.txt --library=/home/biocbuild/bbs-3.17-bioc/R/site-library --timings CancerSubtypes_1.25.0.tar.gz
###
##############################################################################
##############################################################################
* using log directory ‘/home/biocbuild/bbs-3.17-bioc/meat/CancerSubtypes.Rcheck’
* using R version 4.3.0 alpha (2023-04-03 r84154)
* using platform: x86_64-pc-linux-gnu (64-bit)
* R was compiled by
gcc (Ubuntu 11.3.0-1ubuntu1~22.04) 11.3.0
GNU Fortran (Ubuntu 11.3.0-1ubuntu1~22.04) 11.3.0
* running under: Ubuntu 22.04.2 LTS
* using session charset: UTF-8
* checking for file ‘CancerSubtypes/DESCRIPTION’ ... OK
* checking extension type ... Package
* this is package ‘CancerSubtypes’ version ‘1.25.0’
* checking package namespace information ... OK
* checking package dependencies ... OK
* checking if this is a source package ... OK
* checking if there is a namespace ... OK
* checking for hidden files and directories ... OK
* checking for portable file names ... OK
* checking for sufficient/correct file permissions ... OK
* checking whether package ‘CancerSubtypes’ can be installed ... OK
* checking installed package size ... OK
* checking package directory ... OK
* checking ‘build’ directory ... OK
* checking DESCRIPTION meta-information ... OK
* checking top-level files ... OK
* checking for left-over files ... OK
* checking index information ... OK
* checking package subdirectories ... OK
* checking R files for non-ASCII characters ... OK
* checking R files for syntax errors ... OK
* checking whether the package can be loaded ... OK
* checking whether the package can be loaded with stated dependencies ... OK
* checking whether the package can be unloaded cleanly ... OK
* checking whether the namespace can be loaded with stated dependencies ... OK
* checking whether the namespace can be unloaded cleanly ... OK
* checking loading without being on the library search path ... OK
* checking dependencies in R code ... OK
* checking S3 generic/method consistency ... OK
* checking replacement functions ... OK
* checking foreign function calls ... OK
* checking R code for possible problems ... NOTE
displayClusters: no visible global function definition for ‘grey’
plotiCluster: no visible global function definition for ‘gray’
Undefined global functions or variables:
gray grey
Consider adding
importFrom("grDevices", "gray", "grey")
to your NAMESPACE file.
* checking Rd files ... OK
* checking Rd metadata ... OK
* checking Rd cross-references ... WARNING
Missing link or links in documentation object 'ExecuteiCluster.Rd':
‘iCluster2’
See section 'Cross-references' in the 'Writing R Extensions' manual.
* checking for missing documentation entries ... OK
* checking for code/documentation mismatches ... OK
* checking Rd \usage sections ... OK
* checking Rd contents ... OK
* checking for unstated dependencies in examples ... OK
* checking contents of ‘data’ directory ... OK
* checking data for non-ASCII characters ... OK
* checking data for ASCII and uncompressed saves ... OK
* checking installed files from ‘inst/doc’ ... OK
* checking files in ‘vignettes’ ... OK
* checking examples ... OK
Examples with CPU (user + system) or elapsed time > 5s
user system elapsed
sigclustTest 23.608 0.160 23.769
ExecuteCNMF 18.792 1.020 12.861
ExecuteSNF.CC 15.748 0.340 16.088
survAnalysis 8.290 0.072 8.362
ExecuteCC 6.086 0.124 6.164
FSbyCox 5.472 0.077 5.549
* checking for unstated dependencies in ‘tests’ ... OK
* checking tests ...
Running ‘runTests.R’
ERROR
Running the tests in ‘tests/runTests.R’ failed.
Complete output:
> BiocGenerics:::testPackage("CancerSubtypes")
NMF - BioConductor layer [OK] | Shared memory capabilities [NO: bigmemory] | Cores 2/2
To enable shared memory capabilities, try: install.extras('
NMF
')
Error in library("RUnit", quietly = TRUE) :
there is no package called 'RUnit'
Calls: <Anonymous> -> library
Execution halted
* checking for unstated dependencies in vignettes ... OK
* checking package vignettes in ‘inst/doc’ ... OK
* checking running R code from vignettes ...
‘CancerSubtypes-vignette.Rmd’ using ‘UTF-8’... OK
NONE
* checking re-building of vignette outputs ... OK
* checking PDF version of manual ... OK
* DONE
Status: 1 ERROR, 1 WARNING, 1 NOTE
See
‘/home/biocbuild/bbs-3.17-bioc/meat/CancerSubtypes.Rcheck/00check.log’
for details.
CancerSubtypes.Rcheck/00install.out
############################################################################## ############################################################################## ### ### Running command: ### ### /home/biocbuild/bbs-3.17-bioc/R/bin/R CMD INSTALL CancerSubtypes ### ############################################################################## ############################################################################## * installing to library ‘/home/biocbuild/bbs-3.17-bioc/R/site-library’ * installing *source* package ‘CancerSubtypes’ ... ** using staged installation ** R ** data ** inst ** byte-compile and prepare package for lazy loading ** help *** installing help indices ** building package indices ** installing vignettes ** testing if installed package can be loaded from temporary location ** testing if installed package can be loaded from final location ** testing if installed package keeps a record of temporary installation path * DONE (CancerSubtypes)
CancerSubtypes.Rcheck/tests/runTests.Rout.fail
R version 4.3.0 alpha (2023-04-03 r84154)
Copyright (C) 2023 The R Foundation for Statistical Computing
Platform: x86_64-pc-linux-gnu (64-bit)
R is free software and comes with ABSOLUTELY NO WARRANTY.
You are welcome to redistribute it under certain conditions.
Type 'license()' or 'licence()' for distribution details.
R is a collaborative project with many contributors.
Type 'contributors()' for more information and
'citation()' on how to cite R or R packages in publications.
Type 'demo()' for some demos, 'help()' for on-line help, or
'help.start()' for an HTML browser interface to help.
Type 'q()' to quit R.
> BiocGenerics:::testPackage("CancerSubtypes")
NMF - BioConductor layer [OK] | Shared memory capabilities [NO: bigmemory] | Cores 2/2
To enable shared memory capabilities, try: install.extras('
NMF
')
Error in library("RUnit", quietly = TRUE) :
there is no package called 'RUnit'
Calls: <Anonymous> -> library
Execution halted
CancerSubtypes.Rcheck/CancerSubtypes-Ex.timings
| name | user | system | elapsed | |
| DiffExp.limma | 0.280 | 0.012 | 0.292 | |
| ExecuteCC | 6.086 | 0.124 | 6.164 | |
| ExecuteCNMF | 18.792 | 1.020 | 12.861 | |
| ExecuteSNF.CC | 15.748 | 0.340 | 16.088 | |
| ExecuteSNF | 0.188 | 0.031 | 0.219 | |
| ExecuteWSNF | 1.694 | 0.044 | 1.738 | |
| ExecuteiCluster | 3.551 | 0.162 | 3.713 | |
| FSbyCox | 5.472 | 0.077 | 5.549 | |
| FSbyMAD | 0.146 | 0.012 | 0.157 | |
| FSbyPCA | 0.117 | 0.004 | 0.120 | |
| FSbyVar | 0.040 | 0.004 | 0.044 | |
| GeneExp | 0.013 | 0.000 | 0.013 | |
| Ranking | 0.027 | 0.000 | 0.027 | |
| affinityMatrix | 0.02 | 0.00 | 0.02 | |
| data.checkDistribution | 0.21 | 0.00 | 0.21 | |
| data.imputation | 0.006 | 0.000 | 0.005 | |
| data.normalization | 0.092 | 0.000 | 0.092 | |
| dist2 | 0.008 | 0.003 | 0.011 | |
| drawHeatmap | 3.413 | 0.104 | 3.517 | |
| miRNAExp | 0.004 | 0.000 | 0.005 | |
| saveFigure | 0.732 | 0.004 | 0.735 | |
| sigclustTest | 23.608 | 0.160 | 23.769 | |
| silhouette_SimilarityMatrix | 0.249 | 0.000 | 0.250 | |
| spectralAlg | 0.005 | 0.000 | 0.005 | |
| status | 0.001 | 0.000 | 0.001 | |
| survAnalysis | 8.290 | 0.072 | 8.362 | |
| time | 0.001 | 0.000 | 0.001 | |