| Back to Multiple platform build/check report for BioC 3.17 |
|
This page was generated on 2023-04-12 10:55:34 -0400 (Wed, 12 Apr 2023).
| Hostname | OS | Arch (*) | R version | Installed pkgs |
|---|---|---|---|---|
| nebbiolo1 | Linux (Ubuntu 22.04.1 LTS) | x86_64 | 4.3.0 alpha (2023-04-03 r84154) | 4547 |
| nebbiolo2 | Linux (Ubuntu 20.04.5 LTS) | x86_64 | R Under development (unstable) (2023-02-14 r83833) -- "Unsuffered Consequences" | 4333 |
| Click on any hostname to see more info about the system (e.g. compilers) (*) as reported by 'uname -p', except on Windows and Mac OS X | ||||
|
To the developers/maintainers of the BiocPkgTools package: - Allow up to 24 hours (and sometimes 48 hours) for your latest push to git@git.bioconductor.org:packages/BiocPkgTools.git to reflect on this report. See Troubleshooting Build Report for more information. - Use the following Renviron settings to reproduce errors and warnings. Note: If "R CMD check" recently failed on the Linux builder over a missing dependency, add the missing dependency to "Suggests" in your DESCRIPTION file. See the Renviron.bioc for details. |
| Package 184/2207 | Hostname | OS / Arch | INSTALL | BUILD | CHECK | BUILD BIN | ||||||||
| BiocPkgTools 1.17.10 (landing page) Sean Davis
| nebbiolo1 | Linux (Ubuntu 22.04.1 LTS) / x86_64 | OK | OK | WARNINGS | |||||||||
| nebbiolo2 | Linux (Ubuntu 20.04.5 LTS) / x86_64 | OK | OK | WARNINGS | ||||||||||
| Package: BiocPkgTools |
| Version: 1.17.10 |
| Command: /home/biocbuild/bbs-3.17-bioc/R/bin/R CMD check --install=check:BiocPkgTools.install-out.txt --library=/home/biocbuild/bbs-3.17-bioc/R/site-library --timings BiocPkgTools_1.17.10.tar.gz |
| StartedAt: 2023-04-12 04:56:53 -0400 (Wed, 12 Apr 2023) |
| EndedAt: 2023-04-12 05:00:32 -0400 (Wed, 12 Apr 2023) |
| EllapsedTime: 218.7 seconds |
| RetCode: 0 |
| Status: WARNINGS |
| CheckDir: BiocPkgTools.Rcheck |
| Warnings: 1 |
##############################################################################
##############################################################################
###
### Running command:
###
### /home/biocbuild/bbs-3.17-bioc/R/bin/R CMD check --install=check:BiocPkgTools.install-out.txt --library=/home/biocbuild/bbs-3.17-bioc/R/site-library --timings BiocPkgTools_1.17.10.tar.gz
###
##############################################################################
##############################################################################
* using log directory ‘/home/biocbuild/bbs-3.17-bioc/meat/BiocPkgTools.Rcheck’
* using R Under development (unstable) (2023-02-14 r83833)
* using platform: x86_64-pc-linux-gnu (64-bit)
* R was compiled by
gcc (Ubuntu 9.4.0-1ubuntu1~20.04.1) 9.4.0
GNU Fortran (Ubuntu 9.4.0-1ubuntu1~20.04.1) 9.4.0
* running under: Ubuntu 20.04.6 LTS
* using session charset: UTF-8
* checking for file ‘BiocPkgTools/DESCRIPTION’ ... OK
* checking extension type ... Package
* this is package ‘BiocPkgTools’ version ‘1.17.10’
* package encoding: UTF-8
* checking package namespace information ... OK
* checking package dependencies ... OK
* checking if this is a source package ... OK
* checking if there is a namespace ... OK
* checking for hidden files and directories ... OK
* checking for portable file names ... OK
* checking for sufficient/correct file permissions ... OK
* checking whether package ‘BiocPkgTools’ can be installed ... OK
* checking installed package size ... OK
* checking package directory ... OK
* checking ‘build’ directory ... OK
* checking DESCRIPTION meta-information ... OK
* checking top-level files ... OK
* checking for left-over files ... OK
* checking index information ... OK
* checking package subdirectories ... OK
* checking R files for non-ASCII characters ... OK
* checking R files for syntax errors ... OK
* checking whether the package can be loaded ... OK
* checking whether the package can be loaded with stated dependencies ... OK
* checking whether the package can be unloaded cleanly ... OK
* checking whether the namespace can be loaded with stated dependencies ... OK
* checking whether the namespace can be unloaded cleanly ... OK
* checking loading without being on the library search path ... OK
* checking dependencies in R code ... NOTE
Unexported objects imported by ':::' calls:
‘BiocManager:::.repositories’ ‘BiocManager:::.repositories_bioc’
‘BiocManager:::.repository_container_version’
‘BiocManager:::.version_bioc’
See the note in ?`:::` about the use of this operator.
* checking S3 generic/method consistency ... OK
* checking replacement functions ... OK
* checking foreign function calls ... OK
* checking R code for possible problems ... OK
* checking Rd files ... OK
* checking Rd metadata ... OK
* checking Rd cross-references ... OK
* checking for missing documentation entries ... OK
* checking for code/documentation mismatches ... OK
* checking Rd \usage sections ... OK
* checking Rd contents ... OK
* checking for unstated dependencies in examples ... OK
* checking files in ‘vignettes’ ... OK
* checking examples ... WARNING
Found the following significant warnings:
Warning: 'biocLastBuildDate' is deprecated.
Deprecated functions may be defunct as soon as of the next release of
R.
See ?Deprecated.
Examples with CPU (user + system) or elapsed time > 5s
user system elapsed
get_bioc_data 9.455 0.524 10.367
firstInBioc 9.475 0.448 10.016
biocBuildReport 6.125 3.188 7.358
biocDownloadStats 7.472 0.276 7.767
pkgCombDependencyGain 6.220 0.414 7.367
class-dependencies 4.982 0.196 5.177
pkgDepMetrics 4.724 0.263 5.404
* checking for unstated dependencies in ‘tests’ ... OK
* checking tests ...
Running ‘testthat.R’
OK
* checking for unstated dependencies in vignettes ... OK
* checking package vignettes in ‘inst/doc’ ... OK
* checking running R code from vignettes ...
‘BiocPkgTools.Rmd’ using ‘UTF-8’... OK
NONE
* checking re-building of vignette outputs ... OK
* checking PDF version of manual ... OK
* DONE
Status: 1 WARNING, 1 NOTE
See
‘/home/biocbuild/bbs-3.17-bioc/meat/BiocPkgTools.Rcheck/00check.log’
for details.
BiocPkgTools.Rcheck/00install.out
############################################################################## ############################################################################## ### ### Running command: ### ### /home/biocbuild/bbs-3.17-bioc/R/bin/R CMD INSTALL BiocPkgTools ### ############################################################################## ############################################################################## * installing to library ‘/home/biocbuild/bbs-3.17-bioc/R/site-library’ * installing *source* package ‘BiocPkgTools’ ... ** using staged installation ** R ** inst ** byte-compile and prepare package for lazy loading ** help *** installing help indices ** building package indices ** installing vignettes ** testing if installed package can be loaded from temporary location ** testing if installed package can be loaded from final location ** testing if installed package keeps a record of temporary installation path * DONE (BiocPkgTools)
BiocPkgTools.Rcheck/tests/testthat.Rout
R Under development (unstable) (2023-02-14 r83833) -- "Unsuffered Consequences"
Copyright (C) 2023 The R Foundation for Statistical Computing
Platform: x86_64-pc-linux-gnu (64-bit)
R is free software and comes with ABSOLUTELY NO WARRANTY.
You are welcome to redistribute it under certain conditions.
Type 'license()' or 'licence()' for distribution details.
R is a collaborative project with many contributors.
Type 'contributors()' for more information and
'citation()' on how to cite R or R packages in publications.
Type 'demo()' for some demos, 'help()' for on-line help, or
'help.start()' for an HTML browser interface to help.
Type 'q()' to quit R.
> library(testthat)
> library(BiocPkgTools)
Loading required package: htmlwidgets
>
> test_check("BiocPkgTools")
trying URL 'https://bioconductor.org/packages/3.17/bioc/vignettes/a4/inst/doc/a4vignette.pdf'
Content type 'application/pdf' length 1304018 bytes (1.2 MB)
==================================================
downloaded 1.2 MB
[ FAIL 0 | WARN 3 | SKIP 0 | PASS 30 ]
[ FAIL 0 | WARN 3 | SKIP 0 | PASS 30 ]
>
> proc.time()
user system elapsed
28.183 4.335 33.332
BiocPkgTools.Rcheck/BiocPkgTools-Ex.timings
| name | user | system | elapsed | |
| BiocPkgTools-deprecated | 0.291 | 0.014 | 0.352 | |
| activitySince | 0 | 0 | 0 | |
| anacondaDownloadStats | 1.801 | 0.063 | 2.462 | |
| biocBuildReport | 6.125 | 3.188 | 7.358 | |
| biocDownloadStats | 7.472 | 0.276 | 7.767 | |
| biocMaintained | 1.359 | 0.039 | 1.536 | |
| biocPkgList | 1.102 | 0.028 | 1.393 | |
| biocPkgRanges | 0 | 0 | 0 | |
| biocRevDepEmail | 1.093 | 0.085 | 1.636 | |
| buildPkgDependencyDataFrame | 2.200 | 0.092 | 2.518 | |
| buildPkgDependencyIgraph | 1.151 | 0.056 | 1.320 | |
| class-dependencies | 4.982 | 0.196 | 5.177 | |
| firstInBioc | 9.475 | 0.448 | 10.016 | |
| generateBiocPkgDOI | 0 | 0 | 0 | |
| getBiocVignette | 1.143 | 0.048 | 1.548 | |
| get_bioc_data | 9.455 | 0.524 | 10.367 | |
| get_cre_orcids | 0.006 | 0.001 | 0.007 | |
| githubDetails | 1.353 | 0.151 | 1.796 | |
| githubURLParts | 1.021 | 0.041 | 1.345 | |
| inducedSubgraphByPkgs | 1.133 | 0.088 | 1.334 | |
| latestPkgStats | 0 | 0 | 0 | |
| orcid_table | 0.001 | 0.000 | 0.001 | |
| pkgBiocDeps | 0.132 | 0.000 | 0.280 | |
| pkgCombDependencyGain | 6.220 | 0.414 | 7.367 | |
| pkgDepImports | 0.147 | 0.000 | 0.148 | |
| pkgDepMetrics | 4.724 | 0.263 | 5.404 | |
| pkgDownloadRank | 0.861 | 0.064 | 1.006 | |
| pkgDownloadStats | 0.023 | 0.004 | 0.180 | |
| problemPage | 0.000 | 0.000 | 0.001 | |
| repositoryStats | 0.055 | 0.000 | 0.055 | |
| subgraphByDegree | 1.085 | 0.068 | 1.432 | |