| Back to Multiple platform build/check report for BioC 3.17 |
|
This page was generated on 2023-04-12 10:55:21 -0400 (Wed, 12 Apr 2023).
| Hostname | OS | Arch (*) | R version | Installed pkgs |
|---|---|---|---|---|
| nebbiolo1 | Linux (Ubuntu 22.04.1 LTS) | x86_64 | 4.3.0 alpha (2023-04-03 r84154) | 4547 |
| nebbiolo2 | Linux (Ubuntu 20.04.5 LTS) | x86_64 | R Under development (unstable) (2023-02-14 r83833) -- "Unsuffered Consequences" | 4333 |
| Click on any hostname to see more info about the system (e.g. compilers) (*) as reported by 'uname -p', except on Windows and Mac OS X | ||||
|
To the developers/maintainers of the BicARE package: - Allow up to 24 hours (and sometimes 48 hours) for your latest push to git@git.bioconductor.org:packages/BicARE.git to reflect on this report. See Troubleshooting Build Report for more information. - Use the following Renviron settings to reproduce errors and warnings. Note: If "R CMD check" recently failed on the Linux builder over a missing dependency, add the missing dependency to "Suggests" in your DESCRIPTION file. See the Renviron.bioc for details. |
| Package 160/2207 | Hostname | OS / Arch | INSTALL | BUILD | CHECK | BUILD BIN | ||||||||
| BicARE 1.57.0 (landing page) Pierre Gestraud
| nebbiolo1 | Linux (Ubuntu 22.04.1 LTS) / x86_64 | OK | OK | ERROR | |||||||||
| nebbiolo2 | Linux (Ubuntu 20.04.5 LTS) / x86_64 | OK | OK | ERROR | ||||||||||
| Package: BicARE |
| Version: 1.57.0 |
| Command: /home/biocbuild/bbs-3.17-bioc/R/bin/R CMD check --install=check:BicARE.install-out.txt --library=/home/biocbuild/bbs-3.17-bioc/R/site-library --timings BicARE_1.57.0.tar.gz |
| StartedAt: 2023-04-11 18:47:18 -0400 (Tue, 11 Apr 2023) |
| EndedAt: 2023-04-11 18:49:08 -0400 (Tue, 11 Apr 2023) |
| EllapsedTime: 109.3 seconds |
| RetCode: 1 |
| Status: ERROR |
| CheckDir: BicARE.Rcheck |
| Warnings: NA |
##############################################################################
##############################################################################
###
### Running command:
###
### /home/biocbuild/bbs-3.17-bioc/R/bin/R CMD check --install=check:BicARE.install-out.txt --library=/home/biocbuild/bbs-3.17-bioc/R/site-library --timings BicARE_1.57.0.tar.gz
###
##############################################################################
##############################################################################
* using log directory ‘/home/biocbuild/bbs-3.17-bioc/meat/BicARE.Rcheck’
* using R version 4.3.0 alpha (2023-04-03 r84154)
* using platform: x86_64-pc-linux-gnu (64-bit)
* R was compiled by
gcc (Ubuntu 11.3.0-1ubuntu1~22.04) 11.3.0
GNU Fortran (Ubuntu 11.3.0-1ubuntu1~22.04) 11.3.0
* running under: Ubuntu 22.04.2 LTS
* using session charset: UTF-8
* checking for file ‘BicARE/DESCRIPTION’ ... OK
* this is package ‘BicARE’ version ‘1.57.0’
* checking package namespace information ... OK
* checking package dependencies ... OK
* checking if this is a source package ... OK
* checking if there is a namespace ... OK
* checking for hidden files and directories ... OK
* checking for portable file names ... OK
* checking for sufficient/correct file permissions ... OK
* checking whether package ‘BicARE’ can be installed ... OK
* used C compiler: ‘gcc (Ubuntu 11.3.0-1ubuntu1~22.04) 11.3.0’
* checking installed package size ... OK
* checking package directory ... OK
* checking ‘build’ directory ... OK
* checking DESCRIPTION meta-information ... NOTE
Malformed Description field: should contain one or more complete sentences.
* checking top-level files ... OK
* checking for left-over files ... OK
* checking index information ... OK
* checking package subdirectories ... OK
* checking R files for non-ASCII characters ... OK
* checking R files for syntax errors ... OK
* checking whether the package can be loaded ... OK
* checking whether the package can be loaded with stated dependencies ... OK
* checking whether the package can be unloaded cleanly ... OK
* checking whether the namespace can be loaded with stated dependencies ... OK
* checking whether the namespace can be unloaded cleanly ... OK
* checking loading without being on the library search path ... OK
* checking dependencies in R code ... NOTE
Packages in Depends field not imported from:
‘Biobase’ ‘GSEABase’ ‘multtest’
These packages need to be imported from (in the NAMESPACE file)
for when this namespace is loaded but not attached.
* checking S3 generic/method consistency ... OK
* checking replacement functions ... OK
* checking foreign function calls ... OK
* checking R code for possible problems ... NOTE
FLOC: no visible global function definition for ‘new’
FLOC: no visible global function definition for ‘exprs’
FLOC: no visible global function definition for ‘runif’
FLOC: no visible binding for global variable ‘var’
bicluster: no visible global function definition for ‘exprs’
bicluster: no visible global function definition for ‘featureNames’
bicluster: no visible global function definition for ‘sampleNames’
makeReport: no visible global function definition for ‘annotation’
makeReport: no visible global function definition for ‘png’
makeReport: no visible global function definition for ‘dev.off’
makeReport: no visible global function definition for ‘getSYMBOL’
makeReport: no visible global function definition for ‘setName’
makeReport: no visible global function definition for ‘browseURL’
plot.bicluster: no visible global function definition for ‘par’
plot.bicluster: no visible global function definition for ‘matplot’
plot.bicluster: no visible global function definition for ‘axis’
residue: no visible global function definition for ‘new’
residue: no visible global function definition for ‘exprs’
testAnnot: no visible global function definition for ‘pData’
testAnnot: no visible global function definition for ‘phenoData’
testAnnot: no visible global function definition for ‘chisq.test’
testAnnot: no visible global function definition for ‘mt.rawp2adjp’
testSet: no visible global function definition for ‘exprs’
testSet: no visible global function definition for ‘GeneSet’
testSet: no visible global function definition for ‘geneIdType’
testSet: no visible global function definition for ‘geneIds’
testSet: no visible global function definition for ‘mapIdentifiers’
testSet: no visible global function definition for ‘phyper’
testSet: no visible global function definition for ‘mt.rawp2adjp’
Undefined global functions or variables:
GeneSet annotation axis browseURL chisq.test dev.off exprs
featureNames geneIdType geneIds getSYMBOL mapIdentifiers matplot
mt.rawp2adjp new pData par phenoData phyper png runif sampleNames
setName var
Consider adding
importFrom("grDevices", "dev.off", "png")
importFrom("graphics", "axis", "matplot", "par")
importFrom("methods", "new")
importFrom("stats", "chisq.test", "phyper", "runif", "var")
importFrom("utils", "browseURL")
to your NAMESPACE file (and ensure that your DESCRIPTION Imports field
contains 'methods').
* checking Rd files ... OK
* checking Rd metadata ... OK
* checking Rd cross-references ... OK
* checking for missing documentation entries ... OK
* checking for code/documentation mismatches ... OK
* checking Rd \usage sections ... OK
* checking Rd contents ... OK
* checking for unstated dependencies in examples ... OK
* checking contents of ‘data’ directory ... OK
* checking data for non-ASCII characters ... OK
* checking data for ASCII and uncompressed saves ... OK
* checking line endings in C/C++/Fortran sources/headers ... OK
* checking compiled code ... NOTE
Note: information on .o files is not available
File ‘/home/biocbuild/bbs-3.17-bioc/R/site-library/BicARE/libs/BicARE.so’:
Found ‘__printf_chk’, possibly from ‘printf’ (C)
Compiled code should not call entry points which might terminate R nor
write to stdout/stderr instead of to the console, nor use Fortran I/O
nor system RNGs nor [v]sprintf. The detected symbols are linked into
the code but might come from libraries and not actually be called.
See ‘Writing portable packages’ in the ‘Writing R Extensions’ manual.
* checking files in ‘vignettes’ ... OK
* checking examples ... ERROR
Running examples in ‘BicARE-Ex.R’ failed
The error most likely occurred in:
> base::assign(".ptime", proc.time(), pos = "CheckExEnv")
> ### Name: testSet
> ### Title: Find gene sets that are enriched in a bicluster
> ### Aliases: testSet
> ### Keywords: cluster
>
> ### ** Examples
>
> data(sample.biclustering)
> gss <- GeneSetCollection(sample.biclustering$ExpressionSet[1:50,], setType=GOCollection())
Error in h(simpleError(msg, call)) :
error in evaluating the argument 'setType' in selecting a method for function 'GeneSetCollection': error in evaluating the argument 'envir' in selecting a method for function 'mget': getAnnMap: package GO not available
Calls: GeneSetCollection ... tryCatch -> tryCatchList -> tryCatchOne -> <Anonymous>
Execution halted
* checking for unstated dependencies in vignettes ... OK
* checking package vignettes in ‘inst/doc’ ... OK
* checking running R code from vignettes ...
‘BicARE.Rnw’... failed
ERROR
Errors in running code in vignettes:
when running code in ‘BicARE.Rnw’
...
> bic <- bicluster(res.biclustering, 6, graph = FALSE)
> plot(bic)
> gsc <- GeneSetCollection(res.biclustering$ExpressionSet[1:50],
+ setType = GOCollection())
When sourcing ‘BicARE.R’:
Error: error in evaluating the argument 'setType' in selecting a method for function 'GeneSetCollection': error in evaluating the argument 'envir' in selecting a method for function 'mget': getAnnMap: package GO not available
Execution halted
* checking re-building of vignette outputs ... NOTE
Error(s) in re-building vignettes:
--- re-building ‘BicARE.Rnw’ using Sweave
Loading required package: BicARE
Loading required package: Biobase
Loading required package: BiocGenerics
Attaching package: ‘BiocGenerics’
The following objects are masked from ‘package:stats’:
IQR, mad, sd, var, xtabs
The following objects are masked from ‘package:base’:
Filter, Find, Map, Position, Reduce, anyDuplicated, aperm, append,
as.data.frame, basename, cbind, colnames, dirname, do.call,
duplicated, eval, evalq, get, grep, grepl, intersect, is.unsorted,
lapply, mapply, match, mget, order, paste, pmax, pmax.int, pmin,
pmin.int, rank, rbind, rownames, sapply, setdiff, sort, table,
tapply, union, unique, unsplit, which.max, which.min
Welcome to Bioconductor
Vignettes contain introductory material; view with
'browseVignettes()'. To cite Bioconductor, see
'citation("Biobase")', and for packages 'citation("pkgname")'.
Loading required package: multtest
Loading required package: GSEABase
Loading required package: annotate
Loading required package: AnnotationDbi
Loading required package: stats4
Loading required package: IRanges
Loading required package: S4Vectors
Attaching package: ‘S4Vectors’
The following objects are masked from ‘package:base’:
I, expand.grid, unname
Loading required package: XML
Loading required package: graph
Attaching package: ‘graph’
The following object is masked from ‘package:XML’:
addNode
Error: processing vignette 'BicARE.Rnw' failed with diagnostics:
chunk 8
Error in h(simpleError(msg, call)) :
error in evaluating the argument 'setType' in selecting a method for function 'GeneSetCollection': error in evaluating the argument 'envir' in selecting a method for function 'mget': getAnnMap: package GO not available
--- failed re-building ‘BicARE.Rnw’
SUMMARY: processing the following file failed:
‘BicARE.Rnw’
Error: Vignette re-building failed.
Execution halted
* checking PDF version of manual ... OK
* DONE
Status: 2 ERRORs, 5 NOTEs
See
‘/home/biocbuild/bbs-3.17-bioc/meat/BicARE.Rcheck/00check.log’
for details.
BicARE.Rcheck/00install.out
##############################################################################
##############################################################################
###
### Running command:
###
### /home/biocbuild/bbs-3.17-bioc/R/bin/R CMD INSTALL BicARE
###
##############################################################################
##############################################################################
* installing to library ‘/home/biocbuild/bbs-3.17-bioc/R/site-library’
* installing *source* package ‘BicARE’ ...
** using staged installation
** libs
using C compiler: ‘gcc (Ubuntu 11.3.0-1ubuntu1~22.04) 11.3.0’
gcc -I"/home/biocbuild/bbs-3.17-bioc/R/include" -DNDEBUG -I/usr/local/include -fpic -g -O2 -Wall -c BicARE.c -o BicARE.o
BicARE.c: In function ‘floc’:
BicARE.c:439:12: warning: unused variable ‘invk’ [-Wunused-variable]
439 | double invk = 1/(double)*k;
| ^~~~
gcc -shared -L/home/biocbuild/bbs-3.17-bioc/R/lib -L/usr/local/lib -o BicARE.so BicARE.o -L/home/biocbuild/bbs-3.17-bioc/R/lib -lR
installing to /home/biocbuild/bbs-3.17-bioc/R/site-library/00LOCK-BicARE/00new/BicARE/libs
** R
** data
** inst
** byte-compile and prepare package for lazy loading
** help
*** installing help indices
** building package indices
** installing vignettes
** testing if installed package can be loaded from temporary location
** checking absolute paths in shared objects and dynamic libraries
** testing if installed package can be loaded from final location
** testing if installed package keeps a record of temporary installation path
* DONE (BicARE)
BicARE.Rcheck/BicARE-Ex.timings
| name | user | system | elapsed | |
| FLOC | 22.485 | 0.008 | 22.493 | |
| bicluster | 0.273 | 0.019 | 0.291 | |
| makeReport | 1.652 | 0.095 | 1.728 | |
| residue | 0.003 | 0.000 | 0.003 | |
| testAnnot | 0.008 | 0.004 | 0.012 | |