| Back to Multiple platform build/check report for BioC 3.17 |
|
This page was generated on 2023-04-12 10:55:21 -0400 (Wed, 12 Apr 2023).
| Hostname | OS | Arch (*) | R version | Installed pkgs |
|---|---|---|---|---|
| nebbiolo1 | Linux (Ubuntu 22.04.1 LTS) | x86_64 | 4.3.0 alpha (2023-04-03 r84154) | 4547 |
| nebbiolo2 | Linux (Ubuntu 20.04.5 LTS) | x86_64 | R Under development (unstable) (2023-02-14 r83833) -- "Unsuffered Consequences" | 4333 |
| Click on any hostname to see more info about the system (e.g. compilers) (*) as reported by 'uname -p', except on Windows and Mac OS X | ||||
|
To the developers/maintainers of the AnnotationHub package: - Allow up to 24 hours (and sometimes 48 hours) for your latest push to git@git.bioconductor.org:packages/AnnotationHub.git to reflect on this report. See Troubleshooting Build Report for more information. - Use the following Renviron settings to reproduce errors and warnings. Note: If "R CMD check" recently failed on the Linux builder over a missing dependency, add the missing dependency to "Suggests" in your DESCRIPTION file. See the Renviron.bioc for details. |
| Package 71/2207 | Hostname | OS / Arch | INSTALL | BUILD | CHECK | BUILD BIN | ||||||||
| AnnotationHub 3.7.4 (landing page) Bioconductor Package Maintainer
| nebbiolo1 | Linux (Ubuntu 22.04.1 LTS) / x86_64 | OK | OK | WARNINGS | |||||||||
| nebbiolo2 | Linux (Ubuntu 20.04.5 LTS) / x86_64 | OK | OK | WARNINGS | ||||||||||
| Package: AnnotationHub |
| Version: 3.7.4 |
| Command: /home/biocbuild/bbs-3.17-bioc/R/bin/R CMD check --install=check:AnnotationHub.install-out.txt --library=/home/biocbuild/bbs-3.17-bioc/R/site-library --timings AnnotationHub_3.7.4.tar.gz |
| StartedAt: 2023-04-11 18:32:40 -0400 (Tue, 11 Apr 2023) |
| EndedAt: 2023-04-11 18:38:26 -0400 (Tue, 11 Apr 2023) |
| EllapsedTime: 346.3 seconds |
| RetCode: 0 |
| Status: WARNINGS |
| CheckDir: AnnotationHub.Rcheck |
| Warnings: 3 |
##############################################################################
##############################################################################
###
### Running command:
###
### /home/biocbuild/bbs-3.17-bioc/R/bin/R CMD check --install=check:AnnotationHub.install-out.txt --library=/home/biocbuild/bbs-3.17-bioc/R/site-library --timings AnnotationHub_3.7.4.tar.gz
###
##############################################################################
##############################################################################
* using log directory ‘/home/biocbuild/bbs-3.17-bioc/meat/AnnotationHub.Rcheck’
* using R version 4.3.0 alpha (2023-04-03 r84154)
* using platform: x86_64-pc-linux-gnu (64-bit)
* R was compiled by
gcc (Ubuntu 11.3.0-1ubuntu1~22.04) 11.3.0
GNU Fortran (Ubuntu 11.3.0-1ubuntu1~22.04) 11.3.0
* running under: Ubuntu 22.04.2 LTS
* using session charset: UTF-8
* checking for file ‘AnnotationHub/DESCRIPTION’ ... OK
* checking extension type ... Package
* this is package ‘AnnotationHub’ version ‘3.7.4’
* checking package namespace information ... OK
* checking package dependencies ... OK
* checking if this is a source package ... OK
* checking if there is a namespace ... OK
* checking for hidden files and directories ... OK
* checking for portable file names ... OK
* checking for sufficient/correct file permissions ... OK
* checking whether package ‘AnnotationHub’ can be installed ... OK
* checking installed package size ... OK
* checking package directory ... OK
* checking ‘build’ directory ... OK
* checking DESCRIPTION meta-information ... OK
* checking top-level files ... OK
* checking for left-over files ... OK
* checking index information ... OK
* checking package subdirectories ... OK
* checking R files for non-ASCII characters ... OK
* checking R files for syntax errors ... OK
* checking whether the package can be loaded ... OK
* checking whether the package can be loaded with stated dependencies ... OK
* checking whether the package can be unloaded cleanly ... OK
* checking whether the namespace can be loaded with stated dependencies ... OK
* checking whether the namespace can be unloaded cleanly ... OK
* checking loading without being on the library search path ... OK
* checking startup messages can be suppressed ... OK
* checking dependencies in R code ... WARNING
'::' or ':::' imports not declared from:
‘CompoundDb’ ‘ensembldb’ ‘keras’
Unexported objects imported by ':::' calls:
‘BiocFileCache:::.get_tbl_rid’ ‘S4Vectors:::selectSome’
See the note in ?`:::` about the use of this operator.
* checking S3 generic/method consistency ... OK
* checking replacement functions ... OK
* checking foreign function calls ... OK
* checking R code for possible problems ... OK
* checking Rd files ... WARNING
checkRd: (5) AnnotationHub-class.Rd:131-139: \item in \describe must have non-empty label
checkRd: (5) AnnotationHub-class.Rd:148-151: \item in \describe must have non-empty label
checkRd: (5) AnnotationHub-class.Rd:152-155: \item in \describe must have non-empty label
checkRd: (5) AnnotationHub-class.Rd:156-159: \item in \describe must have non-empty label
checkRd: (5) AnnotationHub-class.Rd:160-163: \item in \describe must have non-empty label
checkRd: (5) AnnotationHub-class.Rd:164-168: \item in \describe must have non-empty label
checkRd: (5) AnnotationHub-class.Rd:169-175: \item in \describe must have non-empty label
checkRd: (5) AnnotationHub-class.Rd:176-210: \item in \describe must have non-empty label
checkRd: (5) AnnotationHub-class.Rd:212-214: \item in \describe must have non-empty label
checkRd: (5) AnnotationHub-class.Rd:216-218: \item in \describe must have non-empty label
checkRd: (5) AnnotationHub-class.Rd:220-222: \item in \describe must have non-empty label
checkRd: (5) AnnotationHub-class.Rd:231-235: \item in \describe must have non-empty label
checkRd: (5) AnnotationHub-class.Rd:236-240: \item in \describe must have non-empty label
checkRd: (5) AnnotationHub-class.Rd:241-247: \item in \describe must have non-empty label
checkRd: (5) AnnotationHub-class.Rd:248-269: \item in \describe must have non-empty label
checkRd: (5) AnnotationHub-class.Rd:270-278: \item in \describe must have non-empty label
checkRd: (5) AnnotationHub-class.Rd:279-284: \item in \describe must have non-empty label
checkRd: (5) AnnotationHub-class.Rd:291-295: \item in \describe must have non-empty label
checkRd: (5) AnnotationHub-class.Rd:296-300: \item in \describe must have non-empty label
checkRd: (5) AnnotationHub-class.Rd:301-312: \item in \describe must have non-empty label
checkRd: (5) AnnotationHub-class.Rd:313-316: \item in \describe must have non-empty label
checkRd: (5) AnnotationHub-class.Rd:317-320: \item in \describe must have non-empty label
checkRd: (5) AnnotationHub-class.Rd:321-328: \item in \describe must have non-empty label
checkRd: (5) AnnotationHub-class.Rd:329-336: \item in \describe must have non-empty label
checkRd: (5) AnnotationHub-class.Rd:337-342: \item in \describe must have non-empty label
checkRd: (5) AnnotationHub-class.Rd:349-353: \item in \describe must have non-empty label
checkRd: (5) AnnotationHub-class.Rd:354-358: \item in \describe must have non-empty label
checkRd: (5) AnnotationHub-deprecated.Rd:28-34: \item in \describe must have non-empty label
* checking Rd metadata ... OK
* checking Rd cross-references ... OK
* checking for missing documentation entries ... OK
* checking for code/documentation mismatches ... WARNING
Functions or methods with usage in documentation object 'AnnotationHub-deprecated' but not in code:
‘display’
* checking Rd \usage sections ... OK
* checking Rd contents ... OK
* checking for unstated dependencies in examples ... OK
* checking files in ‘vignettes’ ... OK
* checking examples ... OK
Examples with CPU (user + system) or elapsed time > 5s
user system elapsed
AnnotationHub-class 35.671 2.705 40.032
* checking for unstated dependencies in ‘tests’ ... OK
* checking tests ...
Running ‘runTests.R’
OK
* checking for unstated dependencies in vignettes ... OK
* checking package vignettes in ‘inst/doc’ ... OK
* checking running R code from vignettes ...
‘AnnotationHub-HOWTO.Rmd’... OK
‘AnnotationHub.Rmd’ using ‘UTF-8’... OK
‘TroubleshootingTheCache.Rmd’ using ‘UTF-8’... OK
NONE
* checking re-building of vignette outputs ... OK
* checking PDF version of manual ... OK
* DONE
Status: 3 WARNINGs
See
‘/home/biocbuild/bbs-3.17-bioc/meat/AnnotationHub.Rcheck/00check.log’
for details.
AnnotationHub.Rcheck/00install.out
############################################################################## ############################################################################## ### ### Running command: ### ### /home/biocbuild/bbs-3.17-bioc/R/bin/R CMD INSTALL AnnotationHub ### ############################################################################## ############################################################################## * installing to library ‘/home/biocbuild/bbs-3.17-bioc/R/site-library’ * installing *source* package ‘AnnotationHub’ ... ** using staged installation ** R ** inst ** byte-compile and prepare package for lazy loading ** help *** installing help indices ** building package indices ** installing vignettes ** testing if installed package can be loaded from temporary location ** testing if installed package can be loaded from final location ** testing if installed package keeps a record of temporary installation path * DONE (AnnotationHub)
AnnotationHub.Rcheck/tests/runTests.Rout
R version 4.3.0 alpha (2023-04-03 r84154)
Copyright (C) 2023 The R Foundation for Statistical Computing
Platform: x86_64-pc-linux-gnu (64-bit)
R is free software and comes with ABSOLUTELY NO WARRANTY.
You are welcome to redistribute it under certain conditions.
Type 'license()' or 'licence()' for distribution details.
R is a collaborative project with many contributors.
Type 'contributors()' for more information and
'citation()' on how to cite R or R packages in publications.
Type 'demo()' for some demos, 'help()' for on-line help, or
'help.start()' for an HTML browser interface to help.
Type 'q()' to quit R.
> BiocGenerics:::testPackage("AnnotationHub")
Attaching package: 'BiocGenerics'
The following objects are masked from 'package:stats':
IQR, mad, sd, var, xtabs
The following objects are masked from 'package:base':
Filter, Find, Map, Position, Reduce, anyDuplicated, aperm, append,
as.data.frame, basename, cbind, colnames, dirname, do.call,
duplicated, eval, evalq, get, grep, grepl, intersect, is.unsorted,
lapply, mapply, match, mget, order, paste, pmax, pmax.int, pmin,
pmin.int, rank, rbind, rownames, sapply, setdiff, sort, table,
tapply, union, unique, unsplit, which.max, which.min
Using 'localHub=TRUE'
If offline, please also see BiocManager vignette section on offline use
Loading required package: S4Vectors
Loading required package: stats4
Attaching package: 'S4Vectors'
The following objects are masked from 'package:base':
I, expand.grid, unname
require("xxx_foo")
RUNIT TEST PROTOCOL -- Tue Apr 11 18:36:20 2023
***********************************************
Number of test functions: 20
Number of errors: 0
Number of failures: 0
1 Test Suite :
AnnotationHub RUnit Tests - 20 test functions, 0 errors, 0 failures
Number of test functions: 20
Number of errors: 0
Number of failures: 0
Warning messages:
1: call dbDisconnect() when finished working with a connection
2: download failed
hub path: 'bogus/url'
cache resource: 'AHInvalid : 5012'
reason: all(rtype == "web" | file.exists(fpath)) is not TRUE
>
> proc.time()
user system elapsed
40.114 6.648 62.657
AnnotationHub.Rcheck/AnnotationHub-Ex.timings
| name | user | system | elapsed | |
| AnnotationHub-class | 35.671 | 2.705 | 40.032 | |
| AnnotationHub-deprecated | 0 | 0 | 0 | |
| AnnotationHub-package | 0 | 0 | 0 | |
| Hub-utils | 0.001 | 0.000 | 0.001 | |
| convertHub | 0.001 | 0.000 | 0.001 | |
| getAnnotationHubOption | 0 | 0 | 0 | |
| utils | 0.000 | 0.002 | 0.002 | |