| Back to Multiple platform build/check report for BioC 3.17 |
|
This page was generated on 2023-04-12 10:55:21 -0400 (Wed, 12 Apr 2023).
| Hostname | OS | Arch (*) | R version | Installed pkgs |
|---|---|---|---|---|
| nebbiolo1 | Linux (Ubuntu 22.04.1 LTS) | x86_64 | 4.3.0 alpha (2023-04-03 r84154) | 4547 |
| nebbiolo2 | Linux (Ubuntu 20.04.5 LTS) | x86_64 | R Under development (unstable) (2023-02-14 r83833) -- "Unsuffered Consequences" | 4333 |
| Click on any hostname to see more info about the system (e.g. compilers) (*) as reported by 'uname -p', except on Windows and Mac OS X | ||||
|
To the developers/maintainers of the ACME package: - Allow up to 24 hours (and sometimes 48 hours) for your latest push to git@git.bioconductor.org:packages/ACME.git to reflect on this report. See Troubleshooting Build Report for more information. - Use the following Renviron settings to reproduce errors and warnings. Note: If "R CMD check" recently failed on the Linux builder over a missing dependency, add the missing dependency to "Suggests" in your DESCRIPTION file. See the Renviron.bioc for details. |
| Package 13/2207 | Hostname | OS / Arch | INSTALL | BUILD | CHECK | BUILD BIN | ||||||||
| ACME 2.55.0 (landing page) Sean Davis
| nebbiolo1 | Linux (Ubuntu 22.04.1 LTS) / x86_64 | OK | OK | WARNINGS | |||||||||
| nebbiolo2 | Linux (Ubuntu 20.04.5 LTS) / x86_64 | OK | OK | WARNINGS | ||||||||||
| Package: ACME |
| Version: 2.55.0 |
| Command: /home/biocbuild/bbs-3.17-bioc/R/bin/R CMD check --install=check:ACME.install-out.txt --library=/home/biocbuild/bbs-3.17-bioc/R/site-library --timings ACME_2.55.0.tar.gz |
| StartedAt: 2023-04-11 18:28:15 -0400 (Tue, 11 Apr 2023) |
| EndedAt: 2023-04-11 18:29:28 -0400 (Tue, 11 Apr 2023) |
| EllapsedTime: 72.5 seconds |
| RetCode: 0 |
| Status: WARNINGS |
| CheckDir: ACME.Rcheck |
| Warnings: 1 |
##############################################################################
##############################################################################
###
### Running command:
###
### /home/biocbuild/bbs-3.17-bioc/R/bin/R CMD check --install=check:ACME.install-out.txt --library=/home/biocbuild/bbs-3.17-bioc/R/site-library --timings ACME_2.55.0.tar.gz
###
##############################################################################
##############################################################################
* using log directory ‘/home/biocbuild/bbs-3.17-bioc/meat/ACME.Rcheck’
* using R version 4.3.0 alpha (2023-04-03 r84154)
* using platform: x86_64-pc-linux-gnu (64-bit)
* R was compiled by
gcc (Ubuntu 11.3.0-1ubuntu1~22.04) 11.3.0
GNU Fortran (Ubuntu 11.3.0-1ubuntu1~22.04) 11.3.0
* running under: Ubuntu 22.04.2 LTS
* using session charset: UTF-8
* checking for file ‘ACME/DESCRIPTION’ ... OK
* this is package ‘ACME’ version ‘2.55.0’
* checking package namespace information ... OK
* checking package dependencies ... OK
* checking if this is a source package ... OK
* checking if there is a namespace ... OK
* checking for hidden files and directories ... OK
* checking for portable file names ... OK
* checking for sufficient/correct file permissions ... OK
* checking whether package ‘ACME’ can be installed ... WARNING
Found the following significant warnings:
windowChisq.c:58:21: warning: suggest parentheses around comparison in operand of ‘&’ [-Wparentheses]
windowChisq.c:63:20: warning: suggest parentheses around comparison in operand of ‘&’ [-Wparentheses]
windowChisq.c:86:20: warning: initialization of ‘void * (*)(void)’ from incompatible pointer type ‘struct SEXPREC * (*)(struct SEXPREC *, struct SEXPREC *, struct SEXPREC *, struct SEXPREC *, struct SEXPREC *)’ [-Wincompatible-pointer-types]
See ‘/home/biocbuild/bbs-3.17-bioc/meat/ACME.Rcheck/00install.out’ for details.
* used C compiler: ‘gcc (Ubuntu 11.3.0-1ubuntu1~22.04) 11.3.0’
* checking installed package size ... NOTE
installed size is 14.1Mb
sub-directories of 1Mb or more:
data 3.1Mb
extdata 10.6Mb
* checking package directory ... OK
* checking ‘build’ directory ... OK
* checking DESCRIPTION meta-information ... OK
* checking top-level files ... OK
* checking for left-over files ... OK
* checking index information ... OK
* checking package subdirectories ... OK
* checking R files for non-ASCII characters ... OK
* checking R files for syntax errors ... OK
* checking whether the package can be loaded ... OK
* checking whether the package can be loaded with stated dependencies ... OK
* checking whether the package can be unloaded cleanly ... OK
* checking whether the namespace can be loaded with stated dependencies ... OK
* checking whether the namespace can be unloaded cleanly ... OK
* checking loading without being on the library search path ... OK
* checking dependencies in R code ... OK
* checking S3 generic/method consistency ... OK
* checking replacement functions ... OK
* checking foreign function calls ... OK
* checking R code for possible problems ... NOTE
.plotACMECalcSet: no visible global function definition for ‘par’
.plotACMECalcSet: no visible global function definition for ‘axis’
.plotACMECalcSet: no visible global function definition for ‘abline’
.plotACMESet: no visible global function definition for ‘par’
do.aGFF.calc: no visible global function definition for ‘quantile’
findClosestGene: no visible binding for global variable ‘refflat’
findClosestGene: no visible binding for '<<-' assignment to ‘refflat’
findRegions : <anonymous>: no visible global function definition for
‘median’
getRefflat: no visible global function definition for ‘download.file’
getRefflat: no visible global function definition for ‘read.delim’
plotgff: no visible global function definition for ‘par’
plotgffcalc: no visible global function definition for ‘par’
plotgffcalc: no visible global function definition for ‘axis’
plotgffcalc: no visible global function definition for ‘abline’
read.resultsGFF: no visible global function definition for ‘read.delim’
windowChisq: no visible global function definition for ‘pchisq’
write.bedGraph: no visible global function definition for ‘write.table’
write.sgr: no visible global function definition for ‘write.table’
plot,ACMECalcSet: no visible global function definition for ‘par’
plot,ACMECalcSet: no visible global function definition for ‘axis’
plot,ACMECalcSet: no visible global function definition for ‘abline’
plot,ACMESet: no visible global function definition for ‘par’
plot,aGFF: no visible global function definition for ‘par’
plot,aGFFCalc: no visible global function definition for ‘par’
plot,aGFFCalc: no visible global function definition for ‘axis’
plot,aGFFCalc: no visible global function definition for ‘abline’
Undefined global functions or variables:
abline axis download.file median par pchisq quantile read.delim
refflat write.table
Consider adding
importFrom("graphics", "abline", "axis", "par")
importFrom("stats", "median", "pchisq", "quantile")
importFrom("utils", "download.file", "read.delim", "write.table")
to your NAMESPACE file.
* checking Rd files ... OK
* checking Rd metadata ... OK
* checking Rd cross-references ... OK
* checking for missing documentation entries ... OK
* checking for code/documentation mismatches ... OK
* checking Rd \usage sections ... OK
* checking Rd contents ... OK
* checking for unstated dependencies in examples ... OK
* checking contents of ‘data’ directory ... OK
* checking data for non-ASCII characters ... OK
* checking data for ASCII and uncompressed saves ... OK
* checking line endings in C/C++/Fortran sources/headers ... OK
* checking compiled code ... NOTE
Note: information on .o files is not available
* checking files in ‘vignettes’ ... OK
* checking examples ... OK
* checking for unstated dependencies in vignettes ... OK
* checking package vignettes in ‘inst/doc’ ... OK
* checking running R code from vignettes ...
‘ACME.Rnw’... OK
OK
* checking re-building of vignette outputs ... OK
* checking PDF version of manual ... OK
* DONE
Status: 1 WARNING, 3 NOTEs
See
‘/home/biocbuild/bbs-3.17-bioc/meat/ACME.Rcheck/00check.log’
for details.
ACME.Rcheck/00install.out
##############################################################################
##############################################################################
###
### Running command:
###
### /home/biocbuild/bbs-3.17-bioc/R/bin/R CMD INSTALL ACME
###
##############################################################################
##############################################################################
* installing to library ‘/home/biocbuild/bbs-3.17-bioc/R/site-library’
* installing *source* package ‘ACME’ ...
** using staged installation
** libs
using C compiler: ‘gcc (Ubuntu 11.3.0-1ubuntu1~22.04) 11.3.0’
gcc -I"/home/biocbuild/bbs-3.17-bioc/R/include" -DNDEBUG -I/usr/local/include -fpic -g -O2 -Wall -c windowChisq.c -o windowChisq.o
windowChisq.c: In function ‘windowChisq’:
windowChisq.c:58:21: warning: suggest parentheses around comparison in operand of ‘&’ [-Wparentheses]
58 | firstprobe>0) {
| ~~~~~~~~~~^~
windowChisq.c:63:20: warning: suggest parentheses around comparison in operand of ‘&’ [-Wparentheses]
63 | lastprobe<(na-1)) {
| ~~~~~~~~~^~~~~~~
windowChisq.c:21:11: warning: unused variable ‘xa’ [-Wunused-variable]
21 | double *xa,*xlocations,*xchivals;
| ^~
windowChisq.c: At top level:
windowChisq.c:86:20: warning: initialization of ‘void * (*)(void)’ from incompatible pointer type ‘struct SEXPREC * (*)(struct SEXPREC *, struct SEXPREC *, struct SEXPREC *, struct SEXPREC *, struct SEXPREC *)’ [-Wincompatible-pointer-types]
86 | {"windowChisq",&windowChisq,5},
| ^
windowChisq.c:86:20: note: (near initialization for ‘callMethods[0].fun’)
gcc -shared -L/home/biocbuild/bbs-3.17-bioc/R/lib -L/usr/local/lib -o ACME.so windowChisq.o -L/home/biocbuild/bbs-3.17-bioc/R/lib -lR
installing to /home/biocbuild/bbs-3.17-bioc/R/site-library/00LOCK-ACME/00new/ACME/libs
** R
** data
** inst
** byte-compile and prepare package for lazy loading
** help
*** installing help indices
** building package indices
** installing vignettes
** testing if installed package can be loaded from temporary location
** checking absolute paths in shared objects and dynamic libraries
** testing if installed package can be loaded from final location
** testing if installed package keeps a record of temporary installation path
* DONE (ACME)
ACME.Rcheck/ACME-Ex.timings
| name | user | system | elapsed | |
| ACMECalcSet-class | 1.250 | 0.032 | 1.282 | |
| ACMESet-class | 0.441 | 0.016 | 0.456 | |
| aGFF-class | 0.457 | 0.012 | 0.468 | |
| aGFFCalc-class | 1.193 | 0.035 | 1.228 | |
| do.aGFF.calc | 1.332 | 0.021 | 1.351 | |
| example.agff | 0.429 | 0.020 | 0.449 | |
| findClosestGene | 1.614 | 0.175 | 2.614 | |
| findRegions | 2.082 | 0.056 | 2.139 | |
| generics | 0.430 | 0.008 | 0.437 | |
| getRefflat | 1.260 | 0.005 | 2.079 | |
| read.resultsGFF | 2.869 | 0.048 | 2.919 | |
| write.bedGraph | 1.747 | 0.044 | 1.791 | |
| write.sgr | 1.300 | 0.032 | 1.332 | |