| Back to Build/check report for BioC 3.17 annotations |
|
This page was generated on 2023-10-11 08:30:04 -0400 (Wed, 11 Oct 2023).
| Hostname | OS | Arch (*) | R version | Installed pkgs |
|---|---|---|---|---|
| nebbiolo1 | Linux (Ubuntu 22.04.2 LTS) | x86_64 | 4.3.1 (2023-06-16) -- "Beagle Scouts" | 4626 |
| Click on any hostname to see more info about the system (e.g. compilers) (*) as reported by 'uname -p', except on Windows and Mac OS X | ||||
| Package 35/37 | Hostname | OS / Arch | INSTALL | BUILD | CHECK | ||||||||
| synaptome.db 0.99.12 (landing page) Oksana Sorokina
| nebbiolo1 | Linux (Ubuntu 22.04.2 LTS) / x86_64 | OK | OK | ERROR | ||||||||
|
To the developers/maintainers of the synaptome.db package: - Use the following Renviron settings to reproduce errors and warnings. - If 'R CMD check' started to fail recently on the Linux builder(s) over a missing dependency, add the missing dependency to 'Suggests:' in your DESCRIPTION file. See Renviron.bioc for more information. |
| Package: synaptome.db |
| Version: 0.99.12 |
| Command: /home/biocbuild/bbs-3.17-bioc/R/bin/R CMD check --install=check:synaptome.db.install-out.txt --library=/home/biocbuild/bbs-3.17-bioc/R/site-library --timings synaptome.db_0.99.12.tar.gz |
| StartedAt: 2023-10-11 05:33:54 -0400 (Wed, 11 Oct 2023) |
| EndedAt: 2023-10-11 05:37:16 -0400 (Wed, 11 Oct 2023) |
| EllapsedTime: 201.4 seconds |
| RetCode: 1 |
| Status: ERROR |
| CheckDir: synaptome.db.Rcheck |
| Warnings: NA |
##############################################################################
##############################################################################
###
### Running command:
###
### /home/biocbuild/bbs-3.17-bioc/R/bin/R CMD check --install=check:synaptome.db.install-out.txt --library=/home/biocbuild/bbs-3.17-bioc/R/site-library --timings synaptome.db_0.99.12.tar.gz
###
##############################################################################
##############################################################################
* using log directory ‘/home/biocbuild/bbs-3.17-data-annotation/meat/synaptome.db.Rcheck’
* using R version 4.3.1 (2023-06-16)
* using platform: x86_64-pc-linux-gnu (64-bit)
* R was compiled by
gcc (Ubuntu 11.3.0-1ubuntu1~22.04.1) 11.3.0
GNU Fortran (Ubuntu 11.3.0-1ubuntu1~22.04.1) 11.3.0
* running under: Ubuntu 22.04.3 LTS
* using session charset: UTF-8
* checking for file ‘synaptome.db/DESCRIPTION’ ... OK
* checking extension type ... Package
* this is package ‘synaptome.db’ version ‘0.99.12’
* package encoding: UTF-8
* checking package namespace information ... OK
* checking package dependencies ... OK
* checking if this is a source package ... OK
* checking if there is a namespace ... OK
* checking for hidden files and directories ... OK
* checking for portable file names ... OK
* checking for sufficient/correct file permissions ... OK
* checking whether package ‘synaptome.db’ can be installed ... OK
* checking installed package size ... OK
* checking package directory ... OK
* checking ‘build’ directory ... OK
* checking DESCRIPTION meta-information ... OK
* checking top-level files ... OK
* checking for left-over files ... OK
* checking index information ... OK
* checking package subdirectories ... OK
* checking R files for non-ASCII characters ... OK
* checking R files for syntax errors ... OK
* checking whether the package can be loaded ... OK
* checking whether the package can be loaded with stated dependencies ... OK
* checking whether the package can be unloaded cleanly ... OK
* checking whether the namespace can be loaded with stated dependencies ... OK
* checking whether the namespace can be unloaded cleanly ... OK
* checking loading without being on the library search path ... OK
* checking startup messages can be suppressed ... NOTE
Using 'localHub=TRUE'
If offline, please also see BiocManager vignette section on offline use
loading from cache
It looks like this package (or a package it requires) has a startup
message which cannot be suppressed: see ?packageStartupMessage.
* checking dependencies in R code ... OK
* checking S3 generic/method consistency ... OK
* checking replacement functions ... OK
* checking foreign function calls ... OK
* checking R code for possible problems ... OK
* checking Rd files ... OK
* checking Rd metadata ... OK
* checking Rd cross-references ... OK
* checking for missing documentation entries ... OK
* checking for code/documentation mismatches ... OK
* checking Rd \usage sections ... OK
* checking Rd contents ... OK
* checking for unstated dependencies in examples ... OK
* checking files in ‘vignettes’ ... OK
* checking examples ... OK
* checking for unstated dependencies in ‘tests’ ... OK
* checking tests ...
Running ‘testthat.R’
OK
* checking for unstated dependencies in vignettes ... OK
* checking package vignettes in ‘inst/doc’ ... OK
* checking running R code from vignettes ...
‘synaptome_db_query.Rmd’ using ‘UTF-8’... OK
NONE
* checking re-building of vignette outputs ... ERROR
Error(s) in re-building vignettes:
...
--- re-building ‘synaptome_db_query.Rmd’ using rmarkdown
Quitting from lines 22-26 [setup.show] (synaptome_db_query.Rmd)
Error: processing vignette 'synaptome_db_query.Rmd' failed with diagnostics:
there is no package called 'ggplot2'
--- failed re-building ‘synaptome_db_query.Rmd’
SUMMARY: processing the following file failed:
‘synaptome_db_query.Rmd’
Execution halted
* checking PDF version of manual ... OK
* DONE
Status: 1 ERROR, 1 NOTE
See
‘/home/biocbuild/bbs-3.17-data-annotation/meat/synaptome.db.Rcheck/00check.log’
for details.
synaptome.db.Rcheck/00install.out
############################################################################## ############################################################################## ### ### Running command: ### ### /home/biocbuild/bbs-3.17-bioc/R/bin/R CMD INSTALL synaptome.db ### ############################################################################## ############################################################################## * installing to library ‘/home/biocbuild/bbs-3.17-bioc/R/site-library’ * installing *source* package ‘synaptome.db’ ... ** using staged installation ** R ** inst ** byte-compile and prepare package for lazy loading ** help Loading required namespace: synaptome.db Using 'localHub=TRUE' If offline, please also see BiocManager vignette section on offline use loading from cache *** installing help indices ** building package indices ** installing vignettes ** testing if installed package can be loaded from temporary location Using 'localHub=TRUE' If offline, please also see BiocManager vignette section on offline use loading from cache ** testing if installed package can be loaded from final location Using 'localHub=TRUE' If offline, please also see BiocManager vignette section on offline use loading from cache ** testing if installed package keeps a record of temporary installation path * DONE (synaptome.db)
synaptome.db.Rcheck/tests/testthat.Rout
R version 4.3.1 (2023-06-16) -- "Beagle Scouts"
Copyright (C) 2023 The R Foundation for Statistical Computing
Platform: x86_64-pc-linux-gnu (64-bit)
R is free software and comes with ABSOLUTELY NO WARRANTY.
You are welcome to redistribute it under certain conditions.
Type 'license()' or 'licence()' for distribution details.
R is a collaborative project with many contributors.
Type 'contributors()' for more information and
'citation()' on how to cite R or R packages in publications.
Type 'demo()' for some demos, 'help()' for on-line help, or
'help.start()' for an HTML browser interface to help.
Type 'q()' to quit R.
> library("testthat")
> test_check("synaptome.db")
Loading required package: synaptome.db
Loading required package: synaptome.data
Loading required package: AnnotationHub
Loading required package: BiocGenerics
Attaching package: 'BiocGenerics'
The following objects are masked from 'package:stats':
IQR, mad, sd, var, xtabs
The following objects are masked from 'package:base':
Filter, Find, Map, Position, Reduce, anyDuplicated, aperm, append,
as.data.frame, basename, cbind, colnames, dirname, do.call,
duplicated, eval, evalq, get, grep, grepl, intersect, is.unsorted,
lapply, mapply, match, mget, order, paste, pmax, pmax.int, pmin,
pmin.int, rank, rbind, rownames, sapply, setdiff, sort, table,
tapply, union, unique, unsplit, which.max, which.min
Loading required package: BiocFileCache
Loading required package: dbplyr
Using 'localHub=TRUE'
If offline, please also see BiocManager vignette section on offline use
loading from cache
[ FAIL 0 | WARN 0 | SKIP 0 | PASS 54 ]
Warning message:
call dbDisconnect() when finished working with a connection
>
> proc.time()
user system elapsed
11.492 0.977 12.621
synaptome.db.Rcheck/synaptome.db-Ex.timings
| name | user | system | elapsed | |
| findGeneByCompartmentPaperCnt | 0.213 | 0.044 | 0.256 | |
| findGeneByPaperCnt | 0.202 | 0.031 | 0.234 | |
| findGeneByPapers | 1.908 | 0.076 | 1.983 | |
| findGenesByEntrez | 0.115 | 0.000 | 0.114 | |
| findGenesByName | 0.099 | 0.001 | 0.099 | |
| getAllGenes4BrainRegion | 0.134 | 0.008 | 0.142 | |
| getAllGenes4Compartment | 0.133 | 0.015 | 0.149 | |
| getBrainRegions | 0.010 | 0.001 | 0.010 | |
| getCompartments | 0.01 | 0.00 | 0.01 | |
| getGeneDiseaseByEntres | 0.102 | 0.000 | 0.102 | |
| getGeneDiseaseByIDs | 0.285 | 0.007 | 0.293 | |
| getGeneDiseaseByName | 0.098 | 0.007 | 0.106 | |
| getGeneIdByCompartmentPaperCnt | 0.130 | 0.013 | 0.142 | |
| getGeneIdByEntrez | 0.044 | 0.000 | 0.044 | |
| getGeneIdByName | 0.045 | 0.000 | 0.045 | |
| getGeneIdByPaperCnt | 0.075 | 0.000 | 0.076 | |
| getGeneIdByPapers | 1.962 | 0.052 | 2.014 | |
| getGeneInfoByEntrez | 0.488 | 0.004 | 0.492 | |
| getGeneInfoByIDs | 0.126 | 0.000 | 0.127 | |
| getGeneInfoByName | 0.332 | 0.000 | 0.333 | |
| getGeneInfoByPapers | 1.633 | 0.052 | 1.685 | |
| getGenes4BrainRegion | 0.075 | 0.004 | 0.079 | |
| getGenes4Compartment | 0.105 | 0.007 | 0.112 | |
| getGenesByID | 0.056 | 0.000 | 0.055 | |
| getIGraphFromPPI | 0.164 | 0.013 | 0.176 | |
| getMutDiseaseQuery | 0.070 | 0.000 | 0.069 | |
| getMutations4DiseaseByEntres | 0.199 | 0.003 | 0.207 | |
| getMutations4DiseaseByIDs | 0.118 | 0.004 | 0.122 | |
| getMutations4DiseaseByName | 0.171 | 0.005 | 0.175 | |
| getPPIbyEntrez | 0.101 | 0.003 | 0.104 | |
| getPPIbyIDs | 0.103 | 0.013 | 0.115 | |
| getPPIbyIDs4BrainRegion | 0.367 | 0.016 | 0.382 | |
| getPPIbyIDs4Compartment | 0.336 | 0.004 | 0.341 | |
| getPPIbyName | 0.087 | 0.016 | 0.103 | |
| getPapers | 0.313 | 0.011 | 0.325 | |
| getTableFromPPI | 0.168 | 0.012 | 0.180 | |