| Back to Build/check report for BioC 3.17 |
|
This page was generated on 2023-01-02 09:00:49 -0500 (Mon, 02 Jan 2023).
| Hostname | OS | Arch (*) | R version | Installed pkgs |
|---|---|---|---|---|
| palomino5 | Windows Server 2022 Datacenter | x64 | R Under development (unstable) (2022-12-25 r83502 ucrt) -- "Unsuffered Consequences" | 4165 |
| Click on any hostname to see more info about the system (e.g. compilers) (*) as reported by 'uname -p', except on Windows and Mac OS X | ||||
|
To the developers/maintainers of the savR package: Make sure to use the following settings in order to reproduce any error or warning you see on this page. |
| Package 1751/2158 | Hostname | OS / Arch | INSTALL | BUILD | CHECK | BUILD BIN | ||||||||
| savR 1.37.0 (landing page) R. Brent Calder
| palomino5 | Windows Server 2022 Datacenter / x64 | OK | ERROR | skipped | skipped | ||||||||
| Package: savR |
| Version: 1.37.0 |
| Command: chmod a+r savR -R && F:\biocbuild\bbs-3.17-bioc\R\bin\R.exe CMD build --keep-empty-dirs --no-resave-data savR |
| StartedAt: 2022-12-28 20:20:35 -0500 (Wed, 28 Dec 2022) |
| EndedAt: 2022-12-28 20:20:49 -0500 (Wed, 28 Dec 2022) |
| EllapsedTime: 13.8 seconds |
| RetCode: 1 |
| Status: ERROR |
| PackageFile: None |
| PackageFileSize: NA |
############################################################################## ############################################################################## ### ### Running command: ### ### chmod a+r savR -R && F:\biocbuild\bbs-3.17-bioc\R\bin\R.exe CMD build --keep-empty-dirs --no-resave-data savR ### ############################################################################## ############################################################################## * checking for file 'savR/DESCRIPTION' ... OK * preparing 'savR': * checking DESCRIPTION meta-information ... OK * installing the package to build vignettes * creating vignettes ... ERROR --- re-building 'savR.Rnw' using Sweave Loading required package: ggplot2 Error: processing vignette 'savR.Rnw' failed with diagnostics: chunk 10 (label = ciPlot) Error : The `position` argument of `qplot()` was deprecated in ggplot2 2.0.0 and is now defunct. --- failed re-building 'savR.Rnw' SUMMARY: processing the following file failed: 'savR.Rnw' Error: Vignette re-building failed. Execution halted