| Back to Build/check report for BioC 3.17 |
|
This page was generated on 2023-01-02 09:00:47 -0500 (Mon, 02 Jan 2023).
| Hostname | OS | Arch (*) | R version | Installed pkgs |
|---|---|---|---|---|
| palomino5 | Windows Server 2022 Datacenter | x64 | R Under development (unstable) (2022-12-25 r83502 ucrt) -- "Unsuffered Consequences" | 4165 |
| Click on any hostname to see more info about the system (e.g. compilers) (*) as reported by 'uname -p', except on Windows and Mac OS X | ||||
|
To the developers/maintainers of the rmspc package: Make sure to use the following settings in order to reproduce any error or warning you see on this page. |
| Package 1680/2158 | Hostname | OS / Arch | INSTALL | BUILD | CHECK | BUILD BIN | ||||||||
| rmspc 1.5.1 (landing page) Meriem Bahda
| palomino5 | Windows Server 2022 Datacenter / x64 | OK | ERROR | skipped | skipped | ||||||||
| Package: rmspc |
| Version: 1.5.1 |
| Command: chmod a+r rmspc -R && F:\biocbuild\bbs-3.17-bioc\R\bin\R.exe CMD build --keep-empty-dirs --no-resave-data rmspc |
| StartedAt: 2022-12-28 20:12:52 -0500 (Wed, 28 Dec 2022) |
| EndedAt: 2022-12-28 20:13:26 -0500 (Wed, 28 Dec 2022) |
| EllapsedTime: 33.9 seconds |
| RetCode: 1 |
| Status: ERROR |
| PackageFile: None |
| PackageFileSize: NA |
############################################################################## ############################################################################## ### ### Running command: ### ### chmod a+r rmspc -R && F:\biocbuild\bbs-3.17-bioc\R\bin\R.exe CMD build --keep-empty-dirs --no-resave-data rmspc ### ############################################################################## ############################################################################## * checking for file 'rmspc/DESCRIPTION' ... OK * preparing 'rmspc': * checking DESCRIPTION meta-information ... OK * installing the package to build vignettes * creating vignettes ... ERROR --- re-building 'rmpsc.Rmd' using rmarkdown Quitting from lines 158-165 (rmpsc.Rmd) Error: processing vignette 'rmpsc.Rmd' failed with diagnostics: ! System command 'dotnet' failed --- failed re-building 'rmpsc.Rmd' SUMMARY: processing the following file failed: 'rmpsc.Rmd' Error: Vignette re-building failed. Execution halted