| Back to Build/check report for BioC 3.17 |
|
This page was generated on 2023-01-02 09:00:44 -0500 (Mon, 02 Jan 2023).
| Hostname | OS | Arch (*) | R version | Installed pkgs |
|---|---|---|---|---|
| palomino5 | Windows Server 2022 Datacenter | x64 | R Under development (unstable) (2022-12-25 r83502 ucrt) -- "Unsuffered Consequences" | 4165 |
| Click on any hostname to see more info about the system (e.g. compilers) (*) as reported by 'uname -p', except on Windows and Mac OS X | ||||
|
To the developers/maintainers of the proFIA package: Make sure to use the following settings in order to reproduce any error or warning you see on this page. |
| Package 1512/2158 | Hostname | OS / Arch | INSTALL | BUILD | CHECK | BUILD BIN | ||||||||
| proFIA 1.25.0 (landing page) Alexis Delabriere
| palomino5 | Windows Server 2022 Datacenter / x64 | OK | ERROR | skipped | skipped | ||||||||
| Package: proFIA |
| Version: 1.25.0 |
| Command: chmod a+r proFIA -R && F:\biocbuild\bbs-3.17-bioc\R\bin\R.exe CMD build --keep-empty-dirs --no-resave-data proFIA |
| StartedAt: 2022-12-28 19:52:32 -0500 (Wed, 28 Dec 2022) |
| EndedAt: 2022-12-28 19:53:21 -0500 (Wed, 28 Dec 2022) |
| EllapsedTime: 49.0 seconds |
| RetCode: 1 |
| Status: ERROR |
| PackageFile: None |
| PackageFileSize: NA |
############################################################################## ############################################################################## ### ### Running command: ### ### chmod a+r proFIA -R && F:\biocbuild\bbs-3.17-bioc\R\bin\R.exe CMD build --keep-empty-dirs --no-resave-data proFIA ### ############################################################################## ############################################################################## * checking for file 'proFIA/DESCRIPTION' ... OK * preparing 'proFIA': * checking DESCRIPTION meta-information ... OK * cleaning src * installing the package to build vignettes * creating vignettes ... ERROR --- re-building 'proFIA-vignette.Rmd' using rmarkdown Quitting from lines 68-71 (proFIA-vignette.Rmd) Error: processing vignette 'proFIA-vignette.Rmd' failed with diagnostics: there is no package called 'plasFIA' --- failed re-building 'proFIA-vignette.Rmd' SUMMARY: processing the following file failed: 'proFIA-vignette.Rmd' Error: Vignette re-building failed. Execution halted