| Back to Build/check report for BioC 3.17 | 
 | 
This page was generated on 2023-01-02 09:00:41 -0500 (Mon, 02 Jan 2023).
| Hostname | OS | Arch (*) | R version | Installed pkgs | 
|---|---|---|---|---|
| palomino5 | Windows Server 2022 Datacenter | x64 | R Under development (unstable) (2022-12-25 r83502 ucrt) -- "Unsuffered Consequences" | 4165 | 
| Click on any hostname to see more info about the system (e.g. compilers) (*) as reported by 'uname -p', except on Windows and Mac OS X | ||||
| To the developers/maintainers of the nullranges package: Make sure to use the following settings in order to reproduce any error or warning you see on this page. | 
| Package 1354/2158 | Hostname | OS / Arch | INSTALL | BUILD | CHECK | BUILD BIN | ||||||||
| nullranges 1.5.8  (landing page) Michael Love 
 | palomino5 | Windows Server 2022 Datacenter / x64 | OK | ERROR | skipped | skipped | ||||||||
| Package: nullranges | 
| Version: 1.5.8 | 
| Command: chmod a+r nullranges -R && F:\biocbuild\bbs-3.17-bioc\R\bin\R.exe CMD build --keep-empty-dirs --no-resave-data nullranges | 
| StartedAt: 2022-12-28 19:23:39 -0500 (Wed, 28 Dec 2022) | 
| EndedAt: 2022-12-28 19:25:52 -0500 (Wed, 28 Dec 2022) | 
| EllapsedTime: 132.7 seconds | 
| RetCode: 1 | 
| Status: ERROR | 
| PackageFile: None | 
| PackageFileSize: NA | 
##############################################################################
##############################################################################
###
### Running command:
###
###   chmod a+r nullranges -R && F:\biocbuild\bbs-3.17-bioc\R\bin\R.exe CMD build --keep-empty-dirs --no-resave-data nullranges
###
##############################################################################
##############################################################################
* checking for file 'nullranges/DESCRIPTION' ... OK
* preparing 'nullranges':
* checking DESCRIPTION meta-information ... OK
* installing the package to build vignettes
* creating vignettes ... ERROR
--- re-building 'matching_ginteractions.Rmd' using rmarkdown
Quitting from lines 58-195 (matching_ginteractions.Rmd) 
Error: processing vignette 'matching_ginteractions.Rmd' failed with diagnostics:
cannot mtfrm
--- failed re-building 'matching_ginteractions.Rmd'
--- re-building 'matching_granges.Rmd' using rmarkdown
Quitting from lines 49-195 (matching_granges.Rmd) 
Error: processing vignette 'matching_granges.Rmd' failed with diagnostics:
cannot mtfrm
--- failed re-building 'matching_granges.Rmd'
--- re-building 'matching_pool_set.Rmd' using rmarkdown
--- finished re-building 'matching_pool_set.Rmd'
--- re-building 'matching_ranges.Rmd' using rmarkdown
Quitting from lines 42-218 (matching_ranges.Rmd) 
Error: processing vignette 'matching_ranges.Rmd' failed with diagnostics:
cannot mtfrm
--- failed re-building 'matching_ranges.Rmd'
--- re-building 'nullranges.Rmd' using rmarkdown
--- finished re-building 'nullranges.Rmd'
--- re-building 'segmented_boot_ranges.Rmd' using rmarkdown
Quitting from lines 458-459 (segmented_boot_ranges.Rmd) 
Error: processing vignette 'segmented_boot_ranges.Rmd' failed with diagnostics:
Cannot create zero-length unit vector ("unit" subsetting)
--- failed re-building 'segmented_boot_ranges.Rmd'
--- re-building 'unseg_boot_ranges.Rmd' using rmarkdown
Quitting from lines 110-111 (unseg_boot_ranges.Rmd) 
Error: processing vignette 'unseg_boot_ranges.Rmd' failed with diagnostics:
cannot mtfrm
--- failed re-building 'unseg_boot_ranges.Rmd'
SUMMARY: processing the following files failed:
  'matching_ginteractions.Rmd' 'matching_granges.Rmd'
  'matching_ranges.Rmd' 'segmented_boot_ranges.Rmd'
  'unseg_boot_ranges.Rmd'
Error: Vignette re-building failed.
Execution halted