| Back to Build/check report for BioC 3.17 |
|
This page was generated on 2023-01-02 09:00:41 -0500 (Mon, 02 Jan 2023).
| Hostname | OS | Arch (*) | R version | Installed pkgs |
|---|---|---|---|---|
| palomino5 | Windows Server 2022 Datacenter | x64 | R Under development (unstable) (2022-12-25 r83502 ucrt) -- "Unsuffered Consequences" | 4165 |
| Click on any hostname to see more info about the system (e.g. compilers) (*) as reported by 'uname -p', except on Windows and Mac OS X | ||||
|
To the developers/maintainers of the netOmics package: Make sure to use the following settings in order to reproduce any error or warning you see on this page. |
| Package 1329/2158 | Hostname | OS / Arch | INSTALL | BUILD | CHECK | BUILD BIN | ||||||||
| netOmics 1.5.0 (landing page) Antoine Bodein
| palomino5 | Windows Server 2022 Datacenter / x64 | OK | ERROR | skipped | skipped | ||||||||
| Package: netOmics |
| Version: 1.5.0 |
| Command: chmod a+r netOmics -R && F:\biocbuild\bbs-3.17-bioc\R\bin\R.exe CMD build --keep-empty-dirs --no-resave-data netOmics |
| StartedAt: 2022-12-28 19:21:10 -0500 (Wed, 28 Dec 2022) |
| EndedAt: 2022-12-28 19:21:39 -0500 (Wed, 28 Dec 2022) |
| EllapsedTime: 29.5 seconds |
| RetCode: 1 |
| Status: ERROR |
| PackageFile: None |
| PackageFileSize: NA |
############################################################################## ############################################################################## ### ### Running command: ### ### chmod a+r netOmics -R && F:\biocbuild\bbs-3.17-bioc\R\bin\R.exe CMD build --keep-empty-dirs --no-resave-data netOmics ### ############################################################################## ############################################################################## * checking for file 'netOmics/DESCRIPTION' ... OK * preparing 'netOmics': * checking DESCRIPTION meta-information ... OK * installing the package to build vignettes * creating vignettes ... ERROR --- re-building 'netOmics.Rmd' using rmarkdown Quitting from lines 80-84 (netOmics.Rmd) Error: processing vignette 'netOmics.Rmd' failed with diagnostics: there is no package called 'timeOmics' --- failed re-building 'netOmics.Rmd' SUMMARY: processing the following file failed: 'netOmics.Rmd' Error: Vignette re-building failed. Execution halted