Back to Build/check report for BioC 3.17 |
|
This page was generated on 2023-01-02 09:00:24 -0500 (Mon, 02 Jan 2023).
Hostname | OS | Arch (*) | R version | Installed pkgs |
---|---|---|---|---|
palomino5 | Windows Server 2022 Datacenter | x64 | R Under development (unstable) (2022-12-25 r83502 ucrt) -- "Unsuffered Consequences" | 4165 |
Click on any hostname to see more info about the system (e.g. compilers) (*) as reported by 'uname -p', except on Windows and Mac OS X |
To the developers/maintainers of the contiBAIT package: Make sure to use the following settings in order to reproduce any error or warning you see on this page. |
Package 400/2158 | Hostname | OS / Arch | INSTALL | BUILD | CHECK | BUILD BIN | ||||||||
contiBAIT 1.27.0 (landing page) Kieran O'Neill
| palomino5 | Windows Server 2022 Datacenter / x64 | OK | OK | WARNINGS | OK | ||||||||
Package: contiBAIT |
Version: 1.27.0 |
Command: F:\biocbuild\bbs-3.17-bioc\R\bin\R.exe CMD check --no-multiarch --install=check:contiBAIT.install-out.txt --library=F:\biocbuild\bbs-3.17-bioc\R\library --no-vignettes --timings contiBAIT_1.27.0.tar.gz |
StartedAt: 2022-12-28 22:48:01 -0500 (Wed, 28 Dec 2022) |
EndedAt: 2022-12-28 22:52:37 -0500 (Wed, 28 Dec 2022) |
EllapsedTime: 275.9 seconds |
RetCode: 0 |
Status: WARNINGS |
CheckDir: contiBAIT.Rcheck |
Warnings: 2 |
############################################################################## ############################################################################## ### ### Running command: ### ### F:\biocbuild\bbs-3.17-bioc\R\bin\R.exe CMD check --no-multiarch --install=check:contiBAIT.install-out.txt --library=F:\biocbuild\bbs-3.17-bioc\R\library --no-vignettes --timings contiBAIT_1.27.0.tar.gz ### ############################################################################## ############################################################################## * using log directory 'F:/biocbuild/bbs-3.17-bioc-rtools43/meat/contiBAIT.Rcheck' * using R Under development (unstable) (2022-12-25 r83502 ucrt) * using platform: x86_64-w64-mingw32 (64-bit) * R was compiled by gcc.exe (GCC) 10.4.0 GNU Fortran (GCC) 10.4.0 * running under: Windows Server x64 (build 20348) * using session charset: UTF-8 * using option '--no-vignettes' * checking for file 'contiBAIT/DESCRIPTION' ... OK * checking extension type ... Package * this is package 'contiBAIT' version '1.27.0' * checking package namespace information ... OK * checking package dependencies ... OK * checking if this is a source package ... OK * checking if there is a namespace ... OK * checking for hidden files and directories ... OK * checking for portable file names ... OK * checking whether package 'contiBAIT' can be installed ... WARNING Found the following significant warnings: Warning: replacing previous import 'IRanges::windows' by 'grDevices::windows' when loading 'contiBAIT' See 'F:/biocbuild/bbs-3.17-bioc-rtools43/meat/contiBAIT.Rcheck/00install.out' for details. * used C++ compiler: 'G__~1.EXE (GCC) 12.2.0' * checking installed package size ... NOTE installed size is 5.5Mb sub-directories of 1Mb or more: extdata 3.4Mb libs 1.0Mb * checking package directory ... OK * checking 'build' directory ... OK * checking DESCRIPTION meta-information ... OK * checking top-level files ... OK * checking for left-over files ... OK * checking index information ... OK * checking package subdirectories ... OK * checking R files for non-ASCII characters ... OK * checking R files for syntax errors ... OK * checking whether the package can be loaded ... OK * checking whether the package can be loaded with stated dependencies ... OK * checking whether the package can be unloaded cleanly ... OK * checking whether the namespace can be loaded with stated dependencies ... OK * checking whether the namespace can be unloaded cleanly ... OK * checking dependencies in R code ... OK * checking S3 generic/method consistency ... OK * checking replacement functions ... OK * checking foreign function calls ... OK * checking R code for possible problems ... NOTE ideogramPlot.func: no visible binding for global variable 'w' ideogramPlot.func: no visible binding for global variable 'w2' makeChrTable: no visible global function definition for 'queryHits' makeChrTable: no visible global function definition for 'subjectHits' orderContigsGreedy: no visible global function definition for 'makeCluster' orderContigsGreedy: no visible global function definition for 'clusterCall' orderContigsGreedy: no visible global function definition for 'stopCluster' strandSeqFreqTable: no visible global function definition for 'queryHits' strandSeqFreqTable: no visible global function definition for 'subjectHits' ideogramPlot,StrandReadMatrix-StrandReadMatrix-ChrTable: no visible binding for global variable 'w' ideogramPlot,StrandReadMatrix-StrandReadMatrix-ChrTable: no visible binding for global variable 'w2' Undefined global functions or variables: clusterCall makeCluster queryHits stopCluster subjectHits w w2 * checking Rd files ... OK * checking Rd metadata ... OK * checking Rd cross-references ... OK * checking for missing documentation entries ... OK * checking for code/documentation mismatches ... OK * checking Rd \usage sections ... WARNING Documented arguments not in \usage in documentation object 'plotLGDistances,LinkageGroupList,StrandStateMatrix-method': '...' Functions with \usage entries need to have the appropriate \alias entries, and all their arguments documented. The \usage entries must correspond to syntactically valid R code. See chapter 'Writing R documentation files' in the 'Writing R Extensions' manual. * checking Rd contents ... OK * checking for unstated dependencies in examples ... OK * checking contents of 'data' directory ... OK * checking data for non-ASCII characters ... OK * checking data for ASCII and uncompressed saves ... OK * checking line endings in C/C++/Fortran sources/headers ... OK * checking line endings in Makefiles ... OK * checking compilation flags in Makevars ... OK * checking for GNU extensions in Makefiles ... OK * checking for portable use of $(BLAS_LIBS) and $(LAPACK_LIBS) ... OK * checking use of PKG_*FLAGS in Makefiles ... OK * checking compiled code ... NOTE Note: information on .o files for x64 is not available File 'F:/biocbuild/bbs-3.17-bioc/R/library/contiBAIT/libs/x64/contiBAIT.dll': Found 'abort', possibly from 'abort' (C), 'runtime' (Fortran) Found 'exit', possibly from 'exit' (C), 'stop' (Fortran) Compiled code should not call entry points which might terminate R nor write to stdout/stderr instead of to the console, nor use Fortran I/O nor system RNGs nor [v]sprintf. The detected symbols are linked into the code but might come from libraries and not actually be called. See 'Writing portable packages' in the 'Writing R Extensions' manual. * checking sizes of PDF files under 'inst/doc' ... OK * checking files in 'vignettes' ... OK * checking examples ... OK * checking for unstated dependencies in vignettes ... OK * checking package vignettes in 'inst/doc' ... OK * checking running R code from vignettes ... SKIPPED * checking re-building of vignette outputs ... SKIPPED * checking PDF version of manual ... OK * DONE Status: 2 WARNINGs, 3 NOTEs See 'F:/biocbuild/bbs-3.17-bioc-rtools43/meat/contiBAIT.Rcheck/00check.log' for details.
contiBAIT.Rcheck/00install.out
############################################################################## ############################################################################## ### ### Running command: ### ### F:\biocbuild\bbs-3.17-bioc\R\bin\R.exe CMD INSTALL contiBAIT ### ############################################################################## ############################################################################## * installing to library 'F:/biocbuild/bbs-3.17-bioc/R/library' * installing *source* package 'contiBAIT' ... ** using staged installation ** libs using C++ compiler: 'G__~1.EXE (GCC) 12.2.0' g++ -std=gnu++11 -I"F:/biocbuild/bbs-3.17-bioc/R/include" -DNDEBUG -I'F:/biocbuild/bbs-3.17-bioc/R/library/Rcpp/include' -I'F:/biocbuild/bbs-3.17-bioc/R/library/BH/include' -I"c:/rtools42/x86_64-w64-mingw32.static.posix/include" -O2 -Wall -mfpmath=sse -msse2 -mstackrealign -c buildLinkageGroups.cpp -o buildLinkageGroups.o g++ -std=gnu++11 -I"F:/biocbuild/bbs-3.17-bioc/R/include" -DNDEBUG -I'F:/biocbuild/bbs-3.17-bioc/R/library/Rcpp/include' -I'F:/biocbuild/bbs-3.17-bioc/R/library/BH/include' -I"c:/rtools42/x86_64-w64-mingw32.static.posix/include" -O2 -Wall -mfpmath=sse -msse2 -mstackrealign -c computeSim.cpp -o computeSim.o In file included from F:/biocbuild/bbs-3.17-bioc/R/library/BH/include/boost/functional/hash/hash.hpp:6, from F:/biocbuild/bbs-3.17-bioc/R/library/BH/include/boost/dynamic_bitset/dynamic_bitset.hpp:53, from F:/biocbuild/bbs-3.17-bioc/R/library/BH/include/boost/dynamic_bitset.hpp:15, from computeSim.cpp:3: F:/biocbuild/bbs-3.17-bioc/R/library/BH/include/boost/container_hash/hash.hpp:132:33: warning: 'template<class _Arg, class _Result> struct std::unary_function' is deprecated [-Wdeprecated-declarations] 132 | struct hash_base : std::unary_function<T, std::size_t> {}; | ^~~~~~~~~~~~~~ In file included from c:\rtools43\x86_64-w64-mingw32.static.posix\lib\gcc\x86_64-w64-mingw32.static.posix\12.2.0\include\c++\unordered_map:44, from F:/biocbuild/bbs-3.17-bioc/R/library/Rcpp/include/Rcpp/platform/compiler.h:153, from F:/biocbuild/bbs-3.17-bioc/R/library/Rcpp/include/Rcpp/r/headers.h:62, from F:/biocbuild/bbs-3.17-bioc/R/library/Rcpp/include/RcppCommon.h:30, from F:/biocbuild/bbs-3.17-bioc/R/library/Rcpp/include/Rcpp.h:27, from computeSim.cpp:2: c:\rtools43\x86_64-w64-mingw32.static.posix\lib\gcc\x86_64-w64-mingw32.static.posix\12.2.0\include\c++\bits\stl_function.h:117:12: note: declared here 117 | struct unary_function | ^~~~~~~~~~~~~~ g++ -std=gnu++11 -I"F:/biocbuild/bbs-3.17-bioc/R/include" -DNDEBUG -I'F:/biocbuild/bbs-3.17-bioc/R/library/Rcpp/include' -I'F:/biocbuild/bbs-3.17-bioc/R/library/BH/include' -I"c:/rtools42/x86_64-w64-mingw32.static.posix/include" -O2 -Wall -mfpmath=sse -msse2 -mstackrealign -c orderContigsGreedy.cpp -o orderContigsGreedy.o g++ -std=gnu++11 -shared -s -static-libgcc -o contiBAIT.dll tmp.def buildLinkageGroups.o computeSim.o orderContigsGreedy.o -lm -Lc:/rtools42/x86_64-w64-mingw32.static.posix/lib/x64 -Lc:/rtools42/x86_64-w64-mingw32.static.posix/lib -LF:/biocbuild/bbs-3.17-bioc/R/bin/x64 -lR installing to F:/biocbuild/bbs-3.17-bioc/R/library/00LOCK-contiBAIT/00new/contiBAIT/libs/x64 ** R ** data ** inst ** byte-compile and prepare package for lazy loading Warning: replacing previous import 'IRanges::windows' by 'grDevices::windows' when loading 'contiBAIT' ** help *** installing help indices ** building package indices ** installing vignettes ** testing if installed package can be loaded from temporary location Warning: replacing previous import 'IRanges::windows' by 'grDevices::windows' when loading 'contiBAIT' ** testing if installed package can be loaded from final location Warning: replacing previous import 'IRanges::windows' by 'grDevices::windows' when loading 'contiBAIT' ** testing if installed package keeps a record of temporary installation path * DONE (contiBAIT)
contiBAIT.Rcheck/contiBAIT-Ex.timings
name | user | system | elapsed | |
BAIT | 0 | 0 | 0 | |
ContigOrdering | 0 | 0 | 0 | |
LibraryGroupList | 0.02 | 0.00 | 0.02 | |
LinkageGroupList | 0 | 0 | 0 | |
StrandFreqMatrix | 0.01 | 0.02 | 0.03 | |
StrandReadMatrix | 0.02 | 0.00 | 0.01 | |
StrandStateMatrix | 0 | 0 | 0 | |
barplotLinkageGroupCalls-LinkageGroupList-ChrTable-method | 0.33 | 0.03 | 0.36 | |
clusterContigs-StrandStateMatrix-method | 0.01 | 0.02 | 0.03 | |
contiBAIT | 3.99 | 0.14 | 4.13 | |
findSimilarLibraries | 3.17 | 0.01 | 3.19 | |
ideogramPlot-StrandReadMatrix-StrandReadMatrix-ChrTable-method | 1.40 | 0.05 | 1.45 | |
makeBoxPlot | 0.03 | 0.00 | 0.03 | |
makeChrTable | 0.50 | 0.01 | 0.52 | |
orderAllLinkageGroups | 0.47 | 0.00 | 0.47 | |
plotContigOrder | 0.38 | 0.02 | 0.39 | |
plotLGDistances-LinkageGroupList-StrandStateMatrix-method | 0.09 | 0.00 | 0.09 | |
plotWCdistribution-StrandFreqMatrix-method | 0.05 | 0.02 | 0.06 | |
preprocessStrandTable-StrandFreqMatrix-method | 0.12 | 0.00 | 0.13 | |
reorientAndMergeLGs | 0.07 | 0.01 | 0.08 | |
strandSeqFreqTable | 2.65 | 0.05 | 2.70 | |
thoroughBed | 0.03 | 0.00 | 0.03 | |
writeBed | 0 | 0 | 0 | |