| Back to Build/check report for BioC 3.17 |
|
This page was generated on 2023-01-02 09:00:24 -0500 (Mon, 02 Jan 2023).
| Hostname | OS | Arch (*) | R version | Installed pkgs |
|---|---|---|---|---|
| palomino5 | Windows Server 2022 Datacenter | x64 | R Under development (unstable) (2022-12-25 r83502 ucrt) -- "Unsuffered Consequences" | 4165 |
| Click on any hostname to see more info about the system (e.g. compilers) (*) as reported by 'uname -p', except on Windows and Mac OS X | ||||
|
To the developers/maintainers of the compEpiTools package: Make sure to use the following settings in order to reproduce any error or warning you see on this page. |
| Package 387/2158 | Hostname | OS / Arch | INSTALL | BUILD | CHECK | BUILD BIN | ||||||||
| compEpiTools 1.33.0 (landing page) Kamal Kishore
| palomino5 | Windows Server 2022 Datacenter / x64 | OK | OK | WARNINGS | OK | ||||||||
| Package: compEpiTools |
| Version: 1.33.0 |
| Command: F:\biocbuild\bbs-3.17-bioc\R\bin\R.exe CMD check --no-multiarch --install=check:compEpiTools.install-out.txt --library=F:\biocbuild\bbs-3.17-bioc\R\library --no-vignettes --timings compEpiTools_1.33.0.tar.gz |
| StartedAt: 2022-12-28 22:43:45 -0500 (Wed, 28 Dec 2022) |
| EndedAt: 2022-12-28 22:49:36 -0500 (Wed, 28 Dec 2022) |
| EllapsedTime: 351.1 seconds |
| RetCode: 0 |
| Status: WARNINGS |
| CheckDir: compEpiTools.Rcheck |
| Warnings: 1 |
##############################################################################
##############################################################################
###
### Running command:
###
### F:\biocbuild\bbs-3.17-bioc\R\bin\R.exe CMD check --no-multiarch --install=check:compEpiTools.install-out.txt --library=F:\biocbuild\bbs-3.17-bioc\R\library --no-vignettes --timings compEpiTools_1.33.0.tar.gz
###
##############################################################################
##############################################################################
* using log directory 'F:/biocbuild/bbs-3.17-bioc-rtools43/meat/compEpiTools.Rcheck'
* using R Under development (unstable) (2022-12-25 r83502 ucrt)
* using platform: x86_64-w64-mingw32 (64-bit)
* R was compiled by
gcc.exe (GCC) 10.4.0
GNU Fortran (GCC) 10.4.0
* running under: Windows Server x64 (build 20348)
* using session charset: UTF-8
* using option '--no-vignettes'
* checking for file 'compEpiTools/DESCRIPTION' ... OK
* checking extension type ... Package
* this is package 'compEpiTools' version '1.33.0'
* checking package namespace information ... OK
* checking package dependencies ... OK
* checking if this is a source package ... OK
* checking if there is a namespace ... OK
* checking for hidden files and directories ... OK
* checking for portable file names ... OK
* checking whether package 'compEpiTools' can be installed ... OK
* checking installed package size ... OK
* checking package directory ... OK
* checking 'build' directory ... OK
* checking DESCRIPTION meta-information ... OK
* checking top-level files ... OK
* checking for left-over files ... OK
* checking index information ... OK
* checking package subdirectories ... OK
* checking R files for non-ASCII characters ... OK
* checking R files for syntax errors ... OK
* checking whether the package can be loaded ... OK
* checking whether the package can be loaded with stated dependencies ... OK
* checking whether the package can be unloaded cleanly ... OK
* checking whether the namespace can be loaded with stated dependencies ... OK
* checking whether the namespace can be unloaded cleanly ... OK
* checking dependencies in R code ... OK
* checking S3 generic/method consistency ... OK
* checking replacement functions ... OK
* checking foreign function calls ... OK
* checking R code for possible problems ... NOTE
TSS: no visible global function definition for 'end<-'
TSS: no visible global function definition for 'start<-'
findLncRNA: no visible global function definition for 'start<-'
findLncRNA: no visible global function definition for 'end<-'
findLncRNA: no visible global function definition for 'IRanges'
stallingIndex : getBound: no visible global function definition for
'start<-'
stallingIndex : getBound: no visible global function definition for
'end<-'
stallingIndex: no visible global function definition for 'IRanges'
topGOres : <anonymous>: no visible global function definition for
'ggplot'
topGOres : <anonymous>: no visible global function definition for 'aes'
topGOres : <anonymous>: no visible binding for global variable
'Significant'
topGOres : <anonymous>: no visible binding for global variable 'P_val'
topGOres : <anonymous>: no visible global function definition for
'geom_bar'
topGOres : <anonymous>: no visible global function definition for
'coord_flip'
topGOres : <anonymous>: no visible global function definition for
'ylab'
ucsc2GRanges: no visible global function definition for 'IRanges'
GR2fasta,GRanges: no visible global function definition for
'seqlengths'
GR2fasta,GRanges: no visible global function definition for
'seqlengths<-'
GR2fasta,GRanges: no visible global function definition for 'trim'
GRangesInPromoters,GRanges: no visible global function definition for
'start<-'
GRannotate,GRanges: no visible global function definition for 'start<-'
GRannotate,GRanges: no visible global function definition for 'end<-'
GRcoverageSummit,GRanges: no visible global function definition for
'start<-'
GRcoverageSummit,GRanges: no visible global function definition for
'end<-'
GRmidpoint,GRanges: no visible global function definition for 'start<-'
GRmidpoint,GRanges: no visible global function definition for 'end<-'
GRsetwidth,GRanges: no visible global function definition for 'start<-'
GRsetwidth,GRanges: no visible global function definition for 'end<-'
countOverlapsInBins,GRanges: no visible global function definition for
'IRanges'
featuresLength,TxDb: no visible global function definition for 'reduce'
getPromoterClass,TxDb: no visible binding for global variable 'txdb'
getPromoterClass,TxDb: no visible global function definition for
'start<-'
makeGtfFromDb,TxDb: no visible global function definition for 'reduce'
matchEnhancers,GRanges: no visible global function definition for
'distanceToNearest'
matchEnhancers,GRanges: no visible global function definition for
'IRanges'
Undefined global functions or variables:
IRanges P_val Significant aes coord_flip distanceToNearest end<-
geom_bar ggplot reduce seqlengths seqlengths<- start<- trim txdb ylab
* checking Rd files ... OK
* checking Rd metadata ... OK
* checking Rd cross-references ... OK
* checking for missing documentation entries ... OK
* checking for code/documentation mismatches ... OK
* checking Rd \usage sections ... OK
* checking Rd contents ... OK
* checking for unstated dependencies in examples ... OK
* checking sizes of PDF files under 'inst/doc' ... OK
* checking files in 'vignettes' ... OK
* checking examples ... WARNING
Found the following significant warnings:
Warning: 'applyPileups' is deprecated.
Warning: 'applyPileups' is deprecated.
Warning: 'applyPileups' is deprecated.
Warning: 'applyPileups' is deprecated.
Warning: 'applyPileups' is deprecated.
Warning: 'applyPileups' is deprecated.
Warning: 'applyPileups' is deprecated.
Warning: 'applyPileups' is deprecated.
Warning: 'applyPileups' is deprecated.
Warning: 'applyPileups' is deprecated.
Warning: 'applyPileups' is deprecated.
Warning: 'applyPileups' is deprecated.
Deprecated functions may be defunct as soon as of the next release of
R.
See ?Deprecated.
Examples with CPU (user + system) or elapsed time > 5s
user system elapsed
topGOres 22.19 1.19 23.37
getPromoterClass-methods 0.61 0.04 15.79
* checking for unstated dependencies in vignettes ... OK
* checking package vignettes in 'inst/doc' ... OK
* checking running R code from vignettes ... SKIPPED
* checking re-building of vignette outputs ... SKIPPED
* checking PDF version of manual ... OK
* DONE
Status: 1 WARNING, 1 NOTE
See
'F:/biocbuild/bbs-3.17-bioc-rtools43/meat/compEpiTools.Rcheck/00check.log'
for details.
compEpiTools.Rcheck/00install.out
############################################################################## ############################################################################## ### ### Running command: ### ### F:\biocbuild\bbs-3.17-bioc\R\bin\R.exe CMD INSTALL compEpiTools ### ############################################################################## ############################################################################## * installing to library 'F:/biocbuild/bbs-3.17-bioc/R/library' * installing *source* package 'compEpiTools' ... ** using staged installation ** R ** inst ** byte-compile and prepare package for lazy loading groupGOTerms: GOBPTerm, GOMFTerm, GOCCTerm environments built. ** help *** installing help indices ** building package indices ** installing vignettes ** testing if installed package can be loaded from temporary location groupGOTerms: GOBPTerm, GOMFTerm, GOCCTerm environments built. ** testing if installed package can be loaded from final location groupGOTerms: GOBPTerm, GOMFTerm, GOCCTerm environments built. ** testing if installed package keeps a record of temporary installation path * DONE (compEpiTools)
compEpiTools.Rcheck/compEpiTools-Ex.timings
| name | user | system | elapsed | |
| GR2fasta-methods | 0.33 | 0.01 | 0.36 | |
| GRanges2ucsc-methods | 0 | 0 | 0 | |
| GRangesInPromoters-methods | 1.72 | 0.07 | 1.78 | |
| GRannotate-methods | 3.39 | 0.12 | 3.56 | |
| GRannotateSimple | 0.45 | 0.03 | 0.49 | |
| GRbaseCoverage-methods | 0.06 | 0.00 | 0.06 | |
| GRcoverage-methods | 0.10 | 0.00 | 0.09 | |
| GRcoverageSummit-methods | 0.04 | 0.00 | 0.05 | |
| GRenrichment-methods | 0.06 | 0.00 | 0.06 | |
| GRmidpoint-methods | 0.02 | 0.00 | 0.02 | |
| GRsetwidth | 0.03 | 0.00 | 0.03 | |
| TSS | 2.06 | 0.02 | 2.08 | |
| countOverlapsInBins-methods | 0.10 | 0.00 | 0.09 | |
| distanceFromTSS-methods | 1.76 | 0.06 | 1.83 | |
| enhancers | 0.35 | 0.00 | 0.34 | |
| findLncRNA | 0.62 | 0.02 | 0.67 | |
| getPromoterClass-methods | 0.61 | 0.04 | 15.79 | |
| heatmapData | 0.78 | 0.05 | 0.82 | |
| heatmapPlot | 2.17 | 0.08 | 2.33 | |
| makeGtfFromDb | 2.52 | 0.14 | 2.94 | |
| matchEnhancers | 1.36 | 0.08 | 1.44 | |
| overlapOfGRanges-methods | 0.03 | 0.00 | 0.03 | |
| palette2d | 0.03 | 0.01 | 0.05 | |
| plotStallingIndex | 2.08 | 0.05 | 2.13 | |
| simplifyGOterms | 0.36 | 0.08 | 0.75 | |
| stallingIndex | 1.70 | 0.09 | 1.79 | |
| topGOres | 22.19 | 1.19 | 23.37 | |
| ucsc2GRanges | 0 | 0 | 0 | |
| unionMaxScore-methods | 0.1 | 0.0 | 0.1 | |