Back to Build/check report for BioC 3.17
AB[C]DEFGHIJKLMNOPQRSTUVWXYZ

This page was generated on 2023-01-02 09:00:22 -0500 (Mon, 02 Jan 2023).

HostnameOSArch (*)R versionInstalled pkgs
palomino5Windows Server 2022 Datacenterx64R Under development (unstable) (2022-12-25 r83502 ucrt) -- "Unsuffered Consequences" 4165
Click on any hostname to see more info about the system (e.g. compilers)      (*) as reported by 'uname -p', except on Windows and Mac OS X

BUILD results for cellbaseR on palomino5


To the developers/maintainers of the cellbaseR package:
Make sure to use the following settings in order to reproduce any error or warning you see on this page.

raw results

Package 269/2158HostnameOS / ArchINSTALLBUILDCHECKBUILD BIN
cellbaseR 1.23.0  (landing page)
Mohammed OE Abdallah
Snapshot Date: 2022-12-28 11:00:06 -0500 (Wed, 28 Dec 2022)
git_url: https://git.bioconductor.org/packages/cellbaseR
git_branch: master
git_last_commit: 07d097d
git_last_commit_date: 2022-11-01 11:15:37 -0500 (Tue, 01 Nov 2022)
palomino5Windows Server 2022 Datacenter / x64  OK    ERROR  skippedskipped

Summary

Package: cellbaseR
Version: 1.23.0
Command: chmod a+r cellbaseR -R && F:\biocbuild\bbs-3.17-bioc\R\bin\R.exe CMD build --keep-empty-dirs --no-resave-data cellbaseR
StartedAt: 2022-12-28 17:07:38 -0500 (Wed, 28 Dec 2022)
EndedAt: 2022-12-28 17:08:01 -0500 (Wed, 28 Dec 2022)
EllapsedTime: 23.3 seconds
RetCode: 1
Status:   ERROR  
PackageFile: None
PackageFileSize: NA

Command output

##############################################################################
##############################################################################
###
### Running command:
###
###   chmod a+r cellbaseR -R && F:\biocbuild\bbs-3.17-bioc\R\bin\R.exe CMD build --keep-empty-dirs --no-resave-data cellbaseR
###
##############################################################################
##############################################################################


* checking for file 'cellbaseR/DESCRIPTION' ... OK
* preparing 'cellbaseR':
* checking DESCRIPTION meta-information ... OK
* installing the package to build vignettes
* creating vignettes ... ERROR
--- re-building 'cellbaseR.Rmd' using rmarkdown
Quitting from lines 58-68 (cellbaseR.Rmd) 
Error: processing vignette 'cellbaseR.Rmd' failed with diagnostics:
schannel: next InitializeSecurityContext failed: SEC_E_CERT_EXPIRED (0x80090328) - The received certificate has expired.
--- failed re-building 'cellbaseR.Rmd'

SUMMARY: processing the following file failed:
  'cellbaseR.Rmd'

Error: Vignette re-building failed.
Execution halted