| Back to Build/check report for BioC 3.17 |
|
This page was generated on 2023-01-02 09:00:55 -0500 (Mon, 02 Jan 2023).
| Hostname | OS | Arch (*) | R version | Installed pkgs |
|---|---|---|---|---|
| palomino5 | Windows Server 2022 Datacenter | x64 | R Under development (unstable) (2022-12-25 r83502 ucrt) -- "Unsuffered Consequences" | 4165 |
| Click on any hostname to see more info about the system (e.g. compilers) (*) as reported by 'uname -p', except on Windows and Mac OS X | ||||
|
To the developers/maintainers of the VariantAnnotation package: Make sure to use the following settings in order to reproduce any error or warning you see on this page. |
| Package 2109/2158 | Hostname | OS / Arch | INSTALL | BUILD | CHECK | BUILD BIN | ||||||||
| VariantAnnotation 1.45.0 (landing page) Bioconductor Package Maintainer
| palomino5 | Windows Server 2022 Datacenter / x64 | OK | OK | WARNINGS | OK | ||||||||
| Package: VariantAnnotation |
| Version: 1.45.0 |
| Command: F:\biocbuild\bbs-3.17-bioc\R\bin\R.exe CMD check --no-multiarch --install=check:VariantAnnotation.install-out.txt --library=F:\biocbuild\bbs-3.17-bioc\R\library --no-vignettes --timings VariantAnnotation_1.45.0.tar.gz |
| StartedAt: 2022-12-29 04:26:34 -0500 (Thu, 29 Dec 2022) |
| EndedAt: 2022-12-29 04:33:56 -0500 (Thu, 29 Dec 2022) |
| EllapsedTime: 441.6 seconds |
| RetCode: 0 |
| Status: WARNINGS |
| CheckDir: VariantAnnotation.Rcheck |
| Warnings: 1 |
##############################################################################
##############################################################################
###
### Running command:
###
### F:\biocbuild\bbs-3.17-bioc\R\bin\R.exe CMD check --no-multiarch --install=check:VariantAnnotation.install-out.txt --library=F:\biocbuild\bbs-3.17-bioc\R\library --no-vignettes --timings VariantAnnotation_1.45.0.tar.gz
###
##############################################################################
##############################################################################
* using log directory 'F:/biocbuild/bbs-3.17-bioc-rtools43/meat/VariantAnnotation.Rcheck'
* using R Under development (unstable) (2022-12-25 r83502 ucrt)
* using platform: x86_64-w64-mingw32 (64-bit)
* R was compiled by
gcc.exe (GCC) 10.4.0
GNU Fortran (GCC) 10.4.0
* running under: Windows Server x64 (build 20348)
* using session charset: UTF-8
* using option '--no-vignettes'
* checking for file 'VariantAnnotation/DESCRIPTION' ... OK
* checking extension type ... Package
* this is package 'VariantAnnotation' version '1.45.0'
* checking package namespace information ... OK
* checking package dependencies ... NOTE
Depends: includes the non-default packages:
'BiocGenerics', 'MatrixGenerics', 'GenomeInfoDb', 'GenomicRanges',
'SummarizedExperiment', 'Rsamtools'
Adding so many packages to the search path is excessive and importing
selectively is preferable.
* checking if this is a source package ... OK
* checking if there is a namespace ... OK
* checking for hidden files and directories ... OK
* checking for portable file names ... OK
* checking whether package 'VariantAnnotation' can be installed ... OK
* used C compiler: 'gcc.exe (GCC) 12.2.0'
* checking installed package size ... NOTE
installed size is 12.1Mb
sub-directories of 1Mb or more:
R 2.1Mb
extdata 1.2Mb
libs 8.3Mb
* checking package directory ... OK
* checking 'build' directory ... OK
* checking DESCRIPTION meta-information ... OK
* checking top-level files ... OK
* checking for left-over files ... OK
* checking index information ... OK
* checking package subdirectories ... OK
* checking R files for non-ASCII characters ... OK
* checking R files for syntax errors ... OK
* checking whether the package can be loaded ... OK
* checking whether the package can be loaded with stated dependencies ... OK
* checking whether the package can be unloaded cleanly ... OK
* checking whether the namespace can be loaded with stated dependencies ... OK
* checking whether the namespace can be unloaded cleanly ... OK
* checking dependencies in R code ... NOTE
Unexported objects imported by ':::' calls:
'BiocGenerics:::replaceSlots' 'BiocGenerics:::testPackage'
'Rsamtools:::.RsamtoolsFile' 'Rsamtools:::.RsamtoolsFileList'
'Rsamtools:::.io_check_exists' 'S4Vectors:::expandByColumnSet'
'S4Vectors:::labeledLine' 'S4Vectors:::recycleVector'
'S4Vectors:::selectSome'
'SummarizedExperiment:::.SummarizedExperiment.charbound'
'SummarizedExperiment:::.cbind.DataFrame'
'rtracklayer:::checkArgFormat'
See the note in ?`:::` about the use of this operator.
* checking S3 generic/method consistency ... OK
* checking replacement functions ... OK
* checking foreign function calls ... OK
* checking R code for possible problems ... NOTE
VRangesForMatching: no visible binding for global variable 'REF'
VRangesForMatching: no visible binding for global variable 'ALT'
Undefined global functions or variables:
ALT REF
* checking Rd files ... WARNING
checkRd: (5) PROVEANDb-class.Rd:24-27: \item in \describe must have non-empty label
checkRd: (5) PROVEANDb-class.Rd:28-32: \item in \describe must have non-empty label
checkRd: (5) PROVEANDb-class.Rd:33-37: \item in \describe must have non-empty label
checkRd: (5) PROVEANDb-class.Rd:38-42: \item in \describe must have non-empty label
checkRd: (5) PROVEANDb-class.Rd:43-49: \item in \describe must have non-empty label
checkRd: (5) PolyPhenDb-class.Rd:25-28: \item in \describe must have non-empty label
checkRd: (5) PolyPhenDb-class.Rd:29-33: \item in \describe must have non-empty label
checkRd: (5) PolyPhenDb-class.Rd:34-38: \item in \describe must have non-empty label
checkRd: (5) PolyPhenDb-class.Rd:39-45: \item in \describe must have non-empty label
checkRd: (5) PolyPhenDb-class.Rd:46-52: \item in \describe must have non-empty label
checkRd: (5) SIFTDb-class.Rd:24-27: \item in \describe must have non-empty label
checkRd: (5) SIFTDb-class.Rd:28-32: \item in \describe must have non-empty label
checkRd: (5) SIFTDb-class.Rd:33-37: \item in \describe must have non-empty label
checkRd: (5) SIFTDb-class.Rd:38-44: \item in \describe must have non-empty label
checkRd: (5) VCF-class.Rd:106-108: \item in \describe must have non-empty label
checkRd: (5) VCF-class.Rd:109-120: \item in \describe must have non-empty label
checkRd: (5) VCF-class.Rd:128-169: \item in \describe must have non-empty label
checkRd: (5) VCF-class.Rd:170-176: \item in \describe must have non-empty label
checkRd: (5) VCF-class.Rd:177-182: \item in \describe must have non-empty label
checkRd: (5) VCF-class.Rd:183-187: \item in \describe must have non-empty label
checkRd: (5) VCF-class.Rd:188-196: \item in \describe must have non-empty label
checkRd: (5) VCF-class.Rd:197-203: \item in \describe must have non-empty label
checkRd: (5) VCF-class.Rd:204-210: \item in \describe must have non-empty label
checkRd: (5) VCF-class.Rd:211-215: \item in \describe must have non-empty label
checkRd: (5) VCF-class.Rd:216-220: \item in \describe must have non-empty label
checkRd: (5) VCF-class.Rd:221-225: \item in \describe must have non-empty label
checkRd: (5) VCF-class.Rd:226-239: \item in \describe must have non-empty label
checkRd: (5) VCF-class.Rd:240-245: \item in \describe must have non-empty label
checkRd: (5) VCF-class.Rd:253-257: \item in \describe must have non-empty label
checkRd: (5) VCF-class.Rd:258-265: \item in \describe must have non-empty label
checkRd: (5) VCF-class.Rd:266-283: \item in \describe must have non-empty label
checkRd: (5) VCF-class.Rd:290-303: \item in \describe must have non-empty label
checkRd: (5) VCFHeader-class.Rd:47-51: \item in \describe must have non-empty label
checkRd: (5) VCFHeader-class.Rd:58-61: \item in \describe must have non-empty label
checkRd: (5) VCFHeader-class.Rd:62-66: \item in \describe must have non-empty label
checkRd: (5) VCFHeader-class.Rd:67-86: \item in \describe must have non-empty label
checkRd: (5) VCFHeader-class.Rd:87-94: \item in \describe must have non-empty label
checkRd: (5) VCFHeader-class.Rd:95-100: \item in \describe must have non-empty label
checkRd: (5) VCFHeader-class.Rd:101-106: \item in \describe must have non-empty label
checkRd: (5) VCFHeader-class.Rd:107-111: \item in \describe must have non-empty label
checkRd: (5) VCFHeader-class.Rd:112-118: \item in \describe must have non-empty label
checkRd: (5) VRanges-class.Rd:146-178: \item in \describe must have non-empty label
checkRd: (5) VRanges-class.Rd:179-224: \item in \describe must have non-empty label
checkRd: (5) VRanges-class.Rd:232-265: \item in \describe must have non-empty label
checkRd: (5) VRanges-class.Rd:266-268: \item in \describe must have non-empty label
checkRd: (5) VRanges-class.Rd:269-281: \item in \describe must have non-empty label
checkRd: (5) VRanges-class.Rd:290-292: \item in \describe must have non-empty label
checkRd: (5) VRanges-class.Rd:293-295: \item in \describe must have non-empty label
checkRd: (5) VRanges-class.Rd:296-299: \item in \describe must have non-empty label
checkRd: (5) VRanges-class.Rd:300-303: \item in \describe must have non-empty label
checkRd: (5) VRanges-class.Rd:304-307: \item in \describe must have non-empty label
checkRd: (5) VRanges-class.Rd:308-310: \item in \describe must have non-empty label
checkRd: (5) VRanges-class.Rd:311-314: \item in \describe must have non-empty label
checkRd: (5) VRanges-class.Rd:315-319: \item in \describe must have non-empty label
checkRd: (5) VRanges-class.Rd:320-322: \item in \describe must have non-empty label
checkRd: (5) VRanges-class.Rd:323-326: \item in \describe must have non-empty label
checkRd: (5) VRanges-class.Rd:327-330: \item in \describe must have non-empty label
checkRd: (5) VRanges-class.Rd:336-339: \item in \describe must have non-empty label
checkRd: (5) VRanges-class.Rd:340-344: \item in \describe must have non-empty label
checkRd: (5) VRanges-class.Rd:345-349: \item in \describe must have non-empty label
checkRd: (5) VRanges-class.Rd:355-358: \item in \describe must have non-empty label
checkRd: (5) VRanges-class.Rd:359-372: \item in \describe must have non-empty label
checkRd: (5) VRangesList-class.Rd:35-38: \item in \describe must have non-empty label
checkRd: (5) VRangesList-class.Rd:44-47: \item in \describe must have non-empty label
checkRd: (5) VRangesList-class.Rd:48-52: \item in \describe must have non-empty label
checkRd: (5) VRangesList-class.Rd:58-62: \item in \describe must have non-empty label
checkRd: (5) VariantType-class.Rd:134-138: \item in \describe must have non-empty label
checkRd: (5) VariantType-class.Rd:139-143: \item in \describe must have non-empty label
checkRd: (5) VariantType-class.Rd:144-149: \item in \describe must have non-empty label
checkRd: (5) VariantType-class.Rd:150-154: \item in \describe must have non-empty label
checkRd: (5) VariantType-class.Rd:155-159: \item in \describe must have non-empty label
checkRd: (5) VcfFile-class.Rd:31-34: \item in \describe must have non-empty label
checkRd: (5) VcfFile-class.Rd:35-37: \item in \describe must have non-empty label
checkRd: (5) VcfFile-class.Rd:42-43: \item in \describe must have non-empty label
checkRd: (5) VcfFile-class.Rd:44-45: \item in \describe must have non-empty label
checkRd: (5) VcfFile-class.Rd:46-47: \item in \describe must have non-empty label
checkRd: (5) VcfFile-class.Rd:48-49: \item in \describe must have non-empty label
checkRd: (5) VcfFile-class.Rd:50-51: \item in \describe must have non-empty label
checkRd: (5) VcfFile-class.Rd:52-54: \item in \describe must have non-empty label
checkRd: (5) VcfFile-class.Rd:59-60: \item in \describe must have non-empty label
checkRd: (5) VcfFile-class.Rd:61-62: \item in \describe must have non-empty label
checkRd: (5) VcfFile-class.Rd:67-69: \item in \describe must have non-empty label
* checking Rd metadata ... OK
* checking Rd cross-references ... OK
* checking for missing documentation entries ... OK
* checking for code/documentation mismatches ... OK
* checking Rd \usage sections ... OK
* checking Rd contents ... OK
* checking for unstated dependencies in examples ... OK
* checking line endings in C/C++/Fortran sources/headers ... OK
* checking line endings in Makefiles ... OK
* checking compilation flags in Makevars ... OK
* checking for GNU extensions in Makefiles ... NOTE
GNU make is a SystemRequirements.
* checking for portable use of $(BLAS_LIBS) and $(LAPACK_LIBS) ... OK
* checking use of PKG_*FLAGS in Makefiles ... OK
* checking compiled code ... NOTE
Note: information on .o files for x64 is not available
File 'F:/biocbuild/bbs-3.17-bioc/R/library/VariantAnnotation/libs/x64/VariantAnnotation.dll':
Found '_assert', possibly from 'assert' (C)
Found '_exit', possibly from '_exit' (C)
Found 'abort', possibly from 'abort' (C), 'runtime' (Fortran)
Found 'exit', possibly from 'exit' (C), 'stop' (Fortran)
File 'VariantAnnotation/libs/x64/VariantAnnotation.dll':
Found non-API calls to R: 'R_GetConnection', 'R_WriteConnection'
Compiled code should not call entry points which might terminate R nor
write to stdout/stderr instead of to the console, nor use Fortran I/O
nor system RNGs nor [v]sprintf. The detected symbols are linked into
the code but might come from libraries and not actually be called.
Compiled code should not call non-API entry points in R.
See 'Writing portable packages' in the 'Writing R Extensions' manual.
* checking sizes of PDF files under 'inst/doc' ... OK
* checking files in 'vignettes' ... OK
* checking examples ... OK
Examples with CPU (user + system) or elapsed time > 5s
user system elapsed
locateVariants-methods 17.61 0.51 18.12
predictCoding-methods 13.98 0.33 14.31
summarizeVariants-methods 5.56 0.05 5.61
PROVEANDb-class 3.28 0.65 8.66
* checking for unstated dependencies in 'tests' ... OK
* checking tests ...
Running 'VariantAnnotation_unit_tests.R'
OK
* checking for unstated dependencies in vignettes ... OK
* checking package vignettes in 'inst/doc' ... OK
* checking running R code from vignettes ... SKIPPED
* checking re-building of vignette outputs ... SKIPPED
* checking PDF version of manual ... OK
* DONE
Status: 1 WARNING, 6 NOTEs
See
'F:/biocbuild/bbs-3.17-bioc-rtools43/meat/VariantAnnotation.Rcheck/00check.log'
for details.
VariantAnnotation.Rcheck/00install.out
############################################################################## ############################################################################## ### ### Running command: ### ### F:\biocbuild\bbs-3.17-bioc\R\bin\R.exe CMD INSTALL VariantAnnotation ### ############################################################################## ############################################################################## * installing to library 'F:/biocbuild/bbs-3.17-bioc/R/library' * installing *source* package 'VariantAnnotation' ... ** using staged installation ** libs using C compiler: 'gcc.exe (GCC) 12.2.0' gcc -I"F:/biocbuild/bbs-3.17-bioc/R/include" -DNDEBUG -D_FILE_OFFSET_BITS=64 -I'F:/biocbuild/bbs-3.17-bioc/R/library/S4Vectors/include' -I'F:/biocbuild/bbs-3.17-bioc/R/library/IRanges/include' -I'F:/biocbuild/bbs-3.17-bioc/R/library/XVector/include' -I'F:/biocbuild/bbs-3.17-bioc/R/library/Biostrings/include' -I'F:/biocbuild/bbs-3.17-bioc/R/library/Rhtslib/include' -I"c:/rtools42/x86_64-w64-mingw32.static.posix/include" -O2 -Wall -std=gnu99 -mfpmath=sse -msse2 -mstackrealign -c Biostrings_stubs.c -o Biostrings_stubs.o gcc -I"F:/biocbuild/bbs-3.17-bioc/R/include" -DNDEBUG -D_FILE_OFFSET_BITS=64 -I'F:/biocbuild/bbs-3.17-bioc/R/library/S4Vectors/include' -I'F:/biocbuild/bbs-3.17-bioc/R/library/IRanges/include' -I'F:/biocbuild/bbs-3.17-bioc/R/library/XVector/include' -I'F:/biocbuild/bbs-3.17-bioc/R/library/Biostrings/include' -I'F:/biocbuild/bbs-3.17-bioc/R/library/Rhtslib/include' -I"c:/rtools42/x86_64-w64-mingw32.static.posix/include" -O2 -Wall -std=gnu99 -mfpmath=sse -msse2 -mstackrealign -c IRanges_stubs.c -o IRanges_stubs.o gcc -I"F:/biocbuild/bbs-3.17-bioc/R/include" -DNDEBUG -D_FILE_OFFSET_BITS=64 -I'F:/biocbuild/bbs-3.17-bioc/R/library/S4Vectors/include' -I'F:/biocbuild/bbs-3.17-bioc/R/library/IRanges/include' -I'F:/biocbuild/bbs-3.17-bioc/R/library/XVector/include' -I'F:/biocbuild/bbs-3.17-bioc/R/library/Biostrings/include' -I'F:/biocbuild/bbs-3.17-bioc/R/library/Rhtslib/include' -I"c:/rtools42/x86_64-w64-mingw32.static.posix/include" -O2 -Wall -std=gnu99 -mfpmath=sse -msse2 -mstackrealign -c R_init_VariantAnnotation.c -o R_init_VariantAnnotation.o gcc -I"F:/biocbuild/bbs-3.17-bioc/R/include" -DNDEBUG -D_FILE_OFFSET_BITS=64 -I'F:/biocbuild/bbs-3.17-bioc/R/library/S4Vectors/include' -I'F:/biocbuild/bbs-3.17-bioc/R/library/IRanges/include' -I'F:/biocbuild/bbs-3.17-bioc/R/library/XVector/include' -I'F:/biocbuild/bbs-3.17-bioc/R/library/Biostrings/include' -I'F:/biocbuild/bbs-3.17-bioc/R/library/Rhtslib/include' -I"c:/rtools42/x86_64-w64-mingw32.static.posix/include" -O2 -Wall -std=gnu99 -mfpmath=sse -msse2 -mstackrealign -c XVector_stubs.c -o XVector_stubs.o gcc -I"F:/biocbuild/bbs-3.17-bioc/R/include" -DNDEBUG -D_FILE_OFFSET_BITS=64 -I'F:/biocbuild/bbs-3.17-bioc/R/library/S4Vectors/include' -I'F:/biocbuild/bbs-3.17-bioc/R/library/IRanges/include' -I'F:/biocbuild/bbs-3.17-bioc/R/library/XVector/include' -I'F:/biocbuild/bbs-3.17-bioc/R/library/Biostrings/include' -I'F:/biocbuild/bbs-3.17-bioc/R/library/Rhtslib/include' -I"c:/rtools42/x86_64-w64-mingw32.static.posix/include" -O2 -Wall -std=gnu99 -mfpmath=sse -msse2 -mstackrealign -c dna_hash.c -o dna_hash.o gcc -I"F:/biocbuild/bbs-3.17-bioc/R/include" -DNDEBUG -D_FILE_OFFSET_BITS=64 -I'F:/biocbuild/bbs-3.17-bioc/R/library/S4Vectors/include' -I'F:/biocbuild/bbs-3.17-bioc/R/library/IRanges/include' -I'F:/biocbuild/bbs-3.17-bioc/R/library/XVector/include' -I'F:/biocbuild/bbs-3.17-bioc/R/library/Biostrings/include' -I'F:/biocbuild/bbs-3.17-bioc/R/library/Rhtslib/include' -I"c:/rtools42/x86_64-w64-mingw32.static.posix/include" -O2 -Wall -std=gnu99 -mfpmath=sse -msse2 -mstackrealign -c rle.c -o rle.o gcc -I"F:/biocbuild/bbs-3.17-bioc/R/include" -DNDEBUG -D_FILE_OFFSET_BITS=64 -I'F:/biocbuild/bbs-3.17-bioc/R/library/S4Vectors/include' -I'F:/biocbuild/bbs-3.17-bioc/R/library/IRanges/include' -I'F:/biocbuild/bbs-3.17-bioc/R/library/XVector/include' -I'F:/biocbuild/bbs-3.17-bioc/R/library/Biostrings/include' -I'F:/biocbuild/bbs-3.17-bioc/R/library/Rhtslib/include' -I"c:/rtools42/x86_64-w64-mingw32.static.posix/include" -O2 -Wall -std=gnu99 -mfpmath=sse -msse2 -mstackrealign -c strhash.c -o strhash.o gcc -I"F:/biocbuild/bbs-3.17-bioc/R/include" -DNDEBUG -D_FILE_OFFSET_BITS=64 -I'F:/biocbuild/bbs-3.17-bioc/R/library/S4Vectors/include' -I'F:/biocbuild/bbs-3.17-bioc/R/library/IRanges/include' -I'F:/biocbuild/bbs-3.17-bioc/R/library/XVector/include' -I'F:/biocbuild/bbs-3.17-bioc/R/library/Biostrings/include' -I'F:/biocbuild/bbs-3.17-bioc/R/library/Rhtslib/include' -I"c:/rtools42/x86_64-w64-mingw32.static.posix/include" -O2 -Wall -std=gnu99 -mfpmath=sse -msse2 -mstackrealign -c utilities.c -o utilities.o gcc -I"F:/biocbuild/bbs-3.17-bioc/R/include" -DNDEBUG -D_FILE_OFFSET_BITS=64 -I'F:/biocbuild/bbs-3.17-bioc/R/library/S4Vectors/include' -I'F:/biocbuild/bbs-3.17-bioc/R/library/IRanges/include' -I'F:/biocbuild/bbs-3.17-bioc/R/library/XVector/include' -I'F:/biocbuild/bbs-3.17-bioc/R/library/Biostrings/include' -I'F:/biocbuild/bbs-3.17-bioc/R/library/Rhtslib/include' -I"c:/rtools42/x86_64-w64-mingw32.static.posix/include" -O2 -Wall -std=gnu99 -mfpmath=sse -msse2 -mstackrealign -c vcffile.c -o vcffile.o gcc -I"F:/biocbuild/bbs-3.17-bioc/R/include" -DNDEBUG -D_FILE_OFFSET_BITS=64 -I'F:/biocbuild/bbs-3.17-bioc/R/library/S4Vectors/include' -I'F:/biocbuild/bbs-3.17-bioc/R/library/IRanges/include' -I'F:/biocbuild/bbs-3.17-bioc/R/library/XVector/include' -I'F:/biocbuild/bbs-3.17-bioc/R/library/Biostrings/include' -I'F:/biocbuild/bbs-3.17-bioc/R/library/Rhtslib/include' -I"c:/rtools42/x86_64-w64-mingw32.static.posix/include" -O2 -Wall -std=gnu99 -mfpmath=sse -msse2 -mstackrealign -c vcftype.c -o vcftype.o gcc -I"F:/biocbuild/bbs-3.17-bioc/R/include" -DNDEBUG -D_FILE_OFFSET_BITS=64 -I'F:/biocbuild/bbs-3.17-bioc/R/library/S4Vectors/include' -I'F:/biocbuild/bbs-3.17-bioc/R/library/IRanges/include' -I'F:/biocbuild/bbs-3.17-bioc/R/library/XVector/include' -I'F:/biocbuild/bbs-3.17-bioc/R/library/Biostrings/include' -I'F:/biocbuild/bbs-3.17-bioc/R/library/Rhtslib/include' -I"c:/rtools42/x86_64-w64-mingw32.static.posix/include" -O2 -Wall -std=gnu99 -mfpmath=sse -msse2 -mstackrealign -c writevcf.c -o writevcf.o gcc -shared -s -static-libgcc -o VariantAnnotation.dll tmp.def Biostrings_stubs.o IRanges_stubs.o R_init_VariantAnnotation.o XVector_stubs.o dna_hash.o rle.o strhash.o utilities.o vcffile.o vcftype.o writevcf.o F:/biocbuild/bbs-3.17-bioc/R/library/Rhtslib/usrlib/x64/libhts.a -lz -lm -lbz2 -llzma -lcurl -lidn2 -lunistring -liconv -lssl -lcrypto -lcrypt32 -lwsock32 -lwldap32 -lssh2 -lgcrypt -lgpg-error -lws2_32 -lzstd -lregex -Lc:/rtools42/x86_64-w64-mingw32.static.posix/lib/x64 -Lc:/rtools42/x86_64-w64-mingw32.static.posix/lib -LF:/biocbuild/bbs-3.17-bioc/R/bin/x64 -lR installing to F:/biocbuild/bbs-3.17-bioc/R/library/00LOCK-VariantAnnotation/00new/VariantAnnotation/libs/x64 ** R ** inst ** byte-compile and prepare package for lazy loading Creating a new generic function for 'tabulate' in package 'VariantAnnotation' ** help *** installing help indices ** building package indices ** installing vignettes ** testing if installed package can be loaded from temporary location ** testing if installed package can be loaded from final location ** testing if installed package keeps a record of temporary installation path * DONE (VariantAnnotation)
VariantAnnotation.Rcheck/tests/VariantAnnotation_unit_tests.Rout
R Under development (unstable) (2022-12-25 r83502 ucrt) -- "Unsuffered Consequences"
Copyright (C) 2022 The R Foundation for Statistical Computing
Platform: x86_64-w64-mingw32/x64 (64-bit)
R is free software and comes with ABSOLUTELY NO WARRANTY.
You are welcome to redistribute it under certain conditions.
Type 'license()' or 'licence()' for distribution details.
R is a collaborative project with many contributors.
Type 'contributors()' for more information and
'citation()' on how to cite R or R packages in publications.
Type 'demo()' for some demos, 'help()' for on-line help, or
'help.start()' for an HTML browser interface to help.
Type 'q()' to quit R.
> require("VariantAnnotation") || stop("unable to load VariantAnnotation package")
Loading required package: VariantAnnotation
Loading required package: BiocGenerics
Attaching package: 'BiocGenerics'
The following objects are masked from 'package:stats':
IQR, mad, sd, var, xtabs
The following objects are masked from 'package:base':
Filter, Find, Map, Position, Reduce, anyDuplicated, aperm, append,
as.data.frame, basename, cbind, colnames, dirname, do.call,
duplicated, eval, evalq, get, grep, grepl, intersect, is.unsorted,
lapply, mapply, match, mget, order, paste, pmax, pmax.int, pmin,
pmin.int, rank, rbind, rownames, sapply, setdiff, sort, table,
tapply, union, unique, unsplit, which.max, which.min
Loading required package: MatrixGenerics
Loading required package: matrixStats
Attaching package: 'MatrixGenerics'
The following objects are masked from 'package:matrixStats':
colAlls, colAnyNAs, colAnys, colAvgsPerRowSet, colCollapse,
colCounts, colCummaxs, colCummins, colCumprods, colCumsums,
colDiffs, colIQRDiffs, colIQRs, colLogSumExps, colMadDiffs,
colMads, colMaxs, colMeans2, colMedians, colMins, colOrderStats,
colProds, colQuantiles, colRanges, colRanks, colSdDiffs, colSds,
colSums2, colTabulates, colVarDiffs, colVars, colWeightedMads,
colWeightedMeans, colWeightedMedians, colWeightedSds,
colWeightedVars, rowAlls, rowAnyNAs, rowAnys, rowAvgsPerColSet,
rowCollapse, rowCounts, rowCummaxs, rowCummins, rowCumprods,
rowCumsums, rowDiffs, rowIQRDiffs, rowIQRs, rowLogSumExps,
rowMadDiffs, rowMads, rowMaxs, rowMeans2, rowMedians, rowMins,
rowOrderStats, rowProds, rowQuantiles, rowRanges, rowRanks,
rowSdDiffs, rowSds, rowSums2, rowTabulates, rowVarDiffs, rowVars,
rowWeightedMads, rowWeightedMeans, rowWeightedMedians,
rowWeightedSds, rowWeightedVars
Loading required package: GenomeInfoDb
Loading required package: S4Vectors
Loading required package: stats4
Attaching package: 'S4Vectors'
The following objects are masked from 'package:base':
I, expand.grid, unname
Loading required package: IRanges
Attaching package: 'IRanges'
The following object is masked from 'package:grDevices':
windows
Loading required package: GenomicRanges
Loading required package: SummarizedExperiment
Loading required package: Biobase
Welcome to Bioconductor
Vignettes contain introductory material; view with
'browseVignettes()'. To cite Bioconductor, see
'citation("Biobase")', and for packages 'citation("pkgname")'.
Attaching package: 'Biobase'
The following object is masked from 'package:MatrixGenerics':
rowMedians
The following objects are masked from 'package:matrixStats':
anyMissing, rowMedians
Loading required package: Rsamtools
Loading required package: Biostrings
Loading required package: XVector
Attaching package: 'Biostrings'
The following object is masked from 'package:base':
strsplit
Attaching package: 'VariantAnnotation'
The following object is masked from 'package:base':
tabulate
[1] TRUE
> VariantAnnotation:::.test()
Loading required package: RSQLite
[W::tbx_parse1] VCF INFO/END=2827680 is smaller than POS at 1:2827692
This tag will be ignored. Note: only one invalid END tag will be reported.
[W::bcf_hdr_register_hrec] The definition of Flag "INFO/TS" is invalid, forcing Number=0
[W::bcf_hdr_register_hrec] The definition of Flag "INFO/TS" is invalid, forcing Number=0
starting prefilter
prefiltering 10376 records
prefiltered to F:\biocbuild\bbs-3.17-bioc-rtools43\tmpdir\RtmpeInM0Z\file1d2e42a5347c6
compressing and indexing 'F:\biocbuild\bbs-3.17-bioc-rtools43\tmpdir\RtmpeInM0Z\file1d2e42a5347c6'
starting filter
filtering 10376 records
completed filtering
compressing and indexing 'F:\biocbuild\bbs-3.17-bioc-rtools43\tmpdir\RtmpeInM0Z\file1d2e416e7644e'
Loading required package: survival
Loading required package: Matrix
Attaching package: 'Matrix'
The following object is masked from 'package:VariantAnnotation':
expand
The following object is masked from 'package:S4Vectors':
expand
[W::bcf_hdr_check_sanity] GL should be declared as Number=G
non-single nucleotide variations are set to NA
non-single nucleotide variations are set to NA
non-single nucleotide variations are set to NA
non-single nucleotide variations are set to NA
non-single nucleotide variations are set to NA
non-single nucleotide variations are set to NA
Loading required package: GenomicFeatures
Loading required package: AnnotationDbi
'select()' returned 1:1 mapping between keys and columns
Loading required package: BSgenome
Loading required package: rtracklayer
'select()' returned many:1 mapping between keys and columns
[W::bcf_hdr_check_sanity] PL should be declared as Number=G
RUNIT TEST PROTOCOL -- Thu Dec 29 04:33:41 2022
***********************************************
Number of test functions: 100
Number of errors: 0
Number of failures: 0
1 Test Suite :
VariantAnnotation RUnit Tests - 100 test functions, 0 errors, 0 failures
Number of test functions: 100
Number of errors: 0
Number of failures: 0
Warning messages:
1: info fields with no header: noMatch
2: In .bcfHeaderAsSimpleList(header) :
duplicate keys in header will be forced to unique rownames
3: In DataFrame(..., check.names = FALSE) : NAs introduced by coercion
4: In valid.GenomicRanges.seqinfo(x, suggest.trim = TRUE) :
GRanges object contains 7 out-of-bound ranges located on sequence
70477. Note that ranges located on a sequence whose length is unknown
(NA) or on a circular sequence are not considered out-of-bound (use
seqlengths() and isCircular() to get the lengths and circularity flags
of the underlying sequences). You can use trim() to trim these ranges.
See ?`trim,GenomicRanges-method` for more information.
5: In valid.GenomicRanges.seqinfo(x, suggest.trim = TRUE) :
GRanges object contains 6 out-of-bound ranges located on sequence
70477. Note that ranges located on a sequence whose length is unknown
(NA) or on a circular sequence are not considered out-of-bound (use
seqlengths() and isCircular() to get the lengths and circularity flags
of the underlying sequences). You can use trim() to trim these ranges.
See ?`trim,GenomicRanges-method` for more information.
>
> proc.time()
user system elapsed
92.20 3.00 96.06
VariantAnnotation.Rcheck/VariantAnnotation-Ex.timings
| name | user | system | elapsed | |
| GLtoGP | 1.39 | 0.17 | 1.56 | |
| PROVEANDb-class | 3.28 | 0.65 | 8.66 | |
| PolyPhenDb-class | 1.53 | 0.18 | 2.11 | |
| SIFTDb-class | 0 | 0 | 0 | |
| ScanVcfParam-class | 0.93 | 0.02 | 0.95 | |
| VCF-class | 1.31 | 0.03 | 1.34 | |
| VCFHeader-class | 0.08 | 0.00 | 0.08 | |
| VRanges-class | 0.34 | 0.03 | 0.38 | |
| VRangesList-class | 0.41 | 0.00 | 0.40 | |
| VariantType-class | 0 | 0 | 0 | |
| VcfFile-class | 0.50 | 0.01 | 0.51 | |
| filterVcf-methods | 2.18 | 0.24 | 3.46 | |
| genotypeToSnpMatrix-methods | 1.61 | 0.04 | 1.65 | |
| getTranscriptSeqs-methods | 0 | 0 | 0 | |
| indexVcf-method | 0.02 | 0.00 | 0.02 | |
| isSNV-methods | 0.67 | 0.02 | 0.69 | |
| locateVariants-methods | 17.61 | 0.51 | 18.12 | |
| predictCoding-methods | 13.98 | 0.33 | 14.31 | |
| probabilityToSnpMatrix | 0 | 0 | 0 | |
| readVcf-methods | 2.79 | 0.13 | 2.91 | |
| scanVcf-methods | 0.21 | 0.01 | 0.23 | |
| seqinfo-method | 0.07 | 0.00 | 0.07 | |
| snpSummary | 0.23 | 0.02 | 0.25 | |
| summarizeVariants-methods | 5.56 | 0.05 | 5.61 | |
| writeVcf-methods | 1.46 | 0.03 | 1.48 | |