| Back to Build/check report for BioC 3.17 |
|
This page was generated on 2023-01-02 09:00:55 -0500 (Mon, 02 Jan 2023).
| Hostname | OS | Arch (*) | R version | Installed pkgs |
|---|---|---|---|---|
| palomino5 | Windows Server 2022 Datacenter | x64 | R Under development (unstable) (2022-12-25 r83502 ucrt) -- "Unsuffered Consequences" | 4165 |
| Click on any hostname to see more info about the system (e.g. compilers) (*) as reported by 'uname -p', except on Windows and Mac OS X | ||||
|
To the developers/maintainers of the TRESS package: Make sure to use the following settings in order to reproduce any error or warning you see on this page. |
| Package 2071/2158 | Hostname | OS / Arch | INSTALL | BUILD | CHECK | BUILD BIN | ||||||||
| TRESS 1.5.0 (landing page) Zhenxing Guo
| palomino5 | Windows Server 2022 Datacenter / x64 | OK | ERROR | skipped | skipped | ||||||||
| Package: TRESS |
| Version: 1.5.0 |
| Command: chmod a+r TRESS -R && F:\biocbuild\bbs-3.17-bioc\R\bin\R.exe CMD build --keep-empty-dirs --no-resave-data TRESS |
| StartedAt: 2022-12-28 21:03:07 -0500 (Wed, 28 Dec 2022) |
| EndedAt: 2022-12-28 21:03:50 -0500 (Wed, 28 Dec 2022) |
| EllapsedTime: 43.7 seconds |
| RetCode: 1 |
| Status: ERROR |
| PackageFile: None |
| PackageFileSize: NA |
############################################################################## ############################################################################## ### ### Running command: ### ### chmod a+r TRESS -R && F:\biocbuild\bbs-3.17-bioc\R\bin\R.exe CMD build --keep-empty-dirs --no-resave-data TRESS ### ############################################################################## ############################################################################## * checking for file 'TRESS/DESCRIPTION' ... OK * preparing 'TRESS': * checking DESCRIPTION meta-information ... OK * installing the package to build vignettes * creating vignettes ... ERROR --- re-building 'TRESS.Rmd' using rmarkdown Quitting from lines 746-757 (TRESS.Rmd) Error: processing vignette 'TRESS.Rmd' failed with diagnostics: 'mc.cores' > 1 is not supported on Windows --- failed re-building 'TRESS.Rmd' SUMMARY: processing the following file failed: 'TRESS.Rmd' Error: Vignette re-building failed. Execution halted