| Back to Build/check report for BioC 3.17 |
|
This page was generated on 2023-01-02 09:00:52 -0500 (Mon, 02 Jan 2023).
| Hostname | OS | Arch (*) | R version | Installed pkgs |
|---|---|---|---|---|
| palomino5 | Windows Server 2022 Datacenter | x64 | R Under development (unstable) (2022-12-25 r83502 ucrt) -- "Unsuffered Consequences" | 4165 |
| Click on any hostname to see more info about the system (e.g. compilers) (*) as reported by 'uname -p', except on Windows and Mac OS X | ||||
|
To the developers/maintainers of the SQLDataFrame package: Make sure to use the following settings in order to reproduce any error or warning you see on this page. |
| Package 1937/2158 | Hostname | OS / Arch | INSTALL | BUILD | CHECK | BUILD BIN | ||||||||
| SQLDataFrame 1.13.0 (landing page) Qian Liu
| palomino5 | Windows Server 2022 Datacenter / x64 | OK | OK | WARNINGS | OK | ||||||||
| Package: SQLDataFrame |
| Version: 1.13.0 |
| Command: F:\biocbuild\bbs-3.17-bioc\R\bin\R.exe CMD check --no-multiarch --install=check:SQLDataFrame.install-out.txt --library=F:\biocbuild\bbs-3.17-bioc\R\library --no-vignettes --timings SQLDataFrame_1.13.0.tar.gz |
| StartedAt: 2022-12-29 03:54:50 -0500 (Thu, 29 Dec 2022) |
| EndedAt: 2022-12-29 03:56:18 -0500 (Thu, 29 Dec 2022) |
| EllapsedTime: 87.2 seconds |
| RetCode: 0 |
| Status: WARNINGS |
| CheckDir: SQLDataFrame.Rcheck |
| Warnings: 2 |
##############################################################################
##############################################################################
###
### Running command:
###
### F:\biocbuild\bbs-3.17-bioc\R\bin\R.exe CMD check --no-multiarch --install=check:SQLDataFrame.install-out.txt --library=F:\biocbuild\bbs-3.17-bioc\R\library --no-vignettes --timings SQLDataFrame_1.13.0.tar.gz
###
##############################################################################
##############################################################################
* using log directory 'F:/biocbuild/bbs-3.17-bioc-rtools43/meat/SQLDataFrame.Rcheck'
* using R Under development (unstable) (2022-12-25 r83502 ucrt)
* using platform: x86_64-w64-mingw32 (64-bit)
* R was compiled by
gcc.exe (GCC) 10.4.0
GNU Fortran (GCC) 10.4.0
* running under: Windows Server x64 (build 20348)
* using session charset: UTF-8
* using option '--no-vignettes'
* checking for file 'SQLDataFrame/DESCRIPTION' ... OK
* this is package 'SQLDataFrame' version '1.13.0'
* package encoding: UTF-8
* checking package namespace information ... OK
* checking package dependencies ... OK
* checking if this is a source package ... OK
* checking if there is a namespace ... OK
* checking for hidden files and directories ... OK
* checking for portable file names ... OK
* checking whether package 'SQLDataFrame' can be installed ... OK
* checking installed package size ... OK
* checking package directory ... OK
* checking 'build' directory ... OK
* checking DESCRIPTION meta-information ... OK
* checking top-level files ... OK
* checking for left-over files ... OK
* checking index information ... OK
* checking package subdirectories ... OK
* checking R files for non-ASCII characters ... OK
* checking R files for syntax errors ... OK
* checking whether the package can be loaded ... OK
* checking whether the package can be loaded with stated dependencies ... OK
* checking whether the package can be unloaded cleanly ... OK
* checking whether the namespace can be loaded with stated dependencies ... OK
* checking whether the namespace can be unloaded cleanly ... OK
* checking dependencies in R code ... WARNING
'::' or ':::' import not declared from: 'tidyselect'
Missing object imported by a ':::' call: 'dbplyr:::db_create_indexes.DBIConnection'
Unexported objects imported by ':::' calls:
'BiocGenerics:::replaceSlots' 'dbplyr:::anti_join.tbl_lazy'
'dbplyr:::db_create_index.DBIConnection'
'dbplyr:::inner_join.tbl_lazy' 'dbplyr:::left_join.tbl_lazy'
'dbplyr:::semi_join.tbl_lazy' 'dbplyr:::sqlite_version'
'dbplyr:::union.tbl_lazy' 'dplyr:::random_table_name'
See the note in ?`:::` about the use of this operator.
* checking S3 generic/method consistency ... OK
* checking replacement functions ... OK
* checking foreign function calls ... OK
* checking R code for possible problems ... NOTE
.doCompatibleFunction: no visible binding for global variable 'cons'
.extract_tbl_rows_by_key: no visible binding for global variable
'SurrogateKey'
.extract_tbl_rows_by_key: no visible binding for global variable
'concatKeys'
.union_SQLDataFrame_sqlite: no visible binding for global variable
'localConn'
SQLDataFrame: no visible binding for global variable 'cons'
filter.SQLDataFrame: no visible binding for global variable
'SurrogateKey'
filter.SQLDataFrame: no visible binding for global variable 'concat'
Undefined global functions or variables:
SurrogateKey concat concatKeys cons localConn
* checking Rd files ... OK
* checking Rd metadata ... OK
* checking Rd cross-references ... OK
* checking for missing documentation entries ... WARNING
Undocumented S4 methods:
generic 'dimnames<-' and siglist 'SQLDataFrame'
All user-level objects in a package (including S4 classes and methods)
should have documentation entries.
See chapter 'Writing R documentation files' in the 'Writing R
Extensions' manual.
* checking for code/documentation mismatches ... OK
* checking Rd \usage sections ... OK
* checking Rd contents ... OK
* checking for unstated dependencies in examples ... OK
* checking files in 'vignettes' ... OK
* checking examples ... OK
* checking for unstated dependencies in 'tests' ... OK
* checking tests ...
Running 'testthat.R'
OK
* checking for unstated dependencies in vignettes ... OK
* checking package vignettes in 'inst/doc' ... OK
* checking running R code from vignettes ... SKIPPED
* checking re-building of vignette outputs ... SKIPPED
* checking PDF version of manual ... OK
* DONE
Status: 2 WARNINGs, 1 NOTE
See
'F:/biocbuild/bbs-3.17-bioc-rtools43/meat/SQLDataFrame.Rcheck/00check.log'
for details.
SQLDataFrame.Rcheck/00install.out
############################################################################## ############################################################################## ### ### Running command: ### ### F:\biocbuild\bbs-3.17-bioc\R\bin\R.exe CMD INSTALL SQLDataFrame ### ############################################################################## ############################################################################## * installing to library 'F:/biocbuild/bbs-3.17-bioc/R/library' * installing *source* package 'SQLDataFrame' ... ** using staged installation ** R ** inst ** byte-compile and prepare package for lazy loading ** help *** installing help indices ** building package indices ** installing vignettes ** testing if installed package can be loaded from temporary location ** testing if installed package can be loaded from final location ** testing if installed package keeps a record of temporary installation path * DONE (SQLDataFrame)
SQLDataFrame.Rcheck/tests/testthat.Rout
R Under development (unstable) (2022-12-25 r83502 ucrt) -- "Unsuffered Consequences"
Copyright (C) 2022 The R Foundation for Statistical Computing
Platform: x86_64-w64-mingw32/x64 (64-bit)
R is free software and comes with ABSOLUTELY NO WARRANTY.
You are welcome to redistribute it under certain conditions.
Type 'license()' or 'licence()' for distribution details.
R is a collaborative project with many contributors.
Type 'contributors()' for more information and
'citation()' on how to cite R or R packages in publications.
Type 'demo()' for some demos, 'help()' for on-line help, or
'help.start()' for an HTML browser interface to help.
Type 'q()' to quit R.
> library(testthat)
> library(SQLDataFrame)
Loading required package: dplyr
Attaching package: 'dplyr'
The following object is masked from 'package:testthat':
matches
The following objects are masked from 'package:stats':
filter, lag
The following objects are masked from 'package:base':
intersect, setdiff, setequal, union
Loading required package: dbplyr
Attaching package: 'dbplyr'
The following objects are masked from 'package:dplyr':
ident, sql
Loading required package: S4Vectors
Loading required package: stats4
Loading required package: BiocGenerics
Attaching package: 'BiocGenerics'
The following objects are masked from 'package:dplyr':
combine, intersect, setdiff, union
The following objects are masked from 'package:stats':
IQR, mad, sd, var, xtabs
The following objects are masked from 'package:base':
Filter, Find, Map, Position, Reduce, anyDuplicated, aperm, append,
as.data.frame, basename, cbind, colnames, dirname, do.call,
duplicated, eval, evalq, get, grep, grepl, intersect, is.unsorted,
lapply, mapply, match, mget, order, paste, pmax, pmax.int, pmin,
pmin.int, rank, rbind, rownames, sapply, setdiff, sort, table,
tapply, union, unique, unsplit, which.max, which.min
Attaching package: 'S4Vectors'
The following objects are masked from 'package:dplyr':
first, rename
The following objects are masked from 'package:base':
I, expand.grid, unname
>
> test_check("SQLDataFrame")
[ FAIL 0 | WARN 1 | SKIP 0 | PASS 174 ]
[ FAIL 0 | WARN 1 | SKIP 0 | PASS 174 ]
Warning message:
call dbDisconnect() when finished working with a connection
>
> proc.time()
user system elapsed
19.79 0.78 20.59
SQLDataFrame.Rcheck/SQLDataFrame-Ex.timings
| name | user | system | elapsed | |
| SQLDataFrame-class | 0.97 | 0.03 | 1.00 | |
| SQLDataFrame-methods | 4.84 | 0.01 | 4.86 | |
| joinSQLDataFrame | 3.24 | 0.06 | 3.30 | |
| makeSQLDataFrame | 0.69 | 0.02 | 0.70 | |
| rbindSQLDataFrame | 1.25 | 0.03 | 1.28 | |
| saveSQLDataFrame | 0.29 | 0.00 | 0.30 | |
| unionSQLDataFrame | 0.66 | 0.00 | 0.65 | |