| Back to Build/check report for BioC 3.17 |
|
This page was generated on 2023-01-02 09:00:44 -0500 (Mon, 02 Jan 2023).
| Hostname | OS | Arch (*) | R version | Installed pkgs |
|---|---|---|---|---|
| palomino5 | Windows Server 2022 Datacenter | x64 | R Under development (unstable) (2022-12-25 r83502 ucrt) -- "Unsuffered Consequences" | 4165 |
| Click on any hostname to see more info about the system (e.g. compilers) (*) as reported by 'uname -p', except on Windows and Mac OS X | ||||
|
To the developers/maintainers of the PrecisionTrialDrawer package: Make sure to use the following settings in order to reproduce any error or warning you see on this page. |
| Package 1501/2158 | Hostname | OS / Arch | INSTALL | BUILD | CHECK | BUILD BIN | ||||||||
| PrecisionTrialDrawer 1.15.0 (landing page) Giorgio Melloni
| palomino5 | Windows Server 2022 Datacenter / x64 | OK | ERROR | skipped | skipped | ||||||||
| Package: PrecisionTrialDrawer |
| Version: 1.15.0 |
| Command: chmod a+r PrecisionTrialDrawer -R && F:\biocbuild\bbs-3.17-bioc\R\bin\R.exe CMD build --keep-empty-dirs --no-resave-data PrecisionTrialDrawer |
| StartedAt: 2022-12-28 19:51:28 -0500 (Wed, 28 Dec 2022) |
| EndedAt: 2022-12-28 19:52:58 -0500 (Wed, 28 Dec 2022) |
| EllapsedTime: 90.6 seconds |
| RetCode: 1 |
| Status: ERROR |
| PackageFile: None |
| PackageFileSize: NA |
############################################################################## ############################################################################## ### ### Running command: ### ### chmod a+r PrecisionTrialDrawer -R && F:\biocbuild\bbs-3.17-bioc\R\bin\R.exe CMD build --keep-empty-dirs --no-resave-data PrecisionTrialDrawer ### ############################################################################## ############################################################################## * checking for file 'PrecisionTrialDrawer/DESCRIPTION' ... OK * preparing 'PrecisionTrialDrawer': * checking DESCRIPTION meta-information ... OK * installing the package to build vignettes * creating vignettes ... ERROR --- re-building 'PrecisionTrialDrawer.Rmd' using rmarkdown Quitting from lines 298-306 (PrecisionTrialDrawer.Rmd) Error: processing vignette 'PrecisionTrialDrawer.Rmd' failed with diagnostics: argument is of length zero --- failed re-building 'PrecisionTrialDrawer.Rmd' SUMMARY: processing the following file failed: 'PrecisionTrialDrawer.Rmd' Error: Vignette re-building failed. Execution halted