| Back to Build/check report for BioC 3.17 |
|
This page was generated on 2023-01-02 09:00:39 -0500 (Mon, 02 Jan 2023).
| Hostname | OS | Arch (*) | R version | Installed pkgs |
|---|---|---|---|---|
| palomino5 | Windows Server 2022 Datacenter | x64 | R Under development (unstable) (2022-12-25 r83502 ucrt) -- "Unsuffered Consequences" | 4165 |
| Click on any hostname to see more info about the system (e.g. compilers) (*) as reported by 'uname -p', except on Windows and Mac OS X | ||||
|
To the developers/maintainers of the MMDiff2 package: Make sure to use the following settings in order to reproduce any error or warning you see on this page. |
| Package 1219/2158 | Hostname | OS / Arch | INSTALL | BUILD | CHECK | BUILD BIN | ||||||||
| MMDiff2 1.27.0 (landing page) Gabriele Schweikert
| palomino5 | Windows Server 2022 Datacenter / x64 | OK | OK | WARNINGS | OK | ||||||||
| Package: MMDiff2 |
| Version: 1.27.0 |
| Command: F:\biocbuild\bbs-3.17-bioc\R\bin\R.exe CMD check --no-multiarch --install=check:MMDiff2.install-out.txt --library=F:\biocbuild\bbs-3.17-bioc\R\library --no-vignettes --timings MMDiff2_1.27.0.tar.gz |
| StartedAt: 2022-12-29 01:28:59 -0500 (Thu, 29 Dec 2022) |
| EndedAt: 2022-12-29 01:32:54 -0500 (Thu, 29 Dec 2022) |
| EllapsedTime: 234.6 seconds |
| RetCode: 0 |
| Status: WARNINGS |
| CheckDir: MMDiff2.Rcheck |
| Warnings: 1 |
##############################################################################
##############################################################################
###
### Running command:
###
### F:\biocbuild\bbs-3.17-bioc\R\bin\R.exe CMD check --no-multiarch --install=check:MMDiff2.install-out.txt --library=F:\biocbuild\bbs-3.17-bioc\R\library --no-vignettes --timings MMDiff2_1.27.0.tar.gz
###
##############################################################################
##############################################################################
* using log directory 'F:/biocbuild/bbs-3.17-bioc-rtools43/meat/MMDiff2.Rcheck'
* using R Under development (unstable) (2022-12-25 r83502 ucrt)
* using platform: x86_64-w64-mingw32 (64-bit)
* R was compiled by
gcc.exe (GCC) 10.4.0
GNU Fortran (GCC) 10.4.0
* running under: Windows Server x64 (build 20348)
* using session charset: UTF-8
* using option '--no-vignettes'
* checking for file 'MMDiff2/DESCRIPTION' ... OK
* checking extension type ... Package
* this is package 'MMDiff2' version '1.27.0'
* checking package namespace information ... OK
* checking package dependencies ... OK
* checking if this is a source package ... OK
* checking if there is a namespace ... OK
* checking for hidden files and directories ... OK
* checking for portable file names ... OK
* checking whether package 'MMDiff2' can be installed ... WARNING
Found the following significant warnings:
Warning: replacing previous import 'GenomicRanges::windows' by 'grDevices::windows' when loading 'MMDiff2'
See 'F:/biocbuild/bbs-3.17-bioc-rtools43/meat/MMDiff2.Rcheck/00install.out' for details.
* checking installed package size ... OK
* checking package directory ... OK
* checking 'build' directory ... OK
* checking DESCRIPTION meta-information ... OK
* checking top-level files ... OK
* checking for left-over files ... OK
* checking index information ... OK
* checking package subdirectories ... OK
* checking R files for non-ASCII characters ... OK
* checking R files for syntax errors ... OK
* checking whether the package can be loaded ... OK
* checking whether the package can be loaded with stated dependencies ... OK
* checking whether the package can be unloaded cleanly ... OK
* checking whether the namespace can be loaded with stated dependencies ... OK
* checking whether the namespace can be unloaded cleanly ... OK
* checking dependencies in R code ... NOTE
Namespace in Imports field not imported from: 'methods'
All declared Imports should be used.
* checking S3 generic/method consistency ... OK
* checking replacement functions ... OK
* checking foreign function calls ... OK
* checking R code for possible problems ... NOTE
DBAmmd: no visible global function definition for 'new'
getReads: no visible global function definition for 'IRangesList'
Undefined global functions or variables:
IRangesList new
Consider adding
importFrom("methods", "new")
to your NAMESPACE file (and ensure that your DESCRIPTION Imports field
contains 'methods').
* checking Rd files ... OK
* checking Rd metadata ... OK
* checking Rd cross-references ... OK
* checking for missing documentation entries ... OK
* checking for code/documentation mismatches ... OK
* checking Rd \usage sections ... OK
* checking Rd contents ... OK
* checking for unstated dependencies in examples ... OK
* checking contents of 'data' directory ... OK
* checking data for non-ASCII characters ... OK
* checking data for ASCII and uncompressed saves ... OK
* checking sizes of PDF files under 'inst/doc' ... OK
* checking files in 'vignettes' ... OK
* checking examples ... OK
Examples with CPU (user + system) or elapsed time > 5s
user system elapsed
compDists 15.79 2.53 18.32
plotPeak 11.70 0.28 12.16
* checking for unstated dependencies in vignettes ... OK
* checking package vignettes in 'inst/doc' ... OK
* checking running R code from vignettes ... SKIPPED
* checking re-building of vignette outputs ... SKIPPED
* checking PDF version of manual ... OK
* DONE
Status: 1 WARNING, 2 NOTEs
See
'F:/biocbuild/bbs-3.17-bioc-rtools43/meat/MMDiff2.Rcheck/00check.log'
for details.
MMDiff2.Rcheck/00install.out
############################################################################## ############################################################################## ### ### Running command: ### ### F:\biocbuild\bbs-3.17-bioc\R\bin\R.exe CMD INSTALL MMDiff2 ### ############################################################################## ############################################################################## * installing to library 'F:/biocbuild/bbs-3.17-bioc/R/library' * installing *source* package 'MMDiff2' ... ** using staged installation ** R ** data ** byte-compile and prepare package for lazy loading Warning: replacing previous import 'GenomicRanges::windows' by 'grDevices::windows' when loading 'MMDiff2' ** help *** installing help indices ** building package indices ** installing vignettes ** testing if installed package can be loaded from temporary location Warning: replacing previous import 'GenomicRanges::windows' by 'grDevices::windows' when loading 'MMDiff2' ** testing if installed package can be loaded from final location Warning: replacing previous import 'GenomicRanges::windows' by 'grDevices::windows' when loading 'MMDiff2' ** testing if installed package keeps a record of temporary installation path * DONE (MMDiff2)
MMDiff2.Rcheck/MMDiff2-Ex.timings
| name | user | system | elapsed | |
| Cfp1-Peaks | 0 | 0 | 0 | |
| DBAmmd-Accessors | 4.44 | 0.32 | 4.73 | |
| DBAmmd-class | 0.03 | 0.00 | 0.04 | |
| MMD | 0 | 0 | 0 | |
| compDists | 15.79 | 2.53 | 18.32 | |
| compHists | 2.14 | 0.14 | 2.28 | |
| compPvals | 1.62 | 0.09 | 1.72 | |
| estimateFragmentCenters | 1.13 | 0.08 | 1.20 | |
| getPeakReads | 0.17 | 0.00 | 0.31 | |
| mm9-Genes | 0.00 | 0.02 | 0.01 | |
| plotDISTS4Peak | 0.89 | 0.09 | 0.99 | |
| plotDists | 0.90 | 0.03 | 0.92 | |
| plotPeak | 11.70 | 0.28 | 12.16 | |
| reportResults | 0.84 | 0.03 | 0.87 | |
| runShinyMMDiff2 | 0 | 0 | 0 | |
| server.MMDiff2 | 0 | 0 | 0 | |
| ui.MMDiff2 | 0 | 0 | 0 | |