Back to Build/check report for BioC 3.17
ABCDEF[G]HIJKLMNOPQRSTUVWXYZ

This page was generated on 2023-01-02 09:00:31 -0500 (Mon, 02 Jan 2023).

HostnameOSArch (*)R versionInstalled pkgs
palomino5Windows Server 2022 Datacenterx64R Under development (unstable) (2022-12-25 r83502 ucrt) -- "Unsuffered Consequences" 4165
Click on any hostname to see more info about the system (e.g. compilers)      (*) as reported by 'uname -p', except on Windows and Mac OS X

CHECK results for GenomicRanges on palomino5


To the developers/maintainers of the GenomicRanges package:
Make sure to use the following settings in order to reproduce any error or warning you see on this page.

raw results

Package 778/2158HostnameOS / ArchINSTALLBUILDCHECKBUILD BIN
GenomicRanges 1.51.4  (landing page)
Hervé Pagès
Snapshot Date: 2022-12-28 11:00:06 -0500 (Wed, 28 Dec 2022)
git_url: https://git.bioconductor.org/packages/GenomicRanges
git_branch: master
git_last_commit: f1a44dc
git_last_commit_date: 2022-12-15 13:51:02 -0500 (Thu, 15 Dec 2022)
palomino5Windows Server 2022 Datacenter / x64  OK    OK    WARNINGS    OK  

Summary

Package: GenomicRanges
Version: 1.51.4
Command: F:\biocbuild\bbs-3.17-bioc\R\bin\R.exe CMD check --no-multiarch --install=check:GenomicRanges.install-out.txt --library=F:\biocbuild\bbs-3.17-bioc\R\library --no-vignettes --timings GenomicRanges_1.51.4.tar.gz
StartedAt: 2022-12-29 00:05:59 -0500 (Thu, 29 Dec 2022)
EndedAt: 2022-12-29 00:09:33 -0500 (Thu, 29 Dec 2022)
EllapsedTime: 213.6 seconds
RetCode: 0
Status:   WARNINGS  
CheckDir: GenomicRanges.Rcheck
Warnings: 1

Command output

##############################################################################
##############################################################################
###
### Running command:
###
###   F:\biocbuild\bbs-3.17-bioc\R\bin\R.exe CMD check --no-multiarch --install=check:GenomicRanges.install-out.txt --library=F:\biocbuild\bbs-3.17-bioc\R\library --no-vignettes --timings GenomicRanges_1.51.4.tar.gz
###
##############################################################################
##############################################################################


* using log directory 'F:/biocbuild/bbs-3.17-bioc-rtools43/meat/GenomicRanges.Rcheck'
* using R Under development (unstable) (2022-12-25 r83502 ucrt)
* using platform: x86_64-w64-mingw32 (64-bit)
* R was compiled by
    gcc.exe (GCC) 10.4.0
    GNU Fortran (GCC) 10.4.0
* running under: Windows Server x64 (build 20348)
* using session charset: UTF-8
* using option '--no-vignettes'
* checking for file 'GenomicRanges/DESCRIPTION' ... OK
* this is package 'GenomicRanges' version '1.51.4'
* package encoding: UTF-8
* checking package namespace information ... OK
* checking package dependencies ... OK
* checking if this is a source package ... OK
* checking if there is a namespace ... OK
* checking for hidden files and directories ... OK
* checking for portable file names ... OK
* checking whether package 'GenomicRanges' can be installed ... OK
* used C compiler: 'gcc.exe (GCC) 12.2.0'
* checking installed package size ... OK
* checking package directory ... OK
* checking 'build' directory ... OK
* checking DESCRIPTION meta-information ... OK
* checking top-level files ... OK
* checking for left-over files ... OK
* checking index information ... OK
* checking package subdirectories ... OK
* checking R files for non-ASCII characters ... OK
* checking R files for syntax errors ... OK
* checking whether the package can be loaded ... OK
* checking whether the package can be loaded with stated dependencies ... OK
* checking whether the package can be unloaded cleanly ... OK
* checking whether the namespace can be loaded with stated dependencies ... OK
* checking whether the namespace can be unloaded cleanly ... OK
* checking dependencies in R code ... OK
* checking S3 generic/method consistency ... OK
* checking replacement functions ... OK
* checking foreign function calls ... OK
* checking R code for possible problems ... OK
* checking Rd files ... WARNING
checkRd: (5) GRanges-class.Rd:115-165: \item in \describe must have non-empty label
checkRd: (5) GRanges-class.Rd:173-176: \item in \describe must have non-empty label
checkRd: (5) GRanges-class.Rd:177-182: \item in \describe must have non-empty label
checkRd: (5) GRanges-class.Rd:183-187: \item in \describe must have non-empty label
checkRd: (5) GRanges-class.Rd:188-191: \item in \describe must have non-empty label
checkRd: (5) GRanges-class.Rd:192-195: \item in \describe must have non-empty label
checkRd: (5) GRanges-class.Rd:196-199: \item in \describe must have non-empty label
checkRd: (5) GRanges-class.Rd:200-204: \item in \describe must have non-empty label
checkRd: (5) GRanges-class.Rd:205-208: \item in \describe must have non-empty label
checkRd: (5) GRanges-class.Rd:209-218: \item in \describe must have non-empty label
checkRd: (5) GRanges-class.Rd:219-223: \item in \describe must have non-empty label
checkRd: (5) GRanges-class.Rd:224-228: \item in \describe must have non-empty label
checkRd: (5) GRanges-class.Rd:229-238: \item in \describe must have non-empty label
checkRd: (5) GRanges-class.Rd:239-245: \item in \describe must have non-empty label
checkRd: (5) GRanges-class.Rd:246-251: \item in \describe must have non-empty label
checkRd: (5) GRanges-class.Rd:252-257: \item in \describe must have non-empty label
checkRd: (5) GRanges-class.Rd:258-263: \item in \describe must have non-empty label
checkRd: (5) GRanges-class.Rd:264-267: \item in \describe must have non-empty label
checkRd: (5) GRanges-class.Rd:268-276: \item in \describe must have non-empty label
checkRd: (5) GRanges-class.Rd:284-299: \item in \describe must have non-empty label
checkRd: (5) GRanges-class.Rd:300-307: \item in \describe must have non-empty label
checkRd: (5) GRanges-class.Rd:308-322: \item in \describe must have non-empty label
checkRd: (5) GRanges-class.Rd:323-332: \item in \describe must have non-empty label
checkRd: (5) GRanges-class.Rd:333-342: \item in \describe must have non-empty label
checkRd: (5) GRanges-class.Rd:343-349: \item in \describe must have non-empty label
checkRd: (5) GRanges-class.Rd:356-361: \item in \describe must have non-empty label
checkRd: (5) GRanges-class.Rd:368-371: \item in \describe must have non-empty label
checkRd: (5) GRanges-class.Rd:372-376: \item in \describe must have non-empty label
checkRd: (5) GRanges-class.Rd:377-380: \item in \describe must have non-empty label
checkRd: (5) GRanges-class.Rd:381-394: \item in \describe must have non-empty label
checkRd: (5) GRanges-class.Rd:409-415: \item in \describe must have non-empty label
checkRd: (5) GRanges-class.Rd:421-427: \item in \describe must have non-empty label
checkRd: (5) GRanges-class.Rd:433-445: \item in \describe must have non-empty label
checkRd: (5) GRanges-class.Rd:453-466: \item in \describe must have non-empty label
* checking Rd metadata ... OK
* checking Rd cross-references ... OK
* checking for missing documentation entries ... OK
* checking for code/documentation mismatches ... OK
* checking Rd \usage sections ... OK
* checking Rd contents ... OK
* checking for unstated dependencies in examples ... OK
* checking line endings in C/C++/Fortran sources/headers ... OK
* checking compiled code ... NOTE
Note: information on .o files for x64 is not available
File 'F:/biocbuild/bbs-3.17-bioc/R/library/GenomicRanges/libs/x64/GenomicRanges.dll':
  Found 'abort', possibly from 'abort' (C), 'runtime' (Fortran)

Compiled code should not call entry points which might terminate R nor
write to stdout/stderr instead of to the console, nor use Fortran I/O
nor system RNGs nor [v]sprintf. The detected symbols are linked into
the code but might come from libraries and not actually be called.

See 'Writing portable packages' in the 'Writing R Extensions' manual.
* checking sizes of PDF files under 'inst/doc' ... NOTE
  'qpdf' made some significant size reductions:
     compacted 'GRanges_and_GRangesList_slides.pdf' from 507Kb to 257Kb
     compacted 'Ten_things_slides.pdf' from 277Kb to 150Kb
  consider running tools::compactPDF() on these files
* checking files in 'vignettes' ... OK
* checking examples ... OK
Examples with CPU (user + system) or elapsed time > 5s
                          user system elapsed
genomicvars              35.44   3.83   39.27
GPos-class               29.86   1.78   31.64
makeGRangesFromDataFrame  0.70   0.07    8.75
* checking for unstated dependencies in 'tests' ... OK
* checking tests ...
  Running 'run_unitTests.R'
 OK
* checking for unstated dependencies in vignettes ... OK
* checking package vignettes in 'inst/doc' ... OK
* checking running R code from vignettes ... SKIPPED
* checking re-building of vignette outputs ... SKIPPED
* checking PDF version of manual ... OK
* DONE

Status: 1 WARNING, 2 NOTEs
See
  'F:/biocbuild/bbs-3.17-bioc-rtools43/meat/GenomicRanges.Rcheck/00check.log'
for details.



Installation output

GenomicRanges.Rcheck/00install.out

##############################################################################
##############################################################################
###
### Running command:
###
###   F:\biocbuild\bbs-3.17-bioc\R\bin\R.exe CMD INSTALL GenomicRanges
###
##############################################################################
##############################################################################


* installing to library 'F:/biocbuild/bbs-3.17-bioc/R/library'
* installing *source* package 'GenomicRanges' ...
** using staged installation
** libs
using C compiler: 'gcc.exe (GCC) 12.2.0'
gcc  -I"F:/biocbuild/bbs-3.17-bioc/R/include" -DNDEBUG  -I'F:/biocbuild/bbs-3.17-bioc/R/library/S4Vectors/include' -I'F:/biocbuild/bbs-3.17-bioc/R/library/IRanges/include'   -I"c:/rtools42/x86_64-w64-mingw32.static.posix/include"     -O2 -Wall  -std=gnu99 -mfpmath=sse -msse2 -mstackrealign  -c IRanges_stubs.c -o IRanges_stubs.o
gcc  -I"F:/biocbuild/bbs-3.17-bioc/R/include" -DNDEBUG  -I'F:/biocbuild/bbs-3.17-bioc/R/library/S4Vectors/include' -I'F:/biocbuild/bbs-3.17-bioc/R/library/IRanges/include'   -I"c:/rtools42/x86_64-w64-mingw32.static.posix/include"     -O2 -Wall  -std=gnu99 -mfpmath=sse -msse2 -mstackrealign  -c R_init_GenomicRanges.c -o R_init_GenomicRanges.o
gcc  -I"F:/biocbuild/bbs-3.17-bioc/R/include" -DNDEBUG  -I'F:/biocbuild/bbs-3.17-bioc/R/library/S4Vectors/include' -I'F:/biocbuild/bbs-3.17-bioc/R/library/IRanges/include'   -I"c:/rtools42/x86_64-w64-mingw32.static.posix/include"     -O2 -Wall  -std=gnu99 -mfpmath=sse -msse2 -mstackrealign  -c S4Vectors_stubs.c -o S4Vectors_stubs.o
gcc  -I"F:/biocbuild/bbs-3.17-bioc/R/include" -DNDEBUG  -I'F:/biocbuild/bbs-3.17-bioc/R/library/S4Vectors/include' -I'F:/biocbuild/bbs-3.17-bioc/R/library/IRanges/include'   -I"c:/rtools42/x86_64-w64-mingw32.static.posix/include"     -O2 -Wall  -std=gnu99 -mfpmath=sse -msse2 -mstackrealign  -c transcript_utils.c -o transcript_utils.o
In function 'tloc2rloc',
    inlined from 'tlocs2rlocs' at transcript_utils.c:208:26:
transcript_utils.c:143:45: warning: 'end' may be used uninitialized [-Wmaybe-uninitialized]
  143 |         return on_minus_strand ? end - tloc : start + tloc;
      |                ~~~~~~~~~~~~~~~~~~~~~~~~~~~~~^~~~~~~~~~~~~~
transcript_utils.c: In function 'tlocs2rlocs':
transcript_utils.c:120:31: note: 'end' was declared here
  120 |         int nexons, j, start, end, width;
      |                               ^~~
In function 'tloc2rloc',
    inlined from 'tlocs2rlocs' at transcript_utils.c:208:26:
transcript_utils.c:143:45: warning: 'start' may be used uninitialized [-Wmaybe-uninitialized]
  143 |         return on_minus_strand ? end - tloc : start + tloc;
      |                ~~~~~~~~~~~~~~~~~~~~~~~~~~~~~^~~~~~~~~~~~~~
transcript_utils.c: In function 'tlocs2rlocs':
transcript_utils.c:120:24: note: 'start' was declared here
  120 |         int nexons, j, start, end, width;
      |                        ^~~~~
gcc -shared -s -static-libgcc -o GenomicRanges.dll tmp.def IRanges_stubs.o R_init_GenomicRanges.o S4Vectors_stubs.o transcript_utils.o -Lc:/rtools42/x86_64-w64-mingw32.static.posix/lib/x64 -Lc:/rtools42/x86_64-w64-mingw32.static.posix/lib -LF:/biocbuild/bbs-3.17-bioc/R/bin/x64 -lR
installing to F:/biocbuild/bbs-3.17-bioc/R/library/00LOCK-GenomicRanges/00new/GenomicRanges/libs/x64
** R
** inst
** byte-compile and prepare package for lazy loading
** help
*** installing help indices
** building package indices
** installing vignettes
** testing if installed package can be loaded from temporary location
** testing if installed package can be loaded from final location
** testing if installed package keeps a record of temporary installation path
* DONE (GenomicRanges)

Tests output

GenomicRanges.Rcheck/tests/run_unitTests.Rout


R Under development (unstable) (2022-12-25 r83502 ucrt) -- "Unsuffered Consequences"
Copyright (C) 2022 The R Foundation for Statistical Computing
Platform: x86_64-w64-mingw32/x64 (64-bit)

R is free software and comes with ABSOLUTELY NO WARRANTY.
You are welcome to redistribute it under certain conditions.
Type 'license()' or 'licence()' for distribution details.

R is a collaborative project with many contributors.
Type 'contributors()' for more information and
'citation()' on how to cite R or R packages in publications.

Type 'demo()' for some demos, 'help()' for on-line help, or
'help.start()' for an HTML browser interface to help.
Type 'q()' to quit R.

> require("GenomicRanges") || stop("unable to load GenomicRanges package")
Loading required package: GenomicRanges
Loading required package: stats4
Loading required package: BiocGenerics

Attaching package: 'BiocGenerics'

The following objects are masked from 'package:stats':

    IQR, mad, sd, var, xtabs

The following objects are masked from 'package:base':

    Filter, Find, Map, Position, Reduce, anyDuplicated, aperm, append,
    as.data.frame, basename, cbind, colnames, dirname, do.call,
    duplicated, eval, evalq, get, grep, grepl, intersect, is.unsorted,
    lapply, mapply, match, mget, order, paste, pmax, pmax.int, pmin,
    pmin.int, rank, rbind, rownames, sapply, setdiff, sort, table,
    tapply, union, unique, unsplit, which.max, which.min

Loading required package: S4Vectors

Attaching package: 'S4Vectors'

The following objects are masked from 'package:base':

    I, expand.grid, unname

Loading required package: IRanges

Attaching package: 'IRanges'

The following object is masked from 'package:grDevices':

    windows

Loading required package: GenomeInfoDb
[1] TRUE
> GenomicRanges:::.test()


RUNIT TEST PROTOCOL -- Thu Dec 29 00:09:16 2022 
*********************************************** 
Number of test functions: 73 
Number of errors: 0 
Number of failures: 0 

 
1 Test Suite : 
GenomicRanges RUnit Tests - 73 test functions, 0 errors, 0 failures
Number of test functions: 73 
Number of errors: 0 
Number of failures: 0 
> 
> proc.time()
   user  system elapsed 
  35.18    0.51   35.78 

Example timings

GenomicRanges.Rcheck/GenomicRanges-Ex.timings

nameusersystemelapsed
GNCList-class0.460.030.48
GPos-class29.86 1.7831.64
GRanges-class0.850.050.89
GRangesFactor-class0.930.061.00
GRangesList-class0.320.000.31
GenomicRanges-comparison0.190.020.20
absoluteRanges0.910.191.27
constraint0.730.000.73
coverage-methods0.190.000.19
findOverlaps-methods1.530.011.54
genomic-range-squeezers000
genomicvars35.44 3.8339.27
inter-range-methods1.920.082.00
intra-range-methods0.490.050.53
makeGRangesFromDataFrame0.700.078.75
makeGRangesListFromDataFrame0.110.000.11
nearest-methods1.730.031.77
phicoef0.020.000.01
setops-methods2.770.032.80
strand-utils0.070.000.08
subtract-methods0.210.000.20
tile-methods0.060.000.06
tileGenome0.220.030.25