| Back to Build/check report for BioC 3.17 |
|
This page was generated on 2023-01-02 09:00:19 -0500 (Mon, 02 Jan 2023).
| Hostname | OS | Arch (*) | R version | Installed pkgs |
|---|---|---|---|---|
| palomino5 | Windows Server 2022 Datacenter | x64 | R Under development (unstable) (2022-12-25 r83502 ucrt) -- "Unsuffered Consequences" | 4165 |
| Click on any hostname to see more info about the system (e.g. compilers) (*) as reported by 'uname -p', except on Windows and Mac OS X | ||||
|
To the developers/maintainers of the BaseSpaceR package: Make sure to use the following settings in order to reproduce any error or warning you see on this page. |
| Package 114/2158 | Hostname | OS / Arch | INSTALL | BUILD | CHECK | BUILD BIN | ||||||||
| BaseSpaceR 1.43.0 (landing page) Jared O'Connell
| palomino5 | Windows Server 2022 Datacenter / x64 | OK | OK | WARNINGS | OK | ||||||||
| Package: BaseSpaceR |
| Version: 1.43.0 |
| Command: F:\biocbuild\bbs-3.17-bioc\R\bin\R.exe CMD check --no-multiarch --install=check:BaseSpaceR.install-out.txt --library=F:\biocbuild\bbs-3.17-bioc\R\library --no-vignettes --timings BaseSpaceR_1.43.0.tar.gz |
| StartedAt: 2022-12-28 21:44:35 -0500 (Wed, 28 Dec 2022) |
| EndedAt: 2022-12-28 21:45:30 -0500 (Wed, 28 Dec 2022) |
| EllapsedTime: 55.1 seconds |
| RetCode: 0 |
| Status: WARNINGS |
| CheckDir: BaseSpaceR.Rcheck |
| Warnings: 1 |
##############################################################################
##############################################################################
###
### Running command:
###
### F:\biocbuild\bbs-3.17-bioc\R\bin\R.exe CMD check --no-multiarch --install=check:BaseSpaceR.install-out.txt --library=F:\biocbuild\bbs-3.17-bioc\R\library --no-vignettes --timings BaseSpaceR_1.43.0.tar.gz
###
##############################################################################
##############################################################################
* using log directory 'F:/biocbuild/bbs-3.17-bioc-rtools43/meat/BaseSpaceR.Rcheck'
* using R Under development (unstable) (2022-12-25 r83502 ucrt)
* using platform: x86_64-w64-mingw32 (64-bit)
* R was compiled by
gcc.exe (GCC) 10.4.0
GNU Fortran (GCC) 10.4.0
* running under: Windows Server x64 (build 20348)
* using session charset: UTF-8
* using option '--no-vignettes'
* checking for file 'BaseSpaceR/DESCRIPTION' ... OK
* this is package 'BaseSpaceR' version '1.43.0'
* checking package namespace information ... OK
* checking package dependencies ... OK
* checking if this is a source package ... OK
* checking if there is a namespace ... OK
* checking for hidden files and directories ... OK
* checking for portable file names ... OK
* checking whether package 'BaseSpaceR' can be installed ... OK
* checking installed package size ... OK
* checking package directory ... OK
* checking 'build' directory ... OK
* checking DESCRIPTION meta-information ... OK
* checking top-level files ... OK
* checking for left-over files ... OK
* checking index information ... OK
* checking package subdirectories ... OK
* checking R files for non-ASCII characters ... OK
* checking R files for syntax errors ... OK
* checking whether the package can be loaded ... OK
* checking whether the package can be loaded with stated dependencies ... OK
* checking whether the package can be unloaded cleanly ... OK
* checking whether the namespace can be loaded with stated dependencies ... OK
* checking whether the namespace can be unloaded cleanly ... OK
* checking dependencies in R code ... NOTE
'library' or 'require' call to 'Rsamtools' in package code.
Please use :: or requireNamespace() instead.
See section 'Suggested packages' in the 'Writing R Extensions' manual.
* checking S3 generic/method consistency ... OK
* checking replacement functions ... OK
* checking foreign function calls ... OK
* checking R code for possible problems ... NOTE
asBamFile: no visible global function definition for 'BamFile'
GET,ServiceURI: no visible global function definition for
'basicHeaderGatherer'
GET,ServiceURI: no visible global function definition for
'basicTextGatherer'
GET,ServiceURI: no visible global function definition for 'getForm'
GET,ServiceURI: no visible global function definition for 'curlOptions'
POST,ServiceURI: no visible global function definition for
'basicHeaderGatherer'
POST,ServiceURI: no visible global function definition for
'basicTextGatherer'
POST,ServiceURI: no visible global function definition for
'curlPerform'
POSTForm,ServiceURI: no visible global function definition for
'basicHeaderGatherer'
POSTForm,ServiceURI: no visible global function definition for
'basicTextGatherer'
POSTForm,ServiceURI: no visible global function definition for
'postForm'
POSTForm,ServiceURI: no visible global function definition for
'curlOptions'
getBAMs,AppResults: no visible binding for global variable
'BamFileList'
getFiles,AppAuth : .toDisk: no visible global function definition for
'CFILE'
getFiles,AppAuth : .toDisk: no visible global function definition for
'curlPerform'
getFiles,AppAuth : .toMem: no visible global function definition for
'getURLContent'
getFiles,AppAuth : .toMem: no visible binding for global variable
'dsize'
Undefined global functions or variables:
BamFile BamFileList CFILE basicHeaderGatherer basicTextGatherer
curlOptions curlPerform dsize getForm getURLContent postForm
* checking Rd files ... WARNING
checkRd: (5) Genomes-class.Rd:49-52: \item in \describe must have non-empty label
checkRd: (5) Genomes-class.Rd:53-58: \item in \describe must have non-empty label
checkRd: (5) Genomes-class.Rd:59-62: \item in \describe must have non-empty label
checkRd: (5) Projects-class.Rd:55-58: \item in \describe must have non-empty label
checkRd: (5) Projects-class.Rd:59-64: \item in \describe must have non-empty label
checkRd: (5) Projects-class.Rd:65-68: \item in \describe must have non-empty label
checkRd: (5) Runs-class.Rd:55-58: \item in \describe must have non-empty label
checkRd: (5) Runs-class.Rd:59-64: \item in \describe must have non-empty label
checkRd: (5) Runs-class.Rd:65-68: \item in \describe must have non-empty label
checkRd: (5) Samples-class.Rd:63-66: \item in \describe must have non-empty label
checkRd: (5) Samples-class.Rd:67-72: \item in \describe must have non-empty label
checkRd: (5) Samples-class.Rd:73-76: \item in \describe must have non-empty label
checkRd: (5) Users-class.Rd:33-36: \item in \describe must have non-empty label
checkRd: (5) Users-class.Rd:37-41: \item in \describe must have non-empty label
* checking Rd metadata ... OK
* checking Rd cross-references ... OK
* checking for missing documentation entries ... OK
* checking for code/documentation mismatches ... OK
* checking Rd \usage sections ... OK
* checking Rd contents ... OK
* checking for unstated dependencies in examples ... OK
* checking contents of 'data' directory ... OK
* checking data for non-ASCII characters ... OK
* checking data for ASCII and uncompressed saves ... OK
* checking sizes of PDF files under 'inst/doc' ... OK
* checking files in 'vignettes' ... OK
* checking examples ... OK
Examples with CPU (user + system) or elapsed time > 5s
user system elapsed
Runs-class 0.11 0.02 6.32
* checking for unstated dependencies in vignettes ... OK
* checking package vignettes in 'inst/doc' ... OK
* checking running R code from vignettes ... SKIPPED
* checking re-building of vignette outputs ... SKIPPED
* checking PDF version of manual ... OK
* DONE
Status: 1 WARNING, 2 NOTEs
See
'F:/biocbuild/bbs-3.17-bioc-rtools43/meat/BaseSpaceR.Rcheck/00check.log'
for details.
BaseSpaceR.Rcheck/00install.out
############################################################################## ############################################################################## ### ### Running command: ### ### F:\biocbuild\bbs-3.17-bioc\R\bin\R.exe CMD INSTALL BaseSpaceR ### ############################################################################## ############################################################################## * installing to library 'F:/biocbuild/bbs-3.17-bioc/R/library' * installing *source* package 'BaseSpaceR' ... ** using staged installation ** R ** data ** inst ** byte-compile and prepare package for lazy loading ** help *** installing help indices ** building package indices ** installing vignettes ** testing if installed package can be loaded from temporary location ** testing if installed package can be loaded from final location ** testing if installed package keeps a record of temporary installation path * DONE (BaseSpaceR)
BaseSpaceR.Rcheck/BaseSpaceR-Ex.timings
| name | user | system | elapsed | |
| AppAuth-class | 0.10 | 0.05 | 1.18 | |
| AppResults-class | 0 | 0 | 0 | |
| AppSessionAuth | 0 | 0 | 0 | |
| AppSessions-class | 0 | 0 | 0 | |
| Coverage | 0 | 0 | 0 | |
| Error | 0 | 0 | 0 | |
| Files-class | 0.05 | 0.00 | 1.42 | |
| FilesExtra | 0.06 | 0.00 | 0.80 | |
| Genomes-class | 0.13 | 0.00 | 0.99 | |
| Projects-class | 0.09 | 0.00 | 1.78 | |
| Response-class | 0 | 0 | 0 | |
| Runs-class | 0.11 | 0.02 | 6.32 | |
| Samples-class | 0.06 | 0.01 | 2.61 | |
| ServiceURI-class | 0 | 0 | 0 | |
| Users-class | 0.07 | 0.00 | 0.41 | |
| Variants | 0.04 | 0.00 | 1.88 | |
| data-aAuth | 0.02 | 0.03 | 0.14 | |