| Back to Build/check report for BioC 3.17 |
|
This page was generated on 2023-01-02 09:00:19 -0500 (Mon, 02 Jan 2023).
| Hostname | OS | Arch (*) | R version | Installed pkgs |
|---|---|---|---|---|
| palomino5 | Windows Server 2022 Datacenter | x64 | R Under development (unstable) (2022-12-25 r83502 ucrt) -- "Unsuffered Consequences" | 4165 |
| Click on any hostname to see more info about the system (e.g. compilers) (*) as reported by 'uname -p', except on Windows and Mac OS X | ||||
|
To the developers/maintainers of the BASiCS package: Make sure to use the following settings in order to reproduce any error or warning you see on this page. |
| Package 116/2158 | Hostname | OS / Arch | INSTALL | BUILD | CHECK | BUILD BIN | ||||||||
| BASiCS 2.11.4 (landing page) Alan O'Callaghan
| palomino5 | Windows Server 2022 Datacenter / x64 | OK | OK | ERROR | OK | ||||||||
| Package: BASiCS |
| Version: 2.11.4 |
| Command: F:\biocbuild\bbs-3.17-bioc\R\bin\R.exe CMD check --no-multiarch --install=check:BASiCS.install-out.txt --library=F:\biocbuild\bbs-3.17-bioc\R\library --no-vignettes --timings BASiCS_2.11.4.tar.gz |
| StartedAt: 2022-12-28 21:45:01 -0500 (Wed, 28 Dec 2022) |
| EndedAt: 2022-12-28 21:51:24 -0500 (Wed, 28 Dec 2022) |
| EllapsedTime: 382.7 seconds |
| RetCode: 1 |
| Status: ERROR |
| CheckDir: BASiCS.Rcheck |
| Warnings: NA |
##############################################################################
##############################################################################
###
### Running command:
###
### F:\biocbuild\bbs-3.17-bioc\R\bin\R.exe CMD check --no-multiarch --install=check:BASiCS.install-out.txt --library=F:\biocbuild\bbs-3.17-bioc\R\library --no-vignettes --timings BASiCS_2.11.4.tar.gz
###
##############################################################################
##############################################################################
* using log directory 'F:/biocbuild/bbs-3.17-bioc-rtools43/meat/BASiCS.Rcheck'
* using R Under development (unstable) (2022-12-25 r83502 ucrt)
* using platform: x86_64-w64-mingw32 (64-bit)
* R was compiled by
gcc.exe (GCC) 10.4.0
GNU Fortran (GCC) 10.4.0
* running under: Windows Server x64 (build 20348)
* using session charset: UTF-8
* using option '--no-vignettes'
* checking for file 'BASiCS/DESCRIPTION' ... OK
* checking extension type ... Package
* this is package 'BASiCS' version '2.11.4'
* package encoding: UTF-8
* checking package namespace information ... OK
* checking package dependencies ... OK
* checking if this is a source package ... OK
* checking if there is a namespace ... OK
* checking for hidden files and directories ... OK
* checking for portable file names ... OK
* checking whether package 'BASiCS' can be installed ... OK
* used C++ compiler: 'G__~1.EXE (GCC) 12.2.0'
* checking installed package size ... OK
* checking package directory ... OK
* checking 'build' directory ... OK
* checking DESCRIPTION meta-information ... OK
* checking top-level files ... OK
* checking for left-over files ... OK
* checking index information ... OK
* checking package subdirectories ... OK
* checking R files for non-ASCII characters ... OK
* checking R files for syntax errors ... OK
* checking whether the package can be loaded ... OK
* checking whether the package can be loaded with stated dependencies ... OK
* checking whether the package can be unloaded cleanly ... OK
* checking whether the namespace can be loaded with stated dependencies ... OK
* checking whether the namespace can be unloaded cleanly ... OK
* checking dependencies in R code ... OK
* checking S3 generic/method consistency ... OK
* checking replacement functions ... OK
* checking foreign function calls ... OK
* checking R code for possible problems ... OK
* checking Rd files ... OK
* checking Rd metadata ... OK
* checking Rd cross-references ... OK
* checking for missing documentation entries ... OK
* checking for code/documentation mismatches ... OK
* checking Rd \usage sections ... OK
* checking Rd contents ... OK
* checking for unstated dependencies in examples ... OK
* checking contents of 'data' directory ... OK
* checking data for non-ASCII characters ... OK
* checking LazyData ... OK
* checking data for ASCII and uncompressed saves ... OK
* checking line endings in C/C++/Fortran sources/headers ... OK
* checking line endings in Makefiles ... OK
* checking compilation flags in Makevars ... OK
* checking for GNU extensions in Makefiles ... OK
* checking for portable use of $(BLAS_LIBS) and $(LAPACK_LIBS) ... OK
* checking use of PKG_*FLAGS in Makefiles ... OK
* checking compiled code ... NOTE
Note: information on .o files for x64 is not available
File 'F:/biocbuild/bbs-3.17-bioc/R/library/BASiCS/libs/x64/BASiCS.dll':
Found '_assert', possibly from 'assert' (C)
Found 'abort', possibly from 'abort' (C), 'runtime' (Fortran)
Found 'exit', possibly from 'exit' (C), 'stop' (Fortran)
Compiled code should not call entry points which might terminate R nor
write to stdout/stderr instead of to the console, nor use Fortran I/O
nor system RNGs nor [v]sprintf. The detected symbols are linked into
the code but might come from libraries and not actually be called.
See 'Writing portable packages' in the 'Writing R Extensions' manual.
* checking files in 'vignettes' ... OK
* checking examples ... OK
Examples with CPU (user + system) or elapsed time > 5s
user system elapsed
BASiCS_MCMC 5.45 0.14 5.61
BASiCS_DivideAndConquer 2.36 0.03 14.88
* checking for unstated dependencies in 'tests' ... OK
* checking tests ...
Running 'testthat.R'
OK
* checking for unstated dependencies in vignettes ... OK
* checking package vignettes in 'inst/doc' ... OK
* checking running R code from vignettes ... SKIPPED
* checking re-building of vignette outputs ... SKIPPED
* checking PDF version of manual ... WARNING
LaTeX errors when creating PDF version.
This typically indicates Rd problems.
LaTeX errors found:
! LaTeX Error: Unicode character μ (U+03BC)
not set up for use with LaTeX.
See the LaTeX manual or LaTeX Companion for explanation.
Type H <return> for immediate help.
* checking PDF version of manual without index ... ERROR
* DONE
Status: 1 ERROR, 1 WARNING, 1 NOTE
See
'F:/biocbuild/bbs-3.17-bioc-rtools43/meat/BASiCS.Rcheck/00check.log'
for details.
BASiCS.Rcheck/00install.out
############################################################################## ############################################################################## ### ### Running command: ### ### F:\biocbuild\bbs-3.17-bioc\R\bin\R.exe CMD INSTALL BASiCS ### ############################################################################## ############################################################################## * installing to library 'F:/biocbuild/bbs-3.17-bioc/R/library' * installing *source* package 'BASiCS' ... ** using staged installation ** libs using C++ compiler: 'G__~1.EXE (GCC) 12.2.0' using C++11 g++ -std=gnu++11 -I"F:/biocbuild/bbs-3.17-bioc/R/include" -DNDEBUG -I'F:/biocbuild/bbs-3.17-bioc/R/library/Rcpp/include' -I'F:/biocbuild/bbs-3.17-bioc/R/library/RcppArmadillo/include' -I"c:/rtools42/x86_64-w64-mingw32.static.posix/include" -fopenmp -O2 -Wall -mfpmath=sse -msse2 -mstackrealign -c BASiCS.cpp -o BASiCS.o g++ -std=gnu++11 -I"F:/biocbuild/bbs-3.17-bioc/R/include" -DNDEBUG -I'F:/biocbuild/bbs-3.17-bioc/R/library/Rcpp/include' -I'F:/biocbuild/bbs-3.17-bioc/R/library/RcppArmadillo/include' -I"c:/rtools42/x86_64-w64-mingw32.static.posix/include" -fopenmp -O2 -Wall -mfpmath=sse -msse2 -mstackrealign -c RcppExports.cpp -o RcppExports.o g++ -shared -s -static-libgcc -o BASiCS.dll tmp.def BASiCS.o RcppExports.o -LF:/biocbuild/bbs-3.17-bioc/R/bin/x64 -lRlapack -LF:/biocbuild/bbs-3.17-bioc/R/bin/x64 -lRblas -lgfortran -lm -lquadmath -fopenmp -Lc:/rtools42/x86_64-w64-mingw32.static.posix/lib/x64 -Lc:/rtools42/x86_64-w64-mingw32.static.posix/lib -LF:/biocbuild/bbs-3.17-bioc/R/bin/x64 -lR installing to F:/biocbuild/bbs-3.17-bioc/R/library/00LOCK-BASiCS/00new/BASiCS/libs/x64 ** R ** data *** moving datasets to lazyload DB ** inst ** byte-compile and prepare package for lazy loading ** help *** installing help indices ** building package indices ** installing vignettes ** testing if installed package can be loaded from temporary location ** testing if installed package can be loaded from final location ** testing if installed package keeps a record of temporary installation path * DONE (BASiCS)
BASiCS.Rcheck/tests/testthat.Rout
R Under development (unstable) (2022-12-25 r83502 ucrt) -- "Unsuffered Consequences"
Copyright (C) 2022 The R Foundation for Statistical Computing
Platform: x86_64-w64-mingw32/x64 (64-bit)
R is free software and comes with ABSOLUTELY NO WARRANTY.
You are welcome to redistribute it under certain conditions.
Type 'license()' or 'licence()' for distribution details.
R is a collaborative project with many contributors.
Type 'contributors()' for more information and
'citation()' on how to cite R or R packages in publications.
Type 'demo()' for some demos, 'help()' for on-line help, or
'help.start()' for an HTML browser interface to help.
Type 'q()' to quit R.
> library(testthat)
> library(BASiCS)
Loading required package: SingleCellExperiment
Loading required package: SummarizedExperiment
Loading required package: MatrixGenerics
Loading required package: matrixStats
Attaching package: 'MatrixGenerics'
The following objects are masked from 'package:matrixStats':
colAlls, colAnyNAs, colAnys, colAvgsPerRowSet, colCollapse,
colCounts, colCummaxs, colCummins, colCumprods, colCumsums,
colDiffs, colIQRDiffs, colIQRs, colLogSumExps, colMadDiffs,
colMads, colMaxs, colMeans2, colMedians, colMins, colOrderStats,
colProds, colQuantiles, colRanges, colRanks, colSdDiffs, colSds,
colSums2, colTabulates, colVarDiffs, colVars, colWeightedMads,
colWeightedMeans, colWeightedMedians, colWeightedSds,
colWeightedVars, rowAlls, rowAnyNAs, rowAnys, rowAvgsPerColSet,
rowCollapse, rowCounts, rowCummaxs, rowCummins, rowCumprods,
rowCumsums, rowDiffs, rowIQRDiffs, rowIQRs, rowLogSumExps,
rowMadDiffs, rowMads, rowMaxs, rowMeans2, rowMedians, rowMins,
rowOrderStats, rowProds, rowQuantiles, rowRanges, rowRanks,
rowSdDiffs, rowSds, rowSums2, rowTabulates, rowVarDiffs, rowVars,
rowWeightedMads, rowWeightedMeans, rowWeightedMedians,
rowWeightedSds, rowWeightedVars
Loading required package: GenomicRanges
Loading required package: stats4
Loading required package: BiocGenerics
Attaching package: 'BiocGenerics'
The following objects are masked from 'package:stats':
IQR, mad, sd, var, xtabs
The following objects are masked from 'package:base':
Filter, Find, Map, Position, Reduce, anyDuplicated, aperm, append,
as.data.frame, basename, cbind, colnames, dirname, do.call,
duplicated, eval, evalq, get, grep, grepl, intersect, is.unsorted,
lapply, mapply, match, mget, order, paste, pmax, pmax.int, pmin,
pmin.int, rank, rbind, rownames, sapply, setdiff, sort, table,
tapply, union, unique, unsplit, which.max, which.min
Loading required package: S4Vectors
Attaching package: 'S4Vectors'
The following objects are masked from 'package:base':
I, expand.grid, unname
Loading required package: IRanges
Attaching package: 'IRanges'
The following object is masked from 'package:grDevices':
windows
Loading required package: GenomeInfoDb
Loading required package: Biobase
Welcome to Bioconductor
Vignettes contain introductory material; view with
'browseVignettes()'. To cite Bioconductor, see
'citation("Biobase")', and for packages 'citation("pkgname")'.
Attaching package: 'Biobase'
The following object is masked from 'package:MatrixGenerics':
rowMedians
The following objects are masked from 'package:matrixStats':
anyMissing, rowMedians
Welcome to 'BASiCS'. If you used 'BASiCS' before its release in
Bioconductor, please visit:
https://github.com/catavallejos/BASiCS/wiki.
>
> test_check("BASiCS")
Starting 2 test processes
[ FAIL 0 | WARN 0 | SKIP 0 | PASS 455 ]
>
> proc.time()
user system elapsed
9.18 0.90 118.53
BASiCS.Rcheck/BASiCS-Ex.timings
| name | user | system | elapsed | |
| BASiCS_Chain-methods | 2.50 | 0.10 | 2.59 | |
| BASiCS_Chain | 3.17 | 0.04 | 3.22 | |
| BASiCS_CorrectOffset | 0.02 | 0.02 | 0.03 | |
| BASiCS_DenoisedCounts | 2.31 | 0.01 | 2.33 | |
| BASiCS_DenoisedRates | 2.22 | 0.00 | 2.22 | |
| BASiCS_DetectVG | 0.56 | 0.02 | 0.58 | |
| BASiCS_DiagHist | 0.71 | 0.06 | 0.76 | |
| BASiCS_DiagPlot | 1.43 | 0.07 | 1.50 | |
| BASiCS_DivideAndConquer | 2.36 | 0.03 | 14.88 | |
| BASiCS_Draw | 0.35 | 0.00 | 0.34 | |
| BASiCS_EffectiveSize | 0.14 | 0.01 | 0.16 | |
| BASiCS_Filter | 0.00 | 0.02 | 0.02 | |
| BASiCS_LoadChain | 1.75 | 0.01 | 2.26 | |
| BASiCS_MCMC | 5.45 | 0.14 | 5.61 | |
| BASiCS_MockSCE | 0.30 | 0.02 | 0.31 | |
| BASiCS_PlotDE | 2.53 | 0.03 | 2.57 | |
| BASiCS_PlotOffset | 0.80 | 0.03 | 0.96 | |
| BASiCS_PlotVG | 0.28 | 0.00 | 0.29 | |
| BASiCS_PriorParam | 0.22 | 0.03 | 0.25 | |
| BASiCS_ShowFit | 0.17 | 0.02 | 0.18 | |
| BASiCS_Sim | 0.67 | 0.01 | 0.69 | |
| BASiCS_Summary-methods | 0 | 0 | 0 | |
| BASiCS_Summary | 1.75 | 0.02 | 1.76 | |
| BASiCS_TestDE | 4.87 | 0.11 | 4.99 | |
| BASiCS_VarThresholdSearchHVG_LVG | 1.39 | 0.03 | 1.42 | |
| BASiCS_VarianceDecomp | 0.19 | 0.00 | 0.19 | |
| Summary-BASiCS_Chain-method | 0.03 | 0.00 | 0.03 | |
| dim-BASiCS_Chain-method | 0.00 | 0.02 | 0.01 | |
| dimnames-BASiCS_Chain-method | 0.00 | 0.01 | 0.02 | |
| displayChainBASiCS-BASiCS_Chain-method | 0.17 | 0.13 | 0.64 | |
| displaySummaryBASiCS-BASiCS_Summary-method | 0.17 | 0.03 | 0.20 | |
| makeExampleBASiCS_Data | 0.28 | 0.00 | 0.28 | |
| newBASiCS_Chain | 3.38 | 0.03 | 3.40 | |
| plot-BASiCS_Chain-method | 0.15 | 0.03 | 0.19 | |
| plot-BASiCS_Summary-method | 0.13 | 0.03 | 0.17 | |
| show-BASiCS_ResultDE-method | 0.15 | 0.02 | 0.18 | |
| show-BASiCS_ResultVG-method | 0.14 | 0.03 | 0.18 | |
| show-BASiCS_ResultsDE-method | 0.11 | 0.08 | 0.19 | |
| subset-BASiCS_Chain-method | 0.64 | 0.01 | 0.66 | |