| Back to Build/check report for BioC 3.17 |
|
This page was generated on 2023-01-02 09:00:18 -0500 (Mon, 02 Jan 2023).
| Hostname | OS | Arch (*) | R version | Installed pkgs |
|---|---|---|---|---|
| palomino5 | Windows Server 2022 Datacenter | x64 | R Under development (unstable) (2022-12-25 r83502 ucrt) -- "Unsuffered Consequences" | 4165 |
| Click on any hostname to see more info about the system (e.g. compilers) (*) as reported by 'uname -p', except on Windows and Mac OS X | ||||
|
To the developers/maintainers of the AnnotationHubData package: Make sure to use the following settings in order to reproduce any error or warning you see on this page. |
| Package 59/2158 | Hostname | OS / Arch | INSTALL | BUILD | CHECK | BUILD BIN | ||||||||
| AnnotationHubData 1.29.1 (landing page) Bioconductor Package Maintainer
| palomino5 | Windows Server 2022 Datacenter / x64 | OK | OK | WARNINGS | OK | ||||||||
| Package: AnnotationHubData |
| Version: 1.29.1 |
| Command: F:\biocbuild\bbs-3.17-bioc\R\bin\R.exe CMD check --no-multiarch --install=check:AnnotationHubData.install-out.txt --library=F:\biocbuild\bbs-3.17-bioc\R\library --no-vignettes --timings AnnotationHubData_1.29.1.tar.gz |
| StartedAt: 2022-12-28 21:33:32 -0500 (Wed, 28 Dec 2022) |
| EndedAt: 2022-12-28 21:40:35 -0500 (Wed, 28 Dec 2022) |
| EllapsedTime: 422.6 seconds |
| RetCode: 0 |
| Status: WARNINGS |
| CheckDir: AnnotationHubData.Rcheck |
| Warnings: 1 |
##############################################################################
##############################################################################
###
### Running command:
###
### F:\biocbuild\bbs-3.17-bioc\R\bin\R.exe CMD check --no-multiarch --install=check:AnnotationHubData.install-out.txt --library=F:\biocbuild\bbs-3.17-bioc\R\library --no-vignettes --timings AnnotationHubData_1.29.1.tar.gz
###
##############################################################################
##############################################################################
* using log directory 'F:/biocbuild/bbs-3.17-bioc-rtools43/meat/AnnotationHubData.Rcheck'
* using R Under development (unstable) (2022-12-25 r83502 ucrt)
* using platform: x86_64-w64-mingw32 (64-bit)
* R was compiled by
gcc.exe (GCC) 10.4.0
GNU Fortran (GCC) 10.4.0
* running under: Windows Server x64 (build 20348)
* using session charset: UTF-8
* using option '--no-vignettes'
* checking for file 'AnnotationHubData/DESCRIPTION' ... OK
* checking extension type ... Package
* this is package 'AnnotationHubData' version '1.29.1'
* package encoding: UTF-8
* checking package namespace information ... OK
* checking package dependencies ... OK
* checking if this is a source package ... OK
* checking if there is a namespace ... OK
* checking for hidden files and directories ... OK
* checking for portable file names ... OK
* checking whether package 'AnnotationHubData' can be installed ... OK
* checking installed package size ... OK
* checking package directory ... OK
* checking 'build' directory ... OK
* checking DESCRIPTION meta-information ... OK
* checking top-level files ... OK
* checking for left-over files ... OK
* checking index information ... OK
* checking package subdirectories ... OK
* checking R files for non-ASCII characters ... OK
* checking R files for syntax errors ... OK
* checking whether the package can be loaded ... OK
* checking whether the package can be loaded with stated dependencies ... OK
* checking whether the package can be unloaded cleanly ... OK
* checking whether the namespace can be loaded with stated dependencies ... OK
* checking whether the namespace can be unloaded cleanly ... OK
* checking dependencies in R code ... WARNING
'::' or ':::' imports not declared from:
'AzureStor' 'stringr'
'loadNamespace' or 'requireNamespace' call not declared from: 'AzureStor'
Missing objects imported by ':::' calls:
'AnnotationHub:::.db_connection'
'GenomicFeatures:::.makeUCSCChrominfo'
Unexported objects imported by ':::' calls:
'BiocCheck:::getParent' 'GenomeInfoDb:::check_tax_id'
'GenomeInfoDb:::fetch_species_index_from_Ensembl_FTP'
'GenomeInfoDb:::lookup_organism_by_tax_id'
'GenomeInfoDb:::lookup_tax_id_by_organism'
'GenomicFeatures:::lookup_organism_by_UCSC_genome'
See the note in ?`:::` about the use of this operator.
* checking S3 generic/method consistency ... OK
* checking replacement functions ... OK
* checking foreign function calls ... OK
* checking R code for possible problems ... NOTE
.NCBIMetadataFromUrl: no visible binding for global variable 'results'
.NCBIMetadataFromUrl: no visible binding for global variable 'specData'
.makeComplexGR: no visible binding for global variable 'seqname'
needToRerunNonStandardOrgDb: no visible binding for global variable
'results'
needToRerunNonStandardOrgDb: no visible binding for global variable
'specData'
oldAWSS3_needToRerunNonStandardOrgDb: no visible binding for global
variable 'results'
oldAWSS3_needToRerunNonStandardOrgDb: no visible binding for global
variable 'specData'
trackWithAuxiliaryTablesToGRanges: no visible binding for global
variable 'seqname'
Undefined global functions or variables:
results seqname specData
* checking Rd files ... OK
* checking Rd metadata ... OK
* checking Rd cross-references ... OK
* checking for missing documentation entries ... OK
* checking for code/documentation mismatches ... OK
* checking Rd \usage sections ... OK
* checking Rd contents ... OK
* checking for unstated dependencies in examples ... OK
* checking include directives in Makefiles ... OK
* checking files in 'vignettes' ... OK
* checking examples ... OK
Examples with CPU (user + system) or elapsed time > 5s
user system elapsed
validationFunctions 53.03 0.53 53.64
* checking for unstated dependencies in 'tests' ... OK
* checking tests ...
Running 'AnnotationHubData_unit_tests.R'
OK
* checking for unstated dependencies in vignettes ... OK
* checking package vignettes in 'inst/doc' ... OK
* checking running R code from vignettes ... SKIPPED
* checking re-building of vignette outputs ... SKIPPED
* checking PDF version of manual ... OK
* DONE
Status: 1 WARNING, 1 NOTE
See
'F:/biocbuild/bbs-3.17-bioc-rtools43/meat/AnnotationHubData.Rcheck/00check.log'
for details.
AnnotationHubData.Rcheck/00install.out
############################################################################## ############################################################################## ### ### Running command: ### ### F:\biocbuild\bbs-3.17-bioc\R\bin\R.exe CMD INSTALL AnnotationHubData ### ############################################################################## ############################################################################## * installing to library 'F:/biocbuild/bbs-3.17-bioc/R/library' * installing *source* package 'AnnotationHubData' ... ** using staged installation ** R ** inst ** byte-compile and prepare package for lazy loading ** help *** installing help indices ** building package indices ** installing vignettes ** testing if installed package can be loaded from temporary location ** testing if installed package can be loaded from final location ** testing if installed package keeps a record of temporary installation path * DONE (AnnotationHubData)
AnnotationHubData.Rcheck/tests/AnnotationHubData_unit_tests.Rout
R Under development (unstable) (2022-12-25 r83502 ucrt) -- "Unsuffered Consequences"
Copyright (C) 2022 The R Foundation for Statistical Computing
Platform: x86_64-w64-mingw32/x64 (64-bit)
R is free software and comes with ABSOLUTELY NO WARRANTY.
You are welcome to redistribute it under certain conditions.
Type 'license()' or 'licence()' for distribution details.
R is a collaborative project with many contributors.
Type 'contributors()' for more information and
'citation()' on how to cite R or R packages in publications.
Type 'demo()' for some demos, 'help()' for on-line help, or
'help.start()' for an HTML browser interface to help.
Type 'q()' to quit R.
> BiocGenerics:::testPackage("AnnotationHubData")
Attaching package: 'BiocGenerics'
The following objects are masked from 'package:stats':
IQR, mad, sd, var, xtabs
The following objects are masked from 'package:base':
Filter, Find, Map, Position, Reduce, anyDuplicated, aperm, append,
as.data.frame, basename, cbind, colnames, dirname, do.call,
duplicated, eval, evalq, get, grep, grepl, intersect, is.unsorted,
lapply, mapply, match, mget, order, paste, pmax, pmax.int, pmin,
pmin.int, rank, rbind, rownames, sapply, setdiff, sort, table,
tapply, union, unique, unsplit, which.max, which.min
Attaching package: 'S4Vectors'
The following objects are masked from 'package:base':
I, expand.grid, unname
Attaching package: 'IRanges'
The following object is masked from 'package:grDevices':
windows
INFO [2022-12-28 21:38:14] Preparer Class: ChEAImportPreparer
complete!
INFO [2022-12-28 21:38:14] Preparer Class: EncodeImportPreparer
getting file info: wgEncodeAffyRnaChipFiltTransfragsGm12878CellTotal.broadPeak.gz
getting file info: wgEncodeAffyRnaChipFiltTransfragsGm12878CytosolLongnonpolya.broadPeak.gz
getting file info: wgEncodeAffyRnaChipFiltTransfragsGm12878CytosolLongpolya.broadPeak.gz
getting file info: wgEncodeAffyRnaChipFiltTransfragsGm12878NucleolusTotal.broadPeak.gz
getting file info: wgEncodeAffyRnaChipFiltTransfragsGm12878NucleusLongnonpolya.broadPeak.gz
complete!
INFO [2022-12-28 21:38:16] Preparer Class: EnsemblGtfImportPreparer
ftp://ftp.ensembl.org/pub/release-96/gtf/acanthochromis_polyacanthus/
ftp://ftp.ensembl.org/pub/release-96/gtf/ailuropoda_melanoleuca/
acanthochromis_polyacanthus
acanthochromis_polyacanthus
ailuropoda_melanoleuca
ailuropoda_melanoleuca
acanthochromis_polyacanthus
acanthochromis_polyacanthus
ailuropoda_melanoleuca
ailuropoda_melanoleuca
complete!
INFO [2022-12-28 21:38:22] Preparer Class: EnsemblGtfImportPreparer
ftp://ftp.ensembl.org/pub/release-85/gtf/ailuropoda_melanoleuca/
ftp://ftp.ensembl.org/pub/release-85/gtf/anas_platyrhynchos/
INFO [2022-12-28 21:38:27] Preparer Class: EnsemblTwoBitPreparer
acanthochromis_polyacanthus
acanthochromis_polyacanthus
acanthochromis_polyacanthus
acanthochromis_polyacanthus
ailuropoda_melanoleuca
acanthochromis_polyacanthus
acanthochromis_polyacanthus
acanthochromis_polyacanthus
acanthochromis_polyacanthus
ailuropoda_melanoleuca
complete!
INFO [2022-12-28 21:38:45] Preparer Class: EnsemblTwoBitPreparer
INFO [2022-12-28 21:38:59] Preparer Class: Grasp2ImportPreparer
complete!
INFO [2022-12-28 21:38:59] Preparer Class: NCBIImportPreparer
looking up value for: 4565
looking up value for: 3708
looking up value for: 3818
looking up value for: 106335
looking up value for: 274614
looking up value for: 85692
AzureStor not installed.
Regenerating all files
Processing 11 files.
complete!
INFO [2022-12-28 21:39:07] Preparer Class: RefNetImportPreparer
complete!
INFO [2022-12-28 21:39:07] Preparer Class: dbSNPVCFPreparer
ftp://ftp.ncbi.nlm.nih.gov/pub/clinvar/vcf_GRCh37/archive_1.0/2016/
complete!
Found invalid DispatchClass.
[1] "somethingNotThere"
For currently available DispatchClass run
'AnnotationHub::DispatchClassList()'
Found invalid DispatchClass.
[1] "somethingNotThere"
For currently available DispatchClass run
'AnnotationHub::DispatchClassList()'
Loading valid species information.
ftp://ftp.ensembl.org/pub/release-98/gtf/homo_sapiens/
ftp://ftp.ensembl.org/pub/release-98/gtf/homo_sapiens/
ftp://ftp.ensembl.org/pub/release-98/gtf/homo_sapiens/
RUNIT TEST PROTOCOL -- Wed Dec 28 21:40:24 2022
***********************************************
Number of test functions: 23
Number of errors: 0
Number of failures: 0
1 Test Suite :
AnnotationHubData RUnit Tests - 23 test functions, 0 errors, 0 failures
Number of test functions: 23
Number of errors: 0
Number of failures: 0
>
> proc.time()
user system elapsed
88.73 1.35 163.20
AnnotationHubData.Rcheck/AnnotationHubData-Ex.timings
| name | user | system | elapsed | |
| AnnotationHubMetadata-class | 0 | 0 | 0 | |
| ImportPreparer-class | 0 | 0 | 0 | |
| makeAnnotationHubMetadata | 0 | 0 | 0 | |
| makeEnsemblFasta | 0 | 0 | 0 | |
| makeGencodeFasta | 0 | 0 | 0 | |
| makeStandardOrgDbs | 0 | 0 | 0 | |
| updateResources | 0 | 0 | 0 | |
| upload_to_S3 | 0 | 0 | 0 | |
| upload_to_azure | 0 | 0 | 0 | |
| validationFunctions | 53.03 | 0.53 | 53.64 | |