| Back to Mac ARM64 build report for BioC 3.17 |
|
This page was generated on 2023-10-20 09:38:14 -0400 (Fri, 20 Oct 2023).
| Hostname | OS | Arch (*) | R version | Installed pkgs |
|---|---|---|---|---|
| kjohnson2 | macOS 12.6.1 Monterey | arm64 | 4.3.1 (2023-06-16) -- "Beagle Scouts" | 4347 |
| Click on any hostname to see more info about the system (e.g. compilers) (*) as reported by 'uname -p', except on Windows and Mac OS X | ||||
| Package 2189/2230 | Hostname | OS / Arch | INSTALL | BUILD | CHECK | BUILD BIN | ||||||||
| velociraptor 1.10.0 (landing page) Kevin Rue-Albrecht
| kjohnson2 | macOS 12.6.1 Monterey / arm64 | OK | ERROR | skipped | skipped | ||||||||
|
To the developers/maintainers of the velociraptor package: - Use the following Renviron settings to reproduce errors and warnings. - If 'R CMD check' started to fail recently on the Linux builder(s) over a missing dependency, add the missing dependency to 'Suggests:' in your DESCRIPTION file. See Renviron.bioc for more information. |
| Package: velociraptor |
| Version: 1.10.0 |
| Command: /Library/Frameworks/R.framework/Resources/bin/R CMD build --keep-empty-dirs --no-resave-data velociraptor |
| StartedAt: 2023-10-17 00:25:50 -0400 (Tue, 17 Oct 2023) |
| EndedAt: 2023-10-17 00:31:57 -0400 (Tue, 17 Oct 2023) |
| EllapsedTime: 367.3 seconds |
| RetCode: 1 |
| Status: ERROR |
| PackageFile: None |
| PackageFileSize: NA |
##############################################################################
##############################################################################
###
### Running command:
###
### /Library/Frameworks/R.framework/Resources/bin/R CMD build --keep-empty-dirs --no-resave-data velociraptor
###
##############################################################################
##############################################################################
* checking for file ‘velociraptor/DESCRIPTION’ ... OK
* preparing ‘velociraptor’:
* checking DESCRIPTION meta-information ... OK
* installing the package to build vignettes
* creating vignettes ... ERROR
--- re-building ‘velociraptor.Rmd’ using rmarkdown
Collecting package metadata (current_repodata.json): ...working... done
Solving environment: ...working... failed with repodata from current_repodata.json, will retry with next repodata source.
Collecting package metadata (repodata.json): ...working... done
Solving environment: ...working... done
## Package Plan ##
environment location: /Users/biocbuild/Library/Caches/org.R-project.R/R/basilisk/1.12.1/velociraptor/1.10.0/env
added / updated specs:
- python=3.8.13
The following NEW packages will be INSTALLED:
bzip2 conda-forge/osx-arm64::bzip2-1.0.8-h3422bc3_4
ca-certificates conda-forge/osx-arm64::ca-certificates-2023.7.22-hf0a4a13_0
libffi conda-forge/osx-arm64::libffi-3.4.2-h3422bc3_5
libsqlite conda-forge/osx-arm64::libsqlite-3.43.2-h091b4b1_0
libzlib conda-forge/osx-arm64::libzlib-1.2.13-h53f4e23_5
ncurses conda-forge/osx-arm64::ncurses-6.4-h7ea286d_0
openssl conda-forge/osx-arm64::openssl-3.1.3-h53f4e23_0
pip conda-forge/noarch::pip-23.3-pyhd8ed1ab_0
python conda-forge/osx-arm64::python-3.8.13-hd3575e6_0_cpython
readline conda-forge/osx-arm64::readline-8.2-h92ec313_1
setuptools conda-forge/noarch::setuptools-68.2.2-pyhd8ed1ab_0
sqlite conda-forge/osx-arm64::sqlite-3.43.2-hf2abe2d_0
tk conda-forge/osx-arm64::tk-8.6.13-hb31c410_0
wheel conda-forge/noarch::wheel-0.41.2-pyhd8ed1ab_0
xz conda-forge/osx-arm64::xz-5.2.6-h57fd34a_0
Preparing transaction: ...working... done
Verifying transaction: ...working... done
Executing transaction: ...working... done
Collecting package metadata (current_repodata.json): ...working... done
Solving environment: ...working... done
## Package Plan ##
environment location: /Users/biocbuild/Library/Caches/org.R-project.R/R/basilisk/1.12.1/velociraptor/1.10.0/env
added / updated specs:
- python=3.8.13
The following packages will be UPDATED:
ca-certificates conda-forge::ca-certificates-2023.7.2~ --> pkgs/main::ca-certificates-2023.08.22-hca03da5_0
The following packages will be SUPERSEDED by a higher-priority channel:
openssl conda-forge::openssl-3.1.3-h53f4e23_0 --> pkgs/main::openssl-3.0.11-h1a28f6b_2
Preparing transaction: ...working... done
Verifying transaction: ...working... done
Executing transaction: ...working... done
==> WARNING: A newer version of conda exists. <==
current version: 4.12.0
latest version: 23.9.0
Please update conda by running
$ conda update -n base -c defaults conda
Collecting package metadata (current_repodata.json): ...working... done
Solving environment: ...working... failed with initial frozen solve. Retrying with flexible solve.
Collecting package metadata (repodata.json): ...working... WARNING conda.models.version:get_matcher(535): Using .* with relational operator is superfluous and deprecated and will be removed in a future version of conda. Your spec was 1.9.0.*, but conda is ignoring the .* and treating it as 1.9.0
WARNING conda.models.version:get_matcher(535): Using .* with relational operator is superfluous and deprecated and will be removed in a future version of conda. Your spec was 1.8.0.*, but conda is ignoring the .* and treating it as 1.8.0
done
Solving environment: ...working... failed with initial frozen solve. Retrying with flexible solve.
PackagesNotFoundError: The following packages are not available from current channels:
- numexpr=2.7.1
- pandas=1.1.2
- cffi=1.14.1
- numba=0.51.2
- pillow=7.2.0
- numpy=1.19.1
- llvmlite=0.34.0
- kiwisolver=1.2.0
- stdlib-list=0.6.0
- statsmodels=0.12.0
- anndata=0.7.4
- umap-learn=0.4.6
- tornado=6.0.4
- matplotlib=3.3.1
Current channels:
- https://conda.anaconda.org/bioconda/osx-arm64
- https://conda.anaconda.org/bioconda/noarch
- https://conda.anaconda.org/conda-forge/osx-arm64
- https://conda.anaconda.org/conda-forge/noarch
- https://repo.anaconda.com/pkgs/main/osx-arm64
- https://repo.anaconda.com/pkgs/main/noarch
- https://repo.anaconda.com/pkgs/r/osx-arm64
- https://repo.anaconda.com/pkgs/r/noarch
To search for alternate channels that may provide the conda package you're
looking for, navigate to
https://anaconda.org
and use the search bar at the top of the page.
Quitting from lines 70-73 [unnamed-chunk-5] (velociraptor.Rmd)
Error: processing vignette 'velociraptor.Rmd' failed with diagnostics:
one or more Python packages failed to install [error code 1]
--- failed re-building ‘velociraptor.Rmd’
SUMMARY: processing the following file failed:
‘velociraptor.Rmd’
Error: Vignette re-building failed.
Execution halted