| Back to Mac ARM64 build report for BioC 3.17 | 
  | 
This page was generated on 2023-10-20 09:38:10 -0400 (Fri, 20 Oct 2023).
| Hostname | OS | Arch (*) | R version | Installed pkgs | 
|---|---|---|---|---|
| kjohnson2 | macOS 12.6.1 Monterey | arm64 | 4.3.1 (2023-06-16) -- "Beagle Scouts" | 4347 | 
| Click on any hostname to see more info about the system (e.g. compilers) (*) as reported by 'uname -p', except on Windows and Mac OS X | ||||
| Package 1691/2230 | Hostname | OS / Arch | INSTALL | BUILD | CHECK | BUILD BIN | ||||||||
| restfulSE 1.22.0  (landing page) Shweta Gopaulakrishnan 
  | kjohnson2 | macOS 12.6.1 Monterey / arm64 | OK | ERROR | skipped | skipped | ||||||||
| 
To the developers/maintainers of the restfulSE package: - Use the following Renviron settings to reproduce errors and warnings. - If 'R CMD check' started to fail recently on the Linux builder(s) over a missing dependency, add the missing dependency to 'Suggests:' in your DESCRIPTION file. See Renviron.bioc for more information.  | 
| Package: restfulSE | 
| Version: 1.22.0 | 
| Command: /Library/Frameworks/R.framework/Resources/bin/R CMD build --keep-empty-dirs --no-resave-data restfulSE | 
| StartedAt: 2023-10-16 16:22:47 -0400 (Mon, 16 Oct 2023) | 
| EndedAt: 2023-10-16 16:24:07 -0400 (Mon, 16 Oct 2023) | 
| EllapsedTime: 80.7 seconds | 
| RetCode: 1 | 
| Status: ERROR | 
| PackageFile: None | 
| PackageFileSize: NA | 
############################################################################## ############################################################################## ### ### Running command: ### ### /Library/Frameworks/R.framework/Resources/bin/R CMD build --keep-empty-dirs --no-resave-data restfulSE ### ############################################################################## ############################################################################## * checking for file ‘restfulSE/DESCRIPTION’ ... OK * preparing ‘restfulSE’: * checking DESCRIPTION meta-information ... OK * installing the package to build vignettes * creating vignettes ... ERROR --- re-building ‘restfulSE.Rmd’ using rmarkdown Quitting from lines 51-54 [do10x] (restfulSE.Rmd) Error: processing vignette 'restfulSE.Rmd' failed with diagnostics: error in evaluating the argument 'seed' in selecting a method for function 'DelayedArray': error in evaluating the argument 'x' in selecting a method for function 'which': undefined columns selected --- failed re-building ‘restfulSE.Rmd’ SUMMARY: processing the following file failed: ‘restfulSE.Rmd’ Error: Vignette re-building failed. Execution halted